{"id":699629,"date":"2025-08-27T14:52:07","date_gmt":"2025-08-27T11:52:07","guid":{"rendered":"https:\/\/roveyayinevi.com.tr\/index.php\/urun\/yolun-sonundaki-okyanus\/"},"modified":"2026-03-23T02:10:12","modified_gmt":"2026-03-22T23:10:12","slug":"yolun-sonundaki-okyanus","status":"publish","type":"product","link":"https:\/\/roveyayinevi.com.tr\/index.php\/urun\/yolun-sonundaki-okyanus\/","title":{"rendered":"Yolun Sonundaki Okyanus"},"content":{"rendered":"<p>Orta ya\u015fl\u0131 bir adam, ald\u0131\u011f\u0131 bir cenaze haberinin \u00fczerine \u00e7ocuklu\u011funun ge\u00e7ti\u011fi eve d\u00f6nd\u00fc. Ya\u015fad\u0131\u011f\u0131 evin yerinde yeller esiyordu. Fakat yolun sonundaki \u00e7iftlik h\u00e2l\u00e2 yerindeydi. Adam, hen\u00fcz yedi ya\u015f\u0131ndayken orada bir k\u0131zla kar\u015f\u0131la\u015fm\u0131\u015ft\u0131. Tan\u0131d\u0131\u011f\u0131 en ilgin\u00e7 k\u0131zla. Lettie Hempstock. Adam y\u0131llard\u0131r k\u0131z\u0131 d\u00fc\u015f\u00fcnmemi\u015fti ama o g\u00fcn, Lettie\u2019nin k\u00fc\u00e7\u00fckken bir okyanus oldu\u011funu iddia etti\u011fi g\u00f6l\u00fcn kenar\u0131nda otururken ge\u00e7mi\u015fin hat\u0131rlanmayan k\u0131s\u0131mlar\u0131 geri d\u00f6nd\u00fc. \u00d6yle bir ge\u00e7mi\u015fti ki bu, k\u00fc\u00e7\u00fck bir \u00e7ocu\u011fun asla ya\u015famamas\u0131 gereken tuhafl\u0131klarla, korkularla ve tehlikelerle doluydu. K\u0131rk y\u0131l \u00f6nce yolun sonundaki bu \u00e7iftlikte, bir adam, \u00e7al\u0131nt\u0131 arabas\u0131n\u0131n i\u00e7inde intihar etmi\u015fti. O andan itibaren, k\u00fc\u00e7\u00fck bir \u00e7ocu\u011fun akl\u0131n\u0131n almayaca\u011f\u0131, korkun\u00e7 bir karanl\u0131k serbest kalm\u0131\u015ft\u0131. <\/p>\n","protected":false},"excerpt":{"rendered":"<p>Orta ya\u015fl\u0131 bir adam, ald\u0131\u011f\u0131 bir cenaze haberinin \u00fczerine \u00e7ocuklu\u011funun ge\u00e7ti\u011fi eve d\u00f6nd\u00fc. Ya\u015fad\u0131\u011f\u0131 evin yerinde yeller esiyordu. Fakat yolun sonundaki \u00e7iftlik h\u00e2l\u00e2 yerindeydi. Adam, hen\u00fcz<span class=\"excerpt-hellip\"> [\u2026]<\/span><\/p>\n","protected":false},"featured_media":0,"template":"","meta":{"_monsterinsights_skip_tracking":false,"_monsterinsights_sitenote_active":false,"_monsterinsights_sitenote_note":"","_monsterinsights_sitenote_category":0},"product_brand":[],"product_cat":[12291,12866],"product_tag":[],"class_list":{"0":"post-699629","1":"product","2":"type-product","3":"status-publish","5":"product_cat-edebiyat","6":"product_cat-ingiliz-edebiyati","7":"pa_cilt-ciltsiz","8":"pa_tur-kitap","9":"pa_yayinevi-ithaki-yayinlari","10":"pa_yazar-neil-gaiman","12":"first","13":"instock","14":"sale","15":"shipping-taxable","16":"purchasable","17":"product-type-simple"},"_links":{"self":[{"href":"https:\/\/roveyayinevi.com.tr\/index.php\/wp-json\/wp\/v2\/product\/699629","targetHints":{"allow":["GET"]}}],"collection":[{"href":"https:\/\/roveyayinevi.com.tr\/index.php\/wp-json\/wp\/v2\/product"}],"about":[{"href":"https:\/\/roveyayinevi.com.tr\/index.php\/wp-json\/wp\/v2\/types\/product"}],"wp:attachment":[{"href":"https:\/\/roveyayinevi.com.tr\/index.php\/wp-json\/wp\/v2\/media?parent=699629"}],"wp:term":[{"taxonomy":"product_brand","embeddable":true,"href":"https:\/\/roveyayinevi.com.tr\/index.php\/wp-json\/wp\/v2\/product_brand?post=699629"},{"taxonomy":"product_cat","embeddable":true,"href":"https:\/\/roveyayinevi.com.tr\/index.php\/wp-json\/wp\/v2\/product_cat?post=699629"},{"taxonomy":"product_tag","embeddable":true,"href":"https:\/\/roveyayinevi.com.tr\/index.php\/wp-json\/wp\/v2\/product_tag?post=699629"}],"curies":[{"name":"wp","href":"https:\/\/api.w.org\/{rel}","templated":true}]}}