{"id":699627,"date":"2025-08-27T14:52:07","date_gmt":"2025-08-27T11:52:07","guid":{"rendered":"https:\/\/roveyayinevi.com.tr\/index.php\/urun\/uyurgezerler\/"},"modified":"2025-08-31T14:06:03","modified_gmt":"2025-08-31T11:06:03","slug":"uyurgezerler","status":"publish","type":"product","link":"https:\/\/roveyayinevi.com.tr\/index.php\/urun\/uyurgezerler\/","title":{"rendered":"Uyurgezerler"},"content":{"rendered":"<p>Arthur Koestler, bilim tarihinin d\u00fcz ve s\u00fcrekli geli\u015fen bir \u00e7izgiden ziyade duraklayan, hatta zaman zaman geriye giden ama \u00f6n\u00fcnde sonunda tekrar ve tekrar geli\u015fen yolunu detayl\u0131 bir \u015fekilde bize anlat\u0131yor. Bilim adamlar\u0131 her zaman tam bir bilin\u00e7le de\u011fil ama bazen de dinin etkisindeki, \u00f6nyarg\u0131larla dolu bilin\u00e7altlar\u0131yla yol almak zorunda kald\u0131lar. Yollar\u0131 ayd\u0131nl\u0131k de\u011fildi ama onlar yollar\u0131n\u0131 bir \u015fekilde bulmay\u0131 ba\u015fard\u0131lar. Bu y\u00fczden bu kitab\u0131n ad\u0131 Uyurgezerler: \u0130nsan\u0131n De\u011fi\u015fen Evren G\u00f6r\u00fc\u015f\u00fcn\u00fcn Bir Tarihi. <\/p>\n","protected":false},"excerpt":{"rendered":"<p>Arthur Koestler, bilim tarihinin d\u00fcz ve s\u00fcrekli geli\u015fen bir \u00e7izgiden ziyade duraklayan, hatta zaman zaman geriye giden ama \u00f6n\u00fcnde sonunda tekrar ve tekrar geli\u015fen yolunu detayl\u0131<span class=\"excerpt-hellip\"> [\u2026]<\/span><\/p>\n","protected":false},"featured_media":0,"template":"","meta":{"_monsterinsights_skip_tracking":false,"_monsterinsights_sitenote_active":false,"_monsterinsights_sitenote_note":"","_monsterinsights_sitenote_category":0},"product_brand":[],"product_cat":[13005,15998],"product_tag":[],"class_list":{"0":"post-699627","1":"product","2":"type-product","3":"status-publish","5":"product_cat-bilim-muhendislik","6":"product_cat-bilim-tarihi","7":"pa_tur-kitap","8":"pa_yayinevi-phoenix-yayinevi","9":"pa_yazar-arthur-koestler","11":"first","12":"instock","13":"sale","14":"shipping-taxable","15":"purchasable","16":"product-type-simple"},"_links":{"self":[{"href":"https:\/\/roveyayinevi.com.tr\/index.php\/wp-json\/wp\/v2\/product\/699627","targetHints":{"allow":["GET"]}}],"collection":[{"href":"https:\/\/roveyayinevi.com.tr\/index.php\/wp-json\/wp\/v2\/product"}],"about":[{"href":"https:\/\/roveyayinevi.com.tr\/index.php\/wp-json\/wp\/v2\/types\/product"}],"wp:attachment":[{"href":"https:\/\/roveyayinevi.com.tr\/index.php\/wp-json\/wp\/v2\/media?parent=699627"}],"wp:term":[{"taxonomy":"product_brand","embeddable":true,"href":"https:\/\/roveyayinevi.com.tr\/index.php\/wp-json\/wp\/v2\/product_brand?post=699627"},{"taxonomy":"product_cat","embeddable":true,"href":"https:\/\/roveyayinevi.com.tr\/index.php\/wp-json\/wp\/v2\/product_cat?post=699627"},{"taxonomy":"product_tag","embeddable":true,"href":"https:\/\/roveyayinevi.com.tr\/index.php\/wp-json\/wp\/v2\/product_tag?post=699627"}],"curies":[{"name":"wp","href":"https:\/\/api.w.org\/{rel}","templated":true}]}}