{"id":699610,"date":"2025-08-27T14:52:01","date_gmt":"2025-08-27T11:52:01","guid":{"rendered":"https:\/\/roveyayinevi.com.tr\/index.php\/urun\/virginia-woolftan-yazarlik-dersleri\/"},"modified":"2026-04-16T02:08:52","modified_gmt":"2026-04-15T23:08:52","slug":"virginia-woolftan-yazarlik-dersleri","status":"publish","type":"product","link":"https:\/\/roveyayinevi.com.tr\/index.php\/urun\/virginia-woolftan-yazarlik-dersleri\/","title":{"rendered":"Virginia Woolf&#8217;tan Yazarl\u0131k Dersleri"},"content":{"rendered":"<p>\u00dcnl\u00fc \u0130ngiliz yazar Virginia Woolf\u2019un yazarl\u0131k ve yazma sanat\u0131 \u00fczerine d\u00fc\u015f\u00fcncelerinden esinlenerek bir at\u00f6lye kurgulayan Danell Jones, yedi \u00f6nemli ba\u015fl\u0131kta, yazarl\u0131k i\u00e7in heyecan ta\u015f\u0131yanlara yol g\u00f6sterecek bir rehber sunuyor. Yazar adaylar\u0131na disiplinli olmay\u0131 \u00f6\u011f\u00fctleyerek onlar\u0131 motive ediyor. Her b\u00f6l\u00fcm\u00fcn sonunda Woolf\u2019un kendi yaz\u0131 al\u0131\u015ft\u0131rmalar\u0131ndan se\u00e7ti\u011fi \u00f6rneklerle tavsiyelerini destekliyor. Virginia Woolf\u2019un g\u00fcnl\u00fckleri, kurgusal metinleri ve denemelerinden \u00f6zel al\u0131nt\u0131larla, incelikle kurgulanan eser, Woolf\u2019u ger\u00e7ek bir s\u0131n\u0131fta, ders anlat\u0131rken hayal etme f\u0131rsat\u0131 sunuyor okura. D\u00fcnya edebiyat\u0131na y\u00f6n vermi\u015f bir kalemin izinde; yazmak ve yaratmak \u00fczerine yol g\u00f6steren Virginia Woolf\u2019tan Yazarl\u0131k Dersleri, g\u00f6zden ge\u00e7irilmi\u015f yeni bask\u0131s\u0131yla \u201ckendine ait bir oda\u201dn\u0131n kap\u0131s\u0131n\u0131 aral\u0131yor. <\/p>\n","protected":false},"excerpt":{"rendered":"<p>\u00dcnl\u00fc \u0130ngiliz yazar Virginia Woolf\u2019un yazarl\u0131k ve yazma sanat\u0131 \u00fczerine d\u00fc\u015f\u00fcncelerinden esinlenerek bir at\u00f6lye kurgulayan Danell Jones, yedi \u00f6nemli ba\u015fl\u0131kta, yazarl\u0131k i\u00e7in heyecan ta\u015f\u0131yanlara yol g\u00f6sterecek<span class=\"excerpt-hellip\"> [\u2026]<\/span><\/p>\n","protected":false},"featured_media":0,"template":"","meta":{"_monsterinsights_skip_tracking":false,"_monsterinsights_sitenote_active":false,"_monsterinsights_sitenote_note":"","_monsterinsights_sitenote_category":0},"product_brand":[],"product_cat":[12777,12291],"product_tag":[],"class_list":{"0":"post-699610","1":"product","2":"type-product","3":"status-publish","5":"product_cat-deneme","6":"product_cat-edebiyat","7":"pa_cilt-ciltsiz","8":"pa_tur-kitap","9":"pa_yayinevi-timas-yayinlari","10":"pa_yazar-danell-jones","12":"first","13":"instock","14":"sale","15":"shipping-taxable","16":"purchasable","17":"product-type-simple"},"_links":{"self":[{"href":"https:\/\/roveyayinevi.com.tr\/index.php\/wp-json\/wp\/v2\/product\/699610","targetHints":{"allow":["GET"]}}],"collection":[{"href":"https:\/\/roveyayinevi.com.tr\/index.php\/wp-json\/wp\/v2\/product"}],"about":[{"href":"https:\/\/roveyayinevi.com.tr\/index.php\/wp-json\/wp\/v2\/types\/product"}],"wp:attachment":[{"href":"https:\/\/roveyayinevi.com.tr\/index.php\/wp-json\/wp\/v2\/media?parent=699610"}],"wp:term":[{"taxonomy":"product_brand","embeddable":true,"href":"https:\/\/roveyayinevi.com.tr\/index.php\/wp-json\/wp\/v2\/product_brand?post=699610"},{"taxonomy":"product_cat","embeddable":true,"href":"https:\/\/roveyayinevi.com.tr\/index.php\/wp-json\/wp\/v2\/product_cat?post=699610"},{"taxonomy":"product_tag","embeddable":true,"href":"https:\/\/roveyayinevi.com.tr\/index.php\/wp-json\/wp\/v2\/product_tag?post=699610"}],"curies":[{"name":"wp","href":"https:\/\/api.w.org\/{rel}","templated":true}]}}