{"id":699578,"date":"2025-08-27T14:51:51","date_gmt":"2025-08-27T11:51:51","guid":{"rendered":"https:\/\/roveyayinevi.com.tr\/index.php\/urun\/deyimler-ve-atasozleri-sozlugu-2\/"},"modified":"2026-04-16T02:08:51","modified_gmt":"2026-04-15T23:08:51","slug":"deyimler-ve-atasozleri-sozlugu-2","status":"publish","type":"product","link":"https:\/\/roveyayinevi.com.tr\/index.php\/urun\/deyimler-ve-atasozleri-sozlugu-2\/","title":{"rendered":"Deyimler ve Atas\u00f6zleri S\u00f6zl\u00fc\u011f\u00fc"},"content":{"rendered":"<p>Zehra han\u0131mNe halin varsa g\u00f6r diye ba\u011f\u0131rd\u0131. O\u011flum deli mal\u0131 neylesin o\u011flum ak\u0131ll\u0131 mal\u0131 neylesin dedik ba\u015f\u0131m\u0131za gelmeyen kalmad\u0131. G\u00f6z\u00fcm a\u00e7\u0131ld\u0131 art\u0131k. E\u015fek e\u015fekken \u00e7amura birkere \u00e7\u00f6kermi\u015f&#8230;. Rahmetli babac\u0131\u011f\u0131n\u0131z sa\u011f olsayd\u0131 da bana etliklerinizi g\u00f6rseydi&#8230; Bask\u0131s\u0131z yongay\u0131 yel al\u0131r sahipsiz tarlay\u0131 el al\u0131rm\u0131\u015fOrhan HAN\u00c7ERL\u0130O\u011eLU Bordomuza Vuran Deniz s. 17Her zaman kedi gibi d\u00f6rt aya\u011f\u0131n\u0131n \u00fcst\u00fcne d\u00fc\u015fen zeytin ya\u011f\u0131 gibi suyun \u00fcst\u00fcne \u00e7\u0131kan hilekar lilki yap\u0131l\u0131 Re\u015fit bu sefer hokkan\u0131n alt\u0131na m\u0131 girmi\u015ftiOrhan KEMAL Vukual Var s. 138Gerek konu\u015fmalar\u0131m\u0131zda ya da yazd\u0131 klan m\u0131zda deyim ve atas\u00f6z\u00fc kullanmak bir e\u011filim bir gereksinimdir. Bu gereksinimi lam olarak kar\u015f\u0131layabilmek i\u00e7in atas\u00f6zlerini ve deyimleri iyi tan\u0131mak anlam\u0131n\u0131 i\u015fledi\u011fi konuyu iyi bilmek deyim ve at lerini yerli yerinde kullanmak gerekir<\/p>\n","protected":false},"excerpt":{"rendered":"<p>Zehra han\u0131mNe halin varsa g\u00f6r diye ba\u011f\u0131rd\u0131. O\u011flum deli mal\u0131 neylesin o\u011flum ak\u0131ll\u0131 mal\u0131 neylesin dedik ba\u015f\u0131m\u0131za gelmeyen kalmad\u0131. G\u00f6z\u00fcm a\u00e7\u0131ld\u0131 art\u0131k. E\u015fek e\u015fekken \u00e7amura birkere<span class=\"excerpt-hellip\"> [\u2026]<\/span><\/p>\n","protected":false},"featured_media":0,"template":"","meta":{"_monsterinsights_skip_tracking":false,"_monsterinsights_sitenote_active":false,"_monsterinsights_sitenote_note":"","_monsterinsights_sitenote_category":0},"product_brand":[],"product_cat":[19532,12566,13611],"product_tag":[],"class_list":{"0":"post-699578","1":"product","2":"type-product","3":"status-publish","5":"product_cat-atasozleri-deyimler-ve-terimleri-sozlugu","6":"product_cat-egitim","7":"product_cat-sozlukler-ve-konusma-kilavuzlari","8":"pa_cilt-ciltsiz","9":"pa_tur-kitap","10":"pa_yayinevi-evrensel-iletisim-yayinlari","11":"pa_yazar-rustu-aydogan","13":"first","14":"instock","15":"sale","16":"shipping-taxable","17":"purchasable","18":"product-type-simple"},"_links":{"self":[{"href":"https:\/\/roveyayinevi.com.tr\/index.php\/wp-json\/wp\/v2\/product\/699578","targetHints":{"allow":["GET"]}}],"collection":[{"href":"https:\/\/roveyayinevi.com.tr\/index.php\/wp-json\/wp\/v2\/product"}],"about":[{"href":"https:\/\/roveyayinevi.com.tr\/index.php\/wp-json\/wp\/v2\/types\/product"}],"wp:attachment":[{"href":"https:\/\/roveyayinevi.com.tr\/index.php\/wp-json\/wp\/v2\/media?parent=699578"}],"wp:term":[{"taxonomy":"product_brand","embeddable":true,"href":"https:\/\/roveyayinevi.com.tr\/index.php\/wp-json\/wp\/v2\/product_brand?post=699578"},{"taxonomy":"product_cat","embeddable":true,"href":"https:\/\/roveyayinevi.com.tr\/index.php\/wp-json\/wp\/v2\/product_cat?post=699578"},{"taxonomy":"product_tag","embeddable":true,"href":"https:\/\/roveyayinevi.com.tr\/index.php\/wp-json\/wp\/v2\/product_tag?post=699578"}],"curies":[{"name":"wp","href":"https:\/\/api.w.org\/{rel}","templated":true}]}}