{"id":699559,"date":"2025-08-27T14:51:45","date_gmt":"2025-08-27T11:51:45","guid":{"rendered":"https:\/\/roveyayinevi.com.tr\/index.php\/urun\/insan-ve-devlet\/"},"modified":"2026-04-16T02:08:50","modified_gmt":"2026-04-15T23:08:50","slug":"insan-ve-devlet","status":"publish","type":"product","link":"https:\/\/roveyayinevi.com.tr\/index.php\/urun\/insan-ve-devlet\/","title":{"rendered":"\u0130nsan ve Devlet"},"content":{"rendered":"<p>Bir kitap, ya sorular sormal\u0131 ya da yan\u0131tlar vermelidir. \u00d6zellikle de birey ve toplumun daha \u00e7ok ger\u00e7eklere ihtiya\u00e7 duydu\u011fu, sisli ve yar\u0131 karanl\u0131k d\u00f6nemlerden ge\u00e7erken&#8230; Elinizdeki kitap, insan, devlet, politik liderlik, demokrasi konular\u0131n\u0131 evrensel olarak inceledikten sonra, T\u00fcrkiye\u2019de devlet, cumhuriyet ve demokrasi anlay\u0131\u015f\u0131 ile bug\u00fcn ya\u015fanan T\u00fcrkiye\u2019yi yorumlay\u0131p de\u011ferlendirmektedir. T\u00fcrk ulusu ve devletine y\u00f6nelik \u00f6ncelikli tehlike olarak k\u0131ymetlendirilen; P KK\u2019n\u0131n silahl\u0131 g\u00fcc\u00fc ve siyasal geli\u015fimi, Ortado\u011fu\u2019da y\u00fcr\u00fct\u00fclen emperyalizm ve Avrupa Birli\u011fi ile Kuzey Irak\u2019taki K\u00fcrt devleti giri\u015fimi, din istismarc\u0131l\u0131\u011f\u0131 ve dinin siyasalla\u015fmas\u0131 ayr\u0131ca ele al\u0131nmaktad\u0131r. Eserin, \u0130leri, Daha \u0130leri, Ama Nas\u0131l? b\u00f6l\u00fcm\u00fc ise ferdin ve toplumun d\u00fc\u015f\u00fcnce, fikir ve hareketlerinin nas\u0131l olmas\u0131 gerekti\u011fini a\u00e7\u0131klamaktad\u0131r. Bir \u015fey yapmaya karar verdi\u011fin g\u00fcn, \u015fansl\u0131 g\u00fcndesin demektir!&#8230; \ufffcTan\u0131t\u0131m Metni<\/p>\n","protected":false},"excerpt":{"rendered":"<p>Bir kitap, ya sorular sormal\u0131 ya da yan\u0131tlar vermelidir. \u00d6zellikle de birey ve toplumun daha \u00e7ok ger\u00e7eklere ihtiya\u00e7 duydu\u011fu, sisli ve yar\u0131 karanl\u0131k d\u00f6nemlerden ge\u00e7erken&#8230; Elinizdeki<span class=\"excerpt-hellip\"> [\u2026]<\/span><\/p>\n","protected":false},"featured_media":0,"template":"","meta":{"_monsterinsights_skip_tracking":false,"_monsterinsights_sitenote_active":false,"_monsterinsights_sitenote_note":"","_monsterinsights_sitenote_category":0},"product_brand":[],"product_cat":[12337,14706],"product_tag":[],"class_list":{"0":"post-699559","1":"product","2":"type-product","3":"status-publish","5":"product_cat-politika-siyaset","6":"product_cat-siyaset-bilimi","7":"pa_cilt-ciltsiz","8":"pa_tur-kitap","9":"pa_yayinevi-inkilap-kitabevi","10":"pa_yazar-osman-pamukoglu","12":"first","13":"instock","14":"sale","15":"shipping-taxable","16":"purchasable","17":"product-type-simple"},"_links":{"self":[{"href":"https:\/\/roveyayinevi.com.tr\/index.php\/wp-json\/wp\/v2\/product\/699559","targetHints":{"allow":["GET"]}}],"collection":[{"href":"https:\/\/roveyayinevi.com.tr\/index.php\/wp-json\/wp\/v2\/product"}],"about":[{"href":"https:\/\/roveyayinevi.com.tr\/index.php\/wp-json\/wp\/v2\/types\/product"}],"wp:attachment":[{"href":"https:\/\/roveyayinevi.com.tr\/index.php\/wp-json\/wp\/v2\/media?parent=699559"}],"wp:term":[{"taxonomy":"product_brand","embeddable":true,"href":"https:\/\/roveyayinevi.com.tr\/index.php\/wp-json\/wp\/v2\/product_brand?post=699559"},{"taxonomy":"product_cat","embeddable":true,"href":"https:\/\/roveyayinevi.com.tr\/index.php\/wp-json\/wp\/v2\/product_cat?post=699559"},{"taxonomy":"product_tag","embeddable":true,"href":"https:\/\/roveyayinevi.com.tr\/index.php\/wp-json\/wp\/v2\/product_tag?post=699559"}],"curies":[{"name":"wp","href":"https:\/\/api.w.org\/{rel}","templated":true}]}}