{"id":699544,"date":"2025-08-27T14:51:41","date_gmt":"2025-08-27T11:51:41","guid":{"rendered":"https:\/\/roveyayinevi.com.tr\/index.php\/urun\/sosyolojinin-neligi-nilgun-celebi-ile-sosyoloji-sozcugunun-soykutugune-uzanmak\/"},"modified":"2026-04-16T02:08:50","modified_gmt":"2026-04-15T23:08:50","slug":"sosyolojinin-neligi-nilgun-celebi-ile-sosyoloji-sozcugunun-soykutugune-uzanmak","status":"publish","type":"product","link":"https:\/\/roveyayinevi.com.tr\/index.php\/urun\/sosyolojinin-neligi-nilgun-celebi-ile-sosyoloji-sozcugunun-soykutugune-uzanmak\/","title":{"rendered":"Sosyolojinin Neli\u011fi (Nilg\u00fcn \u00c7elebi ile Sosyoloji S\u00f6zc\u00fc\u011f\u00fcn\u00fcn Soyk\u00fct\u00fc\u011f\u00fcne Uzanmak)"},"content":{"rendered":"<p>Sosyolojinin Neli\u011fi isimli bu kitap, sosyolojik kavramlar\u0131 tan\u0131tan bir &#8220;sosyolojiye giri\u015f&#8221; \u00e7al\u0131\u015fmas\u0131 de\u011fildir; aksine sosyolojinin neli\u011fini, mant\u0131\u011f\u0131n\u0131, ruhunu sorgulama iddias\u0131 ta\u015f\u0131yan, sosyolojinin m\u00fcphemli\u011fini ve sorunlu bir bilim oldu\u011fu ger\u00e7e\u011fini kendisine dert edinen bir ara\u015ft\u0131rmad\u0131r. Bu metinde, Bat\u0131 sosyolojisinin \u00f6nde gelen simalar\u0131 (Auguste Comte, Max Weber, Georg Simmel, Emile Durkheim, Vilfredo Pareto, Alain Touraine, Immanuel Wallerstein, Bryan Stanley Turner ve Anthony Giddens gibi) ile T\u00fcrk sosyolojisinin g\u00f6zde isimlerinin (Ziya G\u00f6kalp, Prens Sabahattin, Sabri Fehmi \u00dclgener, M\u00fcbeccel Belik K\u0131ray, \u015eerif Mardin, Emre Kongar ve Nil\u00fcfer G\u00f6le) sosyoloji s\u00f6zc\u00fc\u011f\u00fcn\u00fcn neli\u011fi ve soyk\u00fct\u00fc\u011f\u00fc konusunu net bir bi\u00e7imde ortaya koyamad\u0131klar\u0131, yaln\u0131zca \u00f6zg\u00fcn ve evrensel sosyologumuz olan Nilg\u00fcn \u00c7elebi&#8217;nin bu konuya do\u011fru odakland\u0131\u011f\u0131 g\u00f6zler \u00f6n\u00fcne serilmeye \u00e7al\u0131\u015f\u0131lm\u0131\u015ft\u0131r. Yap\u0131tta, Nilg\u00fcn \u00c7elebi&#8217;nin sosyoloji s\u00f6zc\u00fc\u011f\u00fcn\u00fcn arkeolojisini ortaya \u00e7\u0131karmak i\u00e7in geni\u015f \u00f6l\u00e7ekli bir kaz\u0131 \u00e7al\u0131\u015fmas\u0131na giri\u015fti\u011fi, bu kaz\u0131lar\u0131n\u0131n sonucunda &#8220;sosyolojinin konusu, toplumdur&#8221;, &#8220;sosyoloji, modern toplumu ara\u015ft\u0131r\u0131r&#8221;, &#8220;sosyoloji=toplumbilimi&#8221; bi\u00e7imindeki ezberleri bozdu\u011fu ve sosyolojiyi, insan birlikteli\u011fi olan socius&#8217;un incelenmesinden ibaret bir disiplin olarak ele ald\u0131\u011f\u0131 ayr\u0131nt\u0131l\u0131 olarak anlat\u0131lm\u0131\u015ft\u0131r. Sosyolojinin neli\u011fi \u00fczerine kafa yoranlara, onun ne oldu\u011funu merak edenlere&#8230; Sosyolojiyi, &#8220;socius \u00fczerine s\u00f6ylenen s\u00f6z&#8221; olarak do\u011fru okumay\u0131 arzulayanlara&#8230; Nilg\u00fcn \u00c7elebi ile sosyoloji s\u00f6zc\u00fc\u011f\u00fcn\u00fcn soyk\u00fct\u00fc\u011f\u00fcne uzanmak isteyenlere&#8230; \ufffcTan\u0131t\u0131m Metni<\/p>\n","protected":false},"excerpt":{"rendered":"<p>Sosyolojinin Neli\u011fi isimli bu kitap, sosyolojik kavramlar\u0131 tan\u0131tan bir &#8220;sosyolojiye giri\u015f&#8221; \u00e7al\u0131\u015fmas\u0131 de\u011fildir; aksine sosyolojinin neli\u011fini, mant\u0131\u011f\u0131n\u0131, ruhunu sorgulama iddias\u0131 ta\u015f\u0131yan, sosyolojinin m\u00fcphemli\u011fini ve sorunlu bir<span class=\"excerpt-hellip\"> [\u2026]<\/span><\/p>\n","protected":false},"featured_media":0,"template":"","meta":{"_monsterinsights_skip_tracking":false,"_monsterinsights_sitenote_active":false,"_monsterinsights_sitenote_note":"","_monsterinsights_sitenote_category":0},"product_brand":[],"product_cat":[12835,12324],"product_tag":[],"class_list":{"0":"post-699544","1":"product","2":"type-product","3":"status-publish","5":"product_cat-genel-sosyoloji","6":"product_cat-sosyoloji","7":"pa_cilt-ciltsiz","8":"pa_tur-kitap","9":"pa_yayinevi-ani-yayincilik","10":"pa_yazar-sezgin-kizilcelik","12":"first","13":"instock","14":"sale","15":"shipping-taxable","16":"purchasable","17":"product-type-simple"},"_links":{"self":[{"href":"https:\/\/roveyayinevi.com.tr\/index.php\/wp-json\/wp\/v2\/product\/699544","targetHints":{"allow":["GET"]}}],"collection":[{"href":"https:\/\/roveyayinevi.com.tr\/index.php\/wp-json\/wp\/v2\/product"}],"about":[{"href":"https:\/\/roveyayinevi.com.tr\/index.php\/wp-json\/wp\/v2\/types\/product"}],"wp:attachment":[{"href":"https:\/\/roveyayinevi.com.tr\/index.php\/wp-json\/wp\/v2\/media?parent=699544"}],"wp:term":[{"taxonomy":"product_brand","embeddable":true,"href":"https:\/\/roveyayinevi.com.tr\/index.php\/wp-json\/wp\/v2\/product_brand?post=699544"},{"taxonomy":"product_cat","embeddable":true,"href":"https:\/\/roveyayinevi.com.tr\/index.php\/wp-json\/wp\/v2\/product_cat?post=699544"},{"taxonomy":"product_tag","embeddable":true,"href":"https:\/\/roveyayinevi.com.tr\/index.php\/wp-json\/wp\/v2\/product_tag?post=699544"}],"curies":[{"name":"wp","href":"https:\/\/api.w.org\/{rel}","templated":true}]}}