{"id":699533,"date":"2025-08-27T14:51:37","date_gmt":"2025-08-27T11:51:37","guid":{"rendered":"https:\/\/roveyayinevi.com.tr\/index.php\/urun\/2-tam-bir-tek\/"},"modified":"2026-04-06T02:15:39","modified_gmt":"2026-04-05T23:15:39","slug":"2-tam-bir-tek","status":"publish","type":"product","link":"https:\/\/roveyayinevi.com.tr\/index.php\/urun\/2-tam-bir-tek\/","title":{"rendered":"2 Tam Bir Tek"},"content":{"rendered":"<p>Hayat\u0131m\u0131zda a\u015f\u0131k olmay\u0131 isteriz. Bir yuva kurmak, hayat\u0131 payla\u015fmak hayaliyle yola \u00e7\u0131kar\u0131z&#8230; Kendimizi bir elman\u0131n yar\u0131s\u0131 olarak g\u00f6r\u00fcr, hayat\u0131 payla\u015faca\u011f\u0131m\u0131z ki\u015finin de bizi tamamlamas\u0131n\u0131 niyet ederiz.Hayattaki aray\u0131\u015f\u0131m beni tamamlayacak olan ki\u015fi oldu\u011fu s\u00fcrece, hayat\u0131ma hep yar\u0131m insanlar girdi\u011fini fark ettim. Yar\u0131m bir elma oldu\u011fum s\u00fcrece, ili\u015fkilerim de hep yar\u0131m kald\u0131&#8230; Kar\u015f\u0131mdaki ki\u015fileri su\u00e7lamak yerine, kendimi tam ve b\u00fct\u00fcn yapmam gerekti\u011fini fark etti\u011fimde, \u00f6nce tam ve b\u00fct\u00fcn olman\u0131n yolunu arad\u0131m&#8230; Kitab\u0131n her b\u00f6l\u00fcm\u00fcnde kendimizi neden hep yar\u0131m g\u00f6rd\u00fc\u011f\u00fcm\u00fcz\u00fc, hayat\u0131m\u0131za neden hep yar\u0131m insanlar \u00e7ekti\u011fimizi ve ili\u015fkilerimizin neden hep yar\u0131m kald\u0131\u011f\u0131n\u0131 fark edece\u011fiz&#8230; Hayalinizdeki tam ve b\u00fct\u00fcn A\u015eK&#8217;a ad\u0131m atma vakti&#8230;Her sat\u0131r\u0131 bizlerden ba\u015flayarak b\u00fct\u00fcne \u015fifa olmas\u0131 niyetimle&#8230;Sevgi ve A\u015fk&#8217;la&#8230;-B\u00fclent Gardiyano\u011flu<\/p>\n","protected":false},"excerpt":{"rendered":"<p>Hayat\u0131m\u0131zda a\u015f\u0131k olmay\u0131 isteriz. Bir yuva kurmak, hayat\u0131 payla\u015fmak hayaliyle yola \u00e7\u0131kar\u0131z&#8230; Kendimizi bir elman\u0131n yar\u0131s\u0131 olarak g\u00f6r\u00fcr, hayat\u0131 payla\u015faca\u011f\u0131m\u0131z ki\u015finin de bizi tamamlamas\u0131n\u0131 niyet ederiz.Hayattaki<span class=\"excerpt-hellip\"> [\u2026]<\/span><\/p>\n","protected":false},"featured_media":0,"template":"","meta":{"_monsterinsights_skip_tracking":false,"_monsterinsights_sitenote_active":false,"_monsterinsights_sitenote_note":"","_monsterinsights_sitenote_category":0},"product_brand":[],"product_cat":[12364],"product_tag":[],"class_list":{"0":"post-699533","1":"product","2":"type-product","3":"status-publish","5":"product_cat-genel-konular","6":"pa_cilt-ciltsiz","7":"pa_tur-kitap","8":"pa_yayinevi-destek-yayinlari","9":"pa_yazar-bulent-gardiyanoglu","11":"first","12":"instock","13":"sale","14":"shipping-taxable","15":"purchasable","16":"product-type-simple"},"_links":{"self":[{"href":"https:\/\/roveyayinevi.com.tr\/index.php\/wp-json\/wp\/v2\/product\/699533","targetHints":{"allow":["GET"]}}],"collection":[{"href":"https:\/\/roveyayinevi.com.tr\/index.php\/wp-json\/wp\/v2\/product"}],"about":[{"href":"https:\/\/roveyayinevi.com.tr\/index.php\/wp-json\/wp\/v2\/types\/product"}],"wp:attachment":[{"href":"https:\/\/roveyayinevi.com.tr\/index.php\/wp-json\/wp\/v2\/media?parent=699533"}],"wp:term":[{"taxonomy":"product_brand","embeddable":true,"href":"https:\/\/roveyayinevi.com.tr\/index.php\/wp-json\/wp\/v2\/product_brand?post=699533"},{"taxonomy":"product_cat","embeddable":true,"href":"https:\/\/roveyayinevi.com.tr\/index.php\/wp-json\/wp\/v2\/product_cat?post=699533"},{"taxonomy":"product_tag","embeddable":true,"href":"https:\/\/roveyayinevi.com.tr\/index.php\/wp-json\/wp\/v2\/product_tag?post=699533"}],"curies":[{"name":"wp","href":"https:\/\/api.w.org\/{rel}","templated":true}]}}