{"id":699501,"date":"2025-08-27T14:51:28","date_gmt":"2025-08-27T11:51:28","guid":{"rendered":"https:\/\/roveyayinevi.com.tr\/index.php\/urun\/rabbin-icin-sabret\/"},"modified":"2026-04-16T02:08:49","modified_gmt":"2026-04-15T23:08:49","slug":"rabbin-icin-sabret","status":"publish","type":"product","link":"https:\/\/roveyayinevi.com.tr\/index.php\/urun\/rabbin-icin-sabret\/","title":{"rendered":"Rabb&#8217;in \u0130\u00e7in Sabret"},"content":{"rendered":"<p>Sab\u0131r dostlar\u0131n makam\u0131d\u0131r\u2026 Allah s\u0131k\u0131nt\u0131 verdiyse m\u00fcmine bilsin ki derecesi y\u00fckselsin diye Ve art\u0131k sadece Allah i\u00e7in sabretmek d\u00fc\u015fer geriye\u2026 Kalbini \u00e7evirdi\u011fin zaman as\u0131rlar \u00f6ncesine \u0130\u00e7ini s\u0131ms\u0131k\u0131 saracak bir ayet d\u00fc\u015fecek g\u00f6nl\u00fcne: &#8220;Rabb&#8217;in i\u00e7in Sabret&#8221;\u2026<\/p>\n","protected":false},"excerpt":{"rendered":"<p>Sab\u0131r dostlar\u0131n makam\u0131d\u0131r\u2026 Allah s\u0131k\u0131nt\u0131 verdiyse m\u00fcmine bilsin ki derecesi y\u00fckselsin diye Ve art\u0131k sadece Allah i\u00e7in sabretmek d\u00fc\u015fer geriye\u2026 Kalbini \u00e7evirdi\u011fin zaman as\u0131rlar \u00f6ncesine \u0130\u00e7ini<span class=\"excerpt-hellip\"> [\u2026]<\/span><\/p>\n","protected":false},"featured_media":0,"template":"","meta":{"_monsterinsights_skip_tracking":false,"_monsterinsights_sitenote_active":false,"_monsterinsights_sitenote_note":"","_monsterinsights_sitenote_category":0},"product_brand":[],"product_cat":[12718,12719,12720],"product_tag":[],"class_list":{"0":"post-699501","1":"product","2":"type-product","3":"status-publish","5":"product_cat-din","6":"product_cat-islam","7":"product_cat-tasavvuf-mezhepler-tarikatlar","8":"pa_cilt-ciltsiz","9":"pa_tur-kitap","10":"pa_yayinevi-destek-yayinlari","11":"pa_yazar-ugur-kosar","13":"first","14":"instock","15":"sale","16":"shipping-taxable","17":"purchasable","18":"product-type-simple"},"_links":{"self":[{"href":"https:\/\/roveyayinevi.com.tr\/index.php\/wp-json\/wp\/v2\/product\/699501","targetHints":{"allow":["GET"]}}],"collection":[{"href":"https:\/\/roveyayinevi.com.tr\/index.php\/wp-json\/wp\/v2\/product"}],"about":[{"href":"https:\/\/roveyayinevi.com.tr\/index.php\/wp-json\/wp\/v2\/types\/product"}],"wp:attachment":[{"href":"https:\/\/roveyayinevi.com.tr\/index.php\/wp-json\/wp\/v2\/media?parent=699501"}],"wp:term":[{"taxonomy":"product_brand","embeddable":true,"href":"https:\/\/roveyayinevi.com.tr\/index.php\/wp-json\/wp\/v2\/product_brand?post=699501"},{"taxonomy":"product_cat","embeddable":true,"href":"https:\/\/roveyayinevi.com.tr\/index.php\/wp-json\/wp\/v2\/product_cat?post=699501"},{"taxonomy":"product_tag","embeddable":true,"href":"https:\/\/roveyayinevi.com.tr\/index.php\/wp-json\/wp\/v2\/product_tag?post=699501"}],"curies":[{"name":"wp","href":"https:\/\/api.w.org\/{rel}","templated":true}]}}