{"id":699466,"date":"2025-08-27T14:51:17","date_gmt":"2025-08-27T11:51:17","guid":{"rendered":"https:\/\/roveyayinevi.com.tr\/index.php\/urun\/hukuk-sosyolojisi-yazilari\/"},"modified":"2026-04-16T02:08:48","modified_gmt":"2026-04-15T23:08:48","slug":"hukuk-sosyolojisi-yazilari","status":"publish","type":"product","link":"https:\/\/roveyayinevi.com.tr\/index.php\/urun\/hukuk-sosyolojisi-yazilari\/","title":{"rendered":"Hukuk Sosyolojisi Yaz\u0131lar\u0131"},"content":{"rendered":"<p>Bu kitap, Prof. Dr. Mehmet Y\u00fcksel\u2019in hukuk ve sosyoloji kaynaklar\u0131ndan beslenen ve y\u0131llar boyunca olu\u015fan entelekt\u00fcel birikiminin bir \u00fcr\u00fcn\u00fc. Hukuk ile eti\u011fin etkile\u015fimi, toplumsal ya\u015fam\u0131n hukuksalla\u015fmas\u0131, modern k\u00fclt\u00fcr\u00fcn hukuk ile ahlak\u0131 kavray\u0131\u015f bi\u00e7imleri, kamu hukuku ile \u00f6zel hukuk ayr\u0131m\u0131n\u0131n g\u00fcn\u00fcm\u00fczdeki anlam\u0131, mahremiyet hakk\u0131n\u0131n sosyolojik ve tarihsel geli\u015fim \u00e7izgisi, bireysel \u00f6zg\u00fcrl\u00fcklere felsefi bak\u0131\u015flar, insan haklar\u0131n\u0131n sosyolojik ve k\u00fclt\u00fcrel temelleri, \u0130bni Haldun\u2019un toplum kuram\u0131nda hukukun yeri, Osmanl\u0131\u2019dan Cumhuriyete T\u00fcrkiye\u2019de hukukun sek\u00fcler kaynaklar\u0131&#8230; Mehmet Y\u00fcksel, i\u015fte \u00e7a\u011f\u0131m\u0131zda hukukun sosyoloji, sosyolojinin hukuk olmaks\u0131z\u0131n \u00e7\u00f6z\u00fcmleyemeyece\u011fi bu konular\u0131 yetkin bir bi\u00e7imde ele al\u0131yor. <\/p>\n","protected":false},"excerpt":{"rendered":"<p>Bu kitap, Prof. Dr. Mehmet Y\u00fcksel\u2019in hukuk ve sosyoloji kaynaklar\u0131ndan beslenen ve y\u0131llar boyunca olu\u015fan entelekt\u00fcel birikiminin bir \u00fcr\u00fcn\u00fc. Hukuk ile eti\u011fin etkile\u015fimi, toplumsal ya\u015fam\u0131n hukuksalla\u015fmas\u0131,<span class=\"excerpt-hellip\"> [\u2026]<\/span><\/p>\n","protected":false},"featured_media":0,"template":"","meta":{"_monsterinsights_skip_tracking":false,"_monsterinsights_sitenote_active":false,"_monsterinsights_sitenote_note":"","_monsterinsights_sitenote_category":0},"product_brand":[],"product_cat":[12573,12566],"product_tag":[],"class_list":{"0":"post-699466","1":"product","2":"type-product","3":"status-publish","5":"product_cat-akademik-kitaplar","6":"product_cat-egitim","7":"pa_tur-kitap","8":"pa_yayinevi-siyasal-kitabevi-akademik-kitaplar","9":"pa_yazar-mehmet-yuksel","11":"first","12":"instock","13":"sale","14":"shipping-taxable","15":"purchasable","16":"product-type-simple"},"_links":{"self":[{"href":"https:\/\/roveyayinevi.com.tr\/index.php\/wp-json\/wp\/v2\/product\/699466","targetHints":{"allow":["GET"]}}],"collection":[{"href":"https:\/\/roveyayinevi.com.tr\/index.php\/wp-json\/wp\/v2\/product"}],"about":[{"href":"https:\/\/roveyayinevi.com.tr\/index.php\/wp-json\/wp\/v2\/types\/product"}],"wp:attachment":[{"href":"https:\/\/roveyayinevi.com.tr\/index.php\/wp-json\/wp\/v2\/media?parent=699466"}],"wp:term":[{"taxonomy":"product_brand","embeddable":true,"href":"https:\/\/roveyayinevi.com.tr\/index.php\/wp-json\/wp\/v2\/product_brand?post=699466"},{"taxonomy":"product_cat","embeddable":true,"href":"https:\/\/roveyayinevi.com.tr\/index.php\/wp-json\/wp\/v2\/product_cat?post=699466"},{"taxonomy":"product_tag","embeddable":true,"href":"https:\/\/roveyayinevi.com.tr\/index.php\/wp-json\/wp\/v2\/product_tag?post=699466"}],"curies":[{"name":"wp","href":"https:\/\/api.w.org\/{rel}","templated":true}]}}