{"id":699463,"date":"2025-08-27T14:51:16","date_gmt":"2025-08-27T11:51:16","guid":{"rendered":"https:\/\/roveyayinevi.com.tr\/index.php\/urun\/yarinki-yuzun-cilt-2-dans-ve-ruya\/"},"modified":"2026-02-03T02:14:38","modified_gmt":"2026-02-02T23:14:38","slug":"yarinki-yuzun-cilt-2-dans-ve-ruya","status":"publish","type":"product","link":"https:\/\/roveyayinevi.com.tr\/index.php\/urun\/yarinki-yuzun-cilt-2-dans-ve-ruya\/","title":{"rendered":"Yar\u0131nki Y\u00fcz\u00fcn, Cilt 2: Dans ve R\u00fcya"},"content":{"rendered":"<p>Usta \u0130spanyol yazar Javier Mari\u00e1s\u2019\u0131n ba\u015fyap\u0131t\u0131 Yar\u0131nki Y\u00fcz\u00fcn\u2019\u00fcn ikinci cildi Dans ve R\u00fcya da ilki kadar yo\u011fun ve etkileyici. \u0130lk ciltte tan\u0131\u015ft\u0131\u011f\u0131m\u0131z insan terc\u00fcman\u0131 ya da yorumcusu Jaime Deza, \u0130ngiliz Gizli Servisi\u2019ndeki g\u00f6revini s\u00fcrd\u00fcr\u00fcrken etraf\u0131nda olup biteni g\u00f6zlemeye ve ge\u00e7mi\u015f olaylarla ba\u011flant\u0131land\u0131rarak \u00e7\u00f6z\u00fcmlemeye devam ediyor. Konumunu ve nelere kadir oldu\u011funu tam olarak kestiremedi\u011fi gizemli amiri Tupra\u2019n\u0131n bir gece \u015fiddete ba\u015fvurdu\u011funa tan\u0131k olmas\u0131, Deza\u2019y\u0131 \u0130\u00e7 Sava\u015f d\u00f6neminde kendi \u00fclkesi \u0130spanya\u2019da ya\u015fananlar\u0131 d\u00fc\u015f\u00fcnmeye sevk ediyor. Normalde \u015fiddete meyilli olmad\u0131\u011f\u0131 halde s\u0131rad\u0131\u015f\u0131 ko\u015fullarda korkun\u00e7 \u015feyler yapabilen s\u0131radan insanlar, daha sonra hayatlar\u0131n\u0131 nas\u0131l s\u00fcrd\u00fcr\u00fcrler? Deza\u2019n\u0131n d\u00f6n\u00fcp dola\u015f\u0131p geldi\u011fi soru bu &#8211; tarihe bakt\u0131\u011f\u0131m\u0131zda hepimizin ka\u00e7\u0131n\u0131lmaz olarak sordu\u011fu soru. <\/p>\n","protected":false},"excerpt":{"rendered":"<p>Usta \u0130spanyol yazar Javier Mari\u00e1s\u2019\u0131n ba\u015fyap\u0131t\u0131 Yar\u0131nki Y\u00fcz\u00fcn\u2019\u00fcn ikinci cildi Dans ve R\u00fcya da ilki kadar yo\u011fun ve etkileyici. \u0130lk ciltte tan\u0131\u015ft\u0131\u011f\u0131m\u0131z insan terc\u00fcman\u0131 ya da<span class=\"excerpt-hellip\"> [\u2026]<\/span><\/p>\n","protected":false},"featured_media":0,"template":"","meta":{"_monsterinsights_skip_tracking":false,"_monsterinsights_sitenote_active":false,"_monsterinsights_sitenote_note":"","_monsterinsights_sitenote_category":0},"product_brand":[],"product_cat":[12291,13113],"product_tag":[],"class_list":{"0":"post-699463","1":"product","2":"type-product","3":"status-publish","5":"product_cat-edebiyat","6":"product_cat-ispanyol-edebiyati","7":"pa_cilt-ciltsiz","8":"pa_tur-kitap","9":"pa_yayinevi-metis-yayinlari","10":"pa_yazar-javier-marias","12":"first","13":"instock","14":"sale","15":"shipping-taxable","16":"purchasable","17":"product-type-simple"},"_links":{"self":[{"href":"https:\/\/roveyayinevi.com.tr\/index.php\/wp-json\/wp\/v2\/product\/699463","targetHints":{"allow":["GET"]}}],"collection":[{"href":"https:\/\/roveyayinevi.com.tr\/index.php\/wp-json\/wp\/v2\/product"}],"about":[{"href":"https:\/\/roveyayinevi.com.tr\/index.php\/wp-json\/wp\/v2\/types\/product"}],"wp:attachment":[{"href":"https:\/\/roveyayinevi.com.tr\/index.php\/wp-json\/wp\/v2\/media?parent=699463"}],"wp:term":[{"taxonomy":"product_brand","embeddable":true,"href":"https:\/\/roveyayinevi.com.tr\/index.php\/wp-json\/wp\/v2\/product_brand?post=699463"},{"taxonomy":"product_cat","embeddable":true,"href":"https:\/\/roveyayinevi.com.tr\/index.php\/wp-json\/wp\/v2\/product_cat?post=699463"},{"taxonomy":"product_tag","embeddable":true,"href":"https:\/\/roveyayinevi.com.tr\/index.php\/wp-json\/wp\/v2\/product_tag?post=699463"}],"curies":[{"name":"wp","href":"https:\/\/api.w.org\/{rel}","templated":true}]}}