{"id":699456,"date":"2025-08-27T14:51:14","date_gmt":"2025-08-27T11:51:14","guid":{"rendered":"https:\/\/roveyayinevi.com.tr\/index.php\/urun\/gulliverin-gezileri-2\/"},"modified":"2026-04-16T02:08:48","modified_gmt":"2026-04-15T23:08:48","slug":"gulliverin-gezileri-2","status":"publish","type":"product","link":"https:\/\/roveyayinevi.com.tr\/index.php\/urun\/gulliverin-gezileri-2\/","title":{"rendered":"Gulliver\u2019in Gezileri"},"content":{"rendered":"<p>Bu kitapta, Gulliver&#8217;in yapt\u0131\u011f\u0131 iki du\u015fsel geziye davet ediyoruz sizleri: Gulliver, bu gezilerden ilkini Cuceler Ulkesi Liliput&#8217;a, ikincisini ise Devler Ulkesi Brobdingnag&#8217;a yap\u0131yor. Seruven dolu bu iki gezide c\u00fccelerin de, devlerin de hem iyileri hem de k\u00f6t\u00fcleriyle kar\u015f\u0131la\u015facaks\u0131n\u0131z. C\u00fcceleri, devleri, onlar\u0131n kentlerini ve y\u00f6neticilerini taniyarak d\u00fcnyay\u0131 daha iyi kavrayacaks\u0131mz. Jonathan Swift&#8217;in olumsuz eseri Gulliver&#8217;in Gezileri adli kitab\u0131 Erich K\u00e2stner taraf\u0131ndan sizler i\u00e7in yeniden kaleme al\u0131nd\u0131. Hepinize iyi okumalar! \ufffc<\/p>\n","protected":false},"excerpt":{"rendered":"<p>Bu kitapta, Gulliver&#8217;in yapt\u0131\u011f\u0131 iki du\u015fsel geziye davet ediyoruz sizleri: Gulliver, bu gezilerden ilkini Cuceler Ulkesi Liliput&#8217;a, ikincisini ise Devler Ulkesi Brobdingnag&#8217;a yap\u0131yor. Seruven dolu bu<span class=\"excerpt-hellip\"> [\u2026]<\/span><\/p>\n","protected":false},"featured_media":0,"template":"","meta":{"_monsterinsights_skip_tracking":false,"_monsterinsights_sitenote_active":false,"_monsterinsights_sitenote_note":"","_monsterinsights_sitenote_category":0},"product_brand":[],"product_cat":[12274,12284],"product_tag":[],"class_list":{"0":"post-699456","1":"product","2":"type-product","3":"status-publish","5":"product_cat-cocuk-ve-genclik-kitaplari","6":"product_cat-hikayeler","7":"pa_cilt-ciltsiz","8":"pa_tur-kitap","9":"pa_yayinevi-can-cocuk-yayinlari","10":"pa_yazar-jonathan-swift","12":"first","13":"instock","14":"sale","15":"shipping-taxable","16":"purchasable","17":"product-type-simple"},"_links":{"self":[{"href":"https:\/\/roveyayinevi.com.tr\/index.php\/wp-json\/wp\/v2\/product\/699456","targetHints":{"allow":["GET"]}}],"collection":[{"href":"https:\/\/roveyayinevi.com.tr\/index.php\/wp-json\/wp\/v2\/product"}],"about":[{"href":"https:\/\/roveyayinevi.com.tr\/index.php\/wp-json\/wp\/v2\/types\/product"}],"wp:attachment":[{"href":"https:\/\/roveyayinevi.com.tr\/index.php\/wp-json\/wp\/v2\/media?parent=699456"}],"wp:term":[{"taxonomy":"product_brand","embeddable":true,"href":"https:\/\/roveyayinevi.com.tr\/index.php\/wp-json\/wp\/v2\/product_brand?post=699456"},{"taxonomy":"product_cat","embeddable":true,"href":"https:\/\/roveyayinevi.com.tr\/index.php\/wp-json\/wp\/v2\/product_cat?post=699456"},{"taxonomy":"product_tag","embeddable":true,"href":"https:\/\/roveyayinevi.com.tr\/index.php\/wp-json\/wp\/v2\/product_tag?post=699456"}],"curies":[{"name":"wp","href":"https:\/\/api.w.org\/{rel}","templated":true}]}}