{"id":699446,"date":"2025-08-27T14:51:11","date_gmt":"2025-08-27T11:51:11","guid":{"rendered":"https:\/\/roveyayinevi.com.tr\/index.php\/urun\/cevreci-dostlar-denizler-altinda-kirmizi-somon\/"},"modified":"2026-04-16T02:08:48","modified_gmt":"2026-04-15T23:08:48","slug":"cevreci-dostlar-denizler-altinda-kirmizi-somon","status":"publish","type":"product","link":"https:\/\/roveyayinevi.com.tr\/index.php\/urun\/cevreci-dostlar-denizler-altinda-kirmizi-somon\/","title":{"rendered":"\u00c7evreci Dostlar &#8211; Denizler Alt\u0131nda K\u0131rm\u0131z\u0131 Somon"},"content":{"rendered":"<p>Modern ya\u015fam\u0131n insanl\u0131\u011fa sa\u011flad\u0131\u011f\u0131 kolayl\u0131klar saymakla bitmez. Ancak bu faydalar\u0131n yan\u0131nda do\u011fan\u0131n kirlenmesi ve \u00e7evremizi saran canl\u0131lar\u0131n ya\u015fam\u0131n\u0131n olumsuz y\u00f6nde etkilenmesi de \u00fczerinde d\u00fc\u015f\u00fcn\u00fclmesi gereken bir konu. \u00c7evreci Dostlar Dizisi do\u011fa ve \u00e7evre kirlili\u011finin etkileri konusunda duyarl\u0131l\u0131k yaratabilmek amac\u0131yla haz\u0131rland\u0131. Dizideki t\u00fcm dostlar\u0131m\u0131z, \u00f6zg\u00fcn \u00f6yk\u00fcler ve reng\u00e2renk resimler e\u015fli\u011finde yar\u0131nlara daha g\u00fczel bir d\u00fcnya b\u0131rakabilmek i\u00e7in \u00e7evremize yak\u0131ndan bakmam\u0131z\u0131 \u00f6neriyorlar. <\/p>\n","protected":false},"excerpt":{"rendered":"<p>Modern ya\u015fam\u0131n insanl\u0131\u011fa sa\u011flad\u0131\u011f\u0131 kolayl\u0131klar saymakla bitmez. Ancak bu faydalar\u0131n yan\u0131nda do\u011fan\u0131n kirlenmesi ve \u00e7evremizi saran canl\u0131lar\u0131n ya\u015fam\u0131n\u0131n olumsuz y\u00f6nde etkilenmesi de \u00fczerinde d\u00fc\u015f\u00fcn\u00fclmesi gereken bir<span class=\"excerpt-hellip\"> [\u2026]<\/span><\/p>\n","protected":false},"featured_media":0,"template":"","meta":{"_monsterinsights_skip_tracking":false,"_monsterinsights_sitenote_active":false,"_monsterinsights_sitenote_note":"","_monsterinsights_sitenote_category":0},"product_brand":[],"product_cat":[12492,12274],"product_tag":[],"class_list":{"0":"post-699446","1":"product","2":"type-product","3":"status-publish","5":"product_cat-bilmece-bulmaca","6":"product_cat-cocuk-ve-genclik-kitaplari","7":"pa_tur-kitap","8":"pa_yayinevi-altin-kitaplar-cocuk-kitaplari","9":"pa_yazar-aysun-berktay-ozmen","11":"first","12":"instock","13":"sale","14":"shipping-taxable","15":"purchasable","16":"product-type-simple"},"_links":{"self":[{"href":"https:\/\/roveyayinevi.com.tr\/index.php\/wp-json\/wp\/v2\/product\/699446","targetHints":{"allow":["GET"]}}],"collection":[{"href":"https:\/\/roveyayinevi.com.tr\/index.php\/wp-json\/wp\/v2\/product"}],"about":[{"href":"https:\/\/roveyayinevi.com.tr\/index.php\/wp-json\/wp\/v2\/types\/product"}],"wp:attachment":[{"href":"https:\/\/roveyayinevi.com.tr\/index.php\/wp-json\/wp\/v2\/media?parent=699446"}],"wp:term":[{"taxonomy":"product_brand","embeddable":true,"href":"https:\/\/roveyayinevi.com.tr\/index.php\/wp-json\/wp\/v2\/product_brand?post=699446"},{"taxonomy":"product_cat","embeddable":true,"href":"https:\/\/roveyayinevi.com.tr\/index.php\/wp-json\/wp\/v2\/product_cat?post=699446"},{"taxonomy":"product_tag","embeddable":true,"href":"https:\/\/roveyayinevi.com.tr\/index.php\/wp-json\/wp\/v2\/product_tag?post=699446"}],"curies":[{"name":"wp","href":"https:\/\/api.w.org\/{rel}","templated":true}]}}