{"id":699435,"date":"2025-08-27T14:50:58","date_gmt":"2025-08-27T11:50:58","guid":{"rendered":"https:\/\/roveyayinevi.com.tr\/index.php\/urun\/osmanli-modernlesmesi-gazetecilik-ve-edebiyat\/"},"modified":"2026-04-16T02:08:47","modified_gmt":"2026-04-15T23:08:47","slug":"osmanli-modernlesmesi-gazetecilik-ve-edebiyat","status":"publish","type":"product","link":"https:\/\/roveyayinevi.com.tr\/index.php\/urun\/osmanli-modernlesmesi-gazetecilik-ve-edebiyat\/","title":{"rendered":"Osmanl\u0131 Modernle\u015fmesi Gazetecilik ve Edebiyat"},"content":{"rendered":"<p>Ali Budak, Osmanl\u0131 Modernle\u015fmesi, Gazetecilik ve Edebiyat adl\u0131 bu kitab\u0131yla Bat\u0131l\u0131la\u015fma s\u00fcrecimizi siyasal, sosyal ve k\u00fclt\u00fcrel boyutlar\u0131yla incelerken, yak\u0131n tarihimize de yeni bak\u0131\u015flar atfediyor. XIX. y\u00fczy\u0131l ortalar\u0131ndan itibaren hayat\u0131m\u0131za girmeye ba\u015flayan kad\u0131n hareketlerinin modernle\u015fmeye katk\u0131lar\u0131, M\u00fcnif Pa\u015fa\u2019n\u0131n y\u00fcz elli y\u0131l sonra Miniat\u00fcrk ad\u0131yla ger\u00e7ekle\u015ftirilen b\u00fcy\u00fck devlet park\u0131 projesi, Ziya Pa\u015fa\u2019n\u0131n Londra\u2019da bir cuma sabah\u0131 g\u00f6rd\u00fc\u011f\u00fc saltanat \u201cR\u00fcya\u201ds\u0131 ile Girit Harek\u00e2t\u0131 i\u00e7in kaleme ald\u0131\u011f\u0131 ironi \u015f\u00e2heseri \u201dZafern\u00e2me\u201dsi, Frans\u0131z \u0130htilali\u2019nin \u0130mparatorlu\u011fa arma\u011fan\u0131 gazeteler ve gazetelerin medeniyet de\u011fi\u015fimindeki \u00e7ok \u00f6zel rolleri\u2026 Modern T\u00fcrk edebiyat\u0131ndan \u00f6rneklerin de kuramsal \u00e7er\u00e7evelerde mercek alt\u0131na al\u0131nd\u0131\u011f\u0131 Osmanl\u0131 Modernle\u015fmesi, Gazetecilik ve Edebiyat \u00f6zg\u00fcn, \u00f6zg\u00fcr ve yenilik\u00e7i bir \u00e7al\u0131\u015fma\u2026 <\/p>\n","protected":false},"excerpt":{"rendered":"<p>Ali Budak, Osmanl\u0131 Modernle\u015fmesi, Gazetecilik ve Edebiyat adl\u0131 bu kitab\u0131yla Bat\u0131l\u0131la\u015fma s\u00fcrecimizi siyasal, sosyal ve k\u00fclt\u00fcrel boyutlar\u0131yla incelerken, yak\u0131n tarihimize de yeni bak\u0131\u015flar atfediyor. XIX. y\u00fczy\u0131l<span class=\"excerpt-hellip\"> [\u2026]<\/span><\/p>\n","protected":false},"featured_media":0,"template":"","meta":{"_monsterinsights_skip_tracking":false,"_monsterinsights_sitenote_active":false,"_monsterinsights_sitenote_note":"","_monsterinsights_sitenote_category":0},"product_brand":[],"product_cat":[12777,12291],"product_tag":[],"class_list":{"0":"post-699435","1":"product","2":"type-product","3":"status-publish","5":"product_cat-deneme","6":"product_cat-edebiyat","7":"pa_tur-kitap","8":"pa_yayinevi-bilge-kultur-sanat","9":"pa_yazar-ali-budak","11":"first","12":"instock","13":"sale","14":"shipping-taxable","15":"purchasable","16":"product-type-simple"},"_links":{"self":[{"href":"https:\/\/roveyayinevi.com.tr\/index.php\/wp-json\/wp\/v2\/product\/699435","targetHints":{"allow":["GET"]}}],"collection":[{"href":"https:\/\/roveyayinevi.com.tr\/index.php\/wp-json\/wp\/v2\/product"}],"about":[{"href":"https:\/\/roveyayinevi.com.tr\/index.php\/wp-json\/wp\/v2\/types\/product"}],"wp:attachment":[{"href":"https:\/\/roveyayinevi.com.tr\/index.php\/wp-json\/wp\/v2\/media?parent=699435"}],"wp:term":[{"taxonomy":"product_brand","embeddable":true,"href":"https:\/\/roveyayinevi.com.tr\/index.php\/wp-json\/wp\/v2\/product_brand?post=699435"},{"taxonomy":"product_cat","embeddable":true,"href":"https:\/\/roveyayinevi.com.tr\/index.php\/wp-json\/wp\/v2\/product_cat?post=699435"},{"taxonomy":"product_tag","embeddable":true,"href":"https:\/\/roveyayinevi.com.tr\/index.php\/wp-json\/wp\/v2\/product_tag?post=699435"}],"curies":[{"name":"wp","href":"https:\/\/api.w.org\/{rel}","templated":true}]}}