{"id":699432,"date":"2025-08-27T14:50:57","date_gmt":"2025-08-27T11:50:57","guid":{"rendered":"https:\/\/roveyayinevi.com.tr\/index.php\/urun\/daga-cikan-kurt\/"},"modified":"2026-04-16T02:08:47","modified_gmt":"2026-04-15T23:08:47","slug":"daga-cikan-kurt","status":"publish","type":"product","link":"https:\/\/roveyayinevi.com.tr\/index.php\/urun\/daga-cikan-kurt\/","title":{"rendered":"Da\u011fa \u00c7\u0131kan Kurt"},"content":{"rendered":"<p>\u201cU\u015fak\u2019a girerken d\u00fc\u015f\u00fcnd\u00fcm, Anadolu\u2019da ge\u00e7en y\u0131llar\u0131mda y\u00fcz evden otuz eve eriyerek da\u011f\u0131lan, \u00f6len, erkeksiz ve kimsesiz k\u00f6ylerde Himmet \u00e7ocu\u011fun e\u015flerine rastl\u0131yor, onlara memleketin hayat tarihinde birer \u0131\u015f\u0131k ve iz diye bak\u0131yordum. Hayat diye, insanl\u0131k diye Anadolu\u2019da ne kalm\u0131\u015fsa gayretli kad\u0131nlar\u0131yla bu k\u00fc\u00e7\u00fck g\u00fcndelik kahramanlar\u0131n insan\u00fcst\u00fc \u00e7al\u0131\u015fmas\u0131ndan kalm\u0131\u015ft\u0131. Bunlardan bir tanesi kafamda ve kalbimde i\u00e7imi kanatan bir \u00e7ivi gibi saplanm\u0131\u015f kalm\u0131\u015ft\u0131r&#8230;\u201d \ufffcTan\u0131t\u0131m Metni<\/p>\n","protected":false},"excerpt":{"rendered":"<p>\u201cU\u015fak\u2019a girerken d\u00fc\u015f\u00fcnd\u00fcm, Anadolu\u2019da ge\u00e7en y\u0131llar\u0131mda y\u00fcz evden otuz eve eriyerek da\u011f\u0131lan, \u00f6len, erkeksiz ve kimsesiz k\u00f6ylerde Himmet \u00e7ocu\u011fun e\u015flerine rastl\u0131yor, onlara memleketin hayat tarihinde birer<span class=\"excerpt-hellip\"> [\u2026]<\/span><\/p>\n","protected":false},"featured_media":0,"template":"","meta":{"_monsterinsights_skip_tracking":false,"_monsterinsights_sitenote_active":false,"_monsterinsights_sitenote_note":"","_monsterinsights_sitenote_category":0},"product_brand":[],"product_cat":[12291,12292],"product_tag":[],"class_list":{"0":"post-699432","1":"product","2":"type-product","3":"status-publish","5":"product_cat-edebiyat","6":"product_cat-turk-edebiyati","7":"pa_cilt-ciltsiz","8":"pa_tur-kitap","9":"pa_yayinevi-can-yayinlari","10":"pa_yazar-halide-edib-adivar","12":"first","13":"instock","14":"sale","15":"shipping-taxable","16":"purchasable","17":"product-type-simple"},"_links":{"self":[{"href":"https:\/\/roveyayinevi.com.tr\/index.php\/wp-json\/wp\/v2\/product\/699432","targetHints":{"allow":["GET"]}}],"collection":[{"href":"https:\/\/roveyayinevi.com.tr\/index.php\/wp-json\/wp\/v2\/product"}],"about":[{"href":"https:\/\/roveyayinevi.com.tr\/index.php\/wp-json\/wp\/v2\/types\/product"}],"wp:attachment":[{"href":"https:\/\/roveyayinevi.com.tr\/index.php\/wp-json\/wp\/v2\/media?parent=699432"}],"wp:term":[{"taxonomy":"product_brand","embeddable":true,"href":"https:\/\/roveyayinevi.com.tr\/index.php\/wp-json\/wp\/v2\/product_brand?post=699432"},{"taxonomy":"product_cat","embeddable":true,"href":"https:\/\/roveyayinevi.com.tr\/index.php\/wp-json\/wp\/v2\/product_cat?post=699432"},{"taxonomy":"product_tag","embeddable":true,"href":"https:\/\/roveyayinevi.com.tr\/index.php\/wp-json\/wp\/v2\/product_tag?post=699432"}],"curies":[{"name":"wp","href":"https:\/\/api.w.org\/{rel}","templated":true}]}}