{"id":699430,"date":"2025-08-27T14:50:56","date_gmt":"2025-08-27T11:50:56","guid":{"rendered":"https:\/\/roveyayinevi.com.tr\/index.php\/urun\/dijital-panorama\/"},"modified":"2026-01-29T02:16:06","modified_gmt":"2026-01-28T23:16:06","slug":"dijital-panorama","status":"publish","type":"product","link":"https:\/\/roveyayinevi.com.tr\/index.php\/urun\/dijital-panorama\/","title":{"rendered":"Dijital Panorama"},"content":{"rendered":"<p>Son y\u0131llarda bilgi ileti\u015fim teknolojilerinde ya\u015fanan h\u0131zl\u0131 geli\u015fmeler hepimizin hayat\u0131n\u0131, gerek birey, gerek toplum, gerekse de kurum olarak derinden ve k\u00f6kten etkilemeye ba\u015flam\u0131\u015f, beraberinde yeni i\u00e7erik, etkile\u015fim ve ileti\u015fim bi\u00e7imlerini de getirmi\u015ftir. Birbirinden farkl\u0131 teknoloji ve i\u00e7eri\u011fin tek bir dijital platformda y\u00f6nde\u015fti\u011fi bu s\u00fcre\u00e7 web 2.0 uygulamalar\u0131 ve sosyal a\u011flarla beraber hepimize \u00e7ok renkli bir panorama sunmaya ba\u015flam\u0131\u015ft\u0131r. Bu bak\u0131\u015f a\u00e7\u0131s\u0131 i\u00e7inde haz\u0131rlanan \u00e7al\u0131\u015fmada, birbirinden de\u011ferli akademisyen ve doktora ara\u015ft\u0131rmac\u0131lar\u0131 taraf\u0131ndan yeni teknolojiler, bu teknolojilerin pazarlama, halkla ili\u015fkiler, kurumsal itibar, kurum k\u00fclt\u00fcr\u00fc ve yap\u0131 \u00fczerindeki etkisi incelenmi\u015f yeni medya, dijital yerliler\/g\u00f6\u00e7menler ve de sosyal medya gibi kavramlar dijital panorama i\u00e7erisinde irdelenmi\u015ftir. Dijital Panorama: Bilgi \u0130leti\u015fim Teknolojilerinde Son G\u00fcndem isimli bu eserin bu alanda \u00e7al\u0131\u015fan t\u00fcm lisans, y\u00fcksek lisans ve doktora \u00f6\u011frencilerine faydal\u0131 olmas\u0131 dile\u011fiyle&#8230; <\/p>\n","protected":false},"excerpt":{"rendered":"<p>Son y\u0131llarda bilgi ileti\u015fim teknolojilerinde ya\u015fanan h\u0131zl\u0131 geli\u015fmeler hepimizin hayat\u0131n\u0131, gerek birey, gerek toplum, gerekse de kurum olarak derinden ve k\u00f6kten etkilemeye ba\u015flam\u0131\u015f, beraberinde yeni i\u00e7erik,<span class=\"excerpt-hellip\"> [\u2026]<\/span><\/p>\n","protected":false},"featured_media":0,"template":"","meta":{"_monsterinsights_skip_tracking":false,"_monsterinsights_sitenote_active":false,"_monsterinsights_sitenote_note":"","_monsterinsights_sitenote_category":0},"product_brand":[],"product_cat":[15983,13488],"product_tag":[],"class_list":{"0":"post-699430","1":"product","2":"type-product","3":"status-publish","5":"product_cat-iletisim-ve-medya","6":"product_cat-toplum-ve-insan","7":"pa_cilt-ciltsiz","8":"pa_tur-kitap","9":"pa_yayinevi-utopya-yayinevi","10":"pa_yazar-kolektif","12":"first","13":"instock","14":"sale","15":"shipping-taxable","16":"purchasable","17":"product-type-simple"},"_links":{"self":[{"href":"https:\/\/roveyayinevi.com.tr\/index.php\/wp-json\/wp\/v2\/product\/699430","targetHints":{"allow":["GET"]}}],"collection":[{"href":"https:\/\/roveyayinevi.com.tr\/index.php\/wp-json\/wp\/v2\/product"}],"about":[{"href":"https:\/\/roveyayinevi.com.tr\/index.php\/wp-json\/wp\/v2\/types\/product"}],"wp:attachment":[{"href":"https:\/\/roveyayinevi.com.tr\/index.php\/wp-json\/wp\/v2\/media?parent=699430"}],"wp:term":[{"taxonomy":"product_brand","embeddable":true,"href":"https:\/\/roveyayinevi.com.tr\/index.php\/wp-json\/wp\/v2\/product_brand?post=699430"},{"taxonomy":"product_cat","embeddable":true,"href":"https:\/\/roveyayinevi.com.tr\/index.php\/wp-json\/wp\/v2\/product_cat?post=699430"},{"taxonomy":"product_tag","embeddable":true,"href":"https:\/\/roveyayinevi.com.tr\/index.php\/wp-json\/wp\/v2\/product_tag?post=699430"}],"curies":[{"name":"wp","href":"https:\/\/api.w.org\/{rel}","templated":true}]}}