{"id":699422,"date":"2025-08-27T14:50:54","date_gmt":"2025-08-27T11:50:54","guid":{"rendered":"https:\/\/roveyayinevi.com.tr\/index.php\/urun\/anneannem\/"},"modified":"2026-04-16T02:08:47","modified_gmt":"2026-04-15T23:08:47","slug":"anneannem","status":"publish","type":"product","link":"https:\/\/roveyayinevi.com.tr\/index.php\/urun\/anneannem\/","title":{"rendered":"Anneannem"},"content":{"rendered":"<p>O g\u00fcnler gitsin, bir daha geri gelmesin&#8230;  Bu co\u011frafyada ya\u015fayan herkesin \u015fu ya da bu \u015fekilde bildi\u011fi ama \u00fczerinde konu\u015fmamay\u0131 tercih etti\u011fi sakl\u0131 ya\u015famlar. Ermeni ve H\u0131ristiyan iken T\u00fcrk ve M\u00fcsl\u00fcman olmu\u015f binlerce \u00e7ocuktan biri: Heranu\u015f ya da di\u011fer ad\u0131yla Seher. Torunu Avukat Fethiye \u00c7etin anneannesi hakk\u0131ndaki ger\u00e7e\u011fi y\u0131llar sonra \u00f6\u011frendi. Anneannesinin akrabalar\u0131 Gadaryanlara ise onun \u00f6l\u00fcm\u00fcn\u00fcn ard\u0131ndan ula\u015fabildi. Konu\u015facak \u00e7ok \u015fey, sorulacak \u00e7ok soru vard\u0131.  Ya\u015fam\u0131 boyunca akla hayale gelmeyecek zorluklara g\u00f6\u011f\u00fcs germi\u015f, \u00e7ocuklar\u0131n\u0131n ve yak\u0131nlar\u0131n\u0131n kar\u015f\u0131s\u0131na \u00e7\u0131kan engellerle ba\u015f etmi\u015f bu kad\u0131n, ger\u00e7ek kimli\u011fi s\u00f6z konusu oldu\u011funda neden kendini bu kadar \u00e7aresiz hissediyordu? Neden ailesini ve kimli\u011fini savunam\u0131yor, isteklerinin arkas\u0131nda duram\u0131yordu? Anneannemin her ac\u0131 hat\u0131ray\u0131 anlat\u0131p bitirirken tekrarlad\u0131\u011f\u0131 c\u00fcmlede gizli belki de bu sorular\u0131n cevab\u0131: O g\u00fcnler gitsin, bir daha geri gelmesin&#8230; <\/p>\n","protected":false},"excerpt":{"rendered":"<p>O g\u00fcnler gitsin, bir daha geri gelmesin&#8230; Bu co\u011frafyada ya\u015fayan herkesin \u015fu ya da bu \u015fekilde bildi\u011fi ama \u00fczerinde konu\u015fmamay\u0131 tercih etti\u011fi sakl\u0131 ya\u015famlar. Ermeni ve<span class=\"excerpt-hellip\"> [\u2026]<\/span><\/p>\n","protected":false},"featured_media":0,"template":"","meta":{"_monsterinsights_skip_tracking":false,"_monsterinsights_sitenote_active":false,"_monsterinsights_sitenote_note":"","_monsterinsights_sitenote_category":0},"product_brand":[],"product_cat":[13701,12291],"product_tag":[],"class_list":{"0":"post-699422","1":"product","2":"type-product","3":"status-publish","5":"product_cat-ani-mektup-gunluk","6":"product_cat-edebiyat","7":"pa_cilt-ciltsiz","8":"pa_tur-kitap","9":"pa_yayinevi-metis-yayinlari","10":"pa_yazar-fethiye-cetin","12":"first","13":"instock","14":"sale","15":"shipping-taxable","16":"purchasable","17":"product-type-simple"},"_links":{"self":[{"href":"https:\/\/roveyayinevi.com.tr\/index.php\/wp-json\/wp\/v2\/product\/699422","targetHints":{"allow":["GET"]}}],"collection":[{"href":"https:\/\/roveyayinevi.com.tr\/index.php\/wp-json\/wp\/v2\/product"}],"about":[{"href":"https:\/\/roveyayinevi.com.tr\/index.php\/wp-json\/wp\/v2\/types\/product"}],"wp:attachment":[{"href":"https:\/\/roveyayinevi.com.tr\/index.php\/wp-json\/wp\/v2\/media?parent=699422"}],"wp:term":[{"taxonomy":"product_brand","embeddable":true,"href":"https:\/\/roveyayinevi.com.tr\/index.php\/wp-json\/wp\/v2\/product_brand?post=699422"},{"taxonomy":"product_cat","embeddable":true,"href":"https:\/\/roveyayinevi.com.tr\/index.php\/wp-json\/wp\/v2\/product_cat?post=699422"},{"taxonomy":"product_tag","embeddable":true,"href":"https:\/\/roveyayinevi.com.tr\/index.php\/wp-json\/wp\/v2\/product_tag?post=699422"}],"curies":[{"name":"wp","href":"https:\/\/api.w.org\/{rel}","templated":true}]}}