{"id":699421,"date":"2025-08-27T14:50:54","date_gmt":"2025-08-27T11:50:54","guid":{"rendered":"https:\/\/roveyayinevi.com.tr\/index.php\/urun\/bir-ekonomizm-elestirisi\/"},"modified":"2026-04-16T02:08:47","modified_gmt":"2026-04-15T23:08:47","slug":"bir-ekonomizm-elestirisi","status":"publish","type":"product","link":"https:\/\/roveyayinevi.com.tr\/index.php\/urun\/bir-ekonomizm-elestirisi\/","title":{"rendered":"Bir Ekonomizm Ele\u015ftirisi"},"content":{"rendered":"<p>Kalk\u0131nmaya inanmak; \u00f6nemli \u00f6l\u00e7\u00fcde nicel olana, rakama, \u00f6l\u00e7\u00fclebilene, rakam\u0131n yaratt\u0131\u011f\u0131 tart\u0131\u015f\u0131lmas\u0131 bile abest ger\u00e7ekli\u011fe ve bu ger\u00e7ekli\u011fi \u00f6l\u00e7en-bi\u00e7en y\u00fcce iktisat bilimine inanmakt\u0131r. \u00c7\u00fcnk\u00fc kalk\u0131nman\u0131n en son tahlilde sonsuz, s\u0131n\u0131rs\u0131z, nicel bir yan\u0131lma, artma halini i\u015faret etti\u011fi pekala d\u00fc\u015f\u00fcn\u00fclebilir. Bu ba\u011flamda, kalk\u0131nma inanc\u0131n\u0131 sorgulamak, insanl\u0131\u011f\u0131n \u00f6n\u00fcne her zaman  \u00e7ok  ve  daha \u00e7ok tan ba\u015fka bir hedef koyamam\u0131\u015f olan, anlams\u0131z ancak bir o kadar y\u0131k\u0131c\u0131 bir toplum projesini sorgulamaktad\u0131r. Dolay\u0131s\u0131yla ger\u00e7ekte kalk\u0131nma kavram\u0131n\u0131n ka\u00e7amak bir \u015fekilde sordu\u011fu (veya soruyor gibi yapt\u0131\u011f\u0131) ve her defas\u0131nda \u0131srarla yan\u0131t\u0131n\u0131n aranmas\u0131 gereken soru, insanl\u0131\u011f\u0131n \u00f6n\u00fcne serdi\u011fi ufka ili\u015fkindir. Bu sorgulamay\u0131 yapabilmek, ekonomizmin tahakk\u00fcm\u00fcnden kurtulabilmenin ve insana, do\u011faya ve topluma ili\u015fkin fikri filizlenmelerin boyunu uzatabilmenin \u00f6n ko\u015fuludur. Bir alan ara\u015ft\u0131rmas\u0131ndan beslenen elinizdeki \u00e7al\u0131\u015fma, bu sorgulamay\u0131 T\u00fcrkiye&#8217;deki kalk\u0131nma alg\u0131lamalar\u0131 \u00fczerinden ger\u00e7ekle\u015ftirme \u00e7abas\u0131ndad\u0131r. Ekonomizmin &#8216;daha daha&#8217; tahakk\u00fcm\u00fcne, nicel feti\u015fizminin zihinleri ve pratikleri esir al\u0131\u015f\u0131na ili\u015fkin bir T\u00fcrkiye sorgulamas\u0131d\u0131r. <\/p>\n","protected":false},"excerpt":{"rendered":"<p>Kalk\u0131nmaya inanmak; \u00f6nemli \u00f6l\u00e7\u00fcde nicel olana, rakama, \u00f6l\u00e7\u00fclebilene, rakam\u0131n yaratt\u0131\u011f\u0131 tart\u0131\u015f\u0131lmas\u0131 bile abest ger\u00e7ekli\u011fe ve bu ger\u00e7ekli\u011fi \u00f6l\u00e7en-bi\u00e7en y\u00fcce iktisat bilimine inanmakt\u0131r. \u00c7\u00fcnk\u00fc kalk\u0131nman\u0131n en son<span class=\"excerpt-hellip\"> [\u2026]<\/span><\/p>\n","protected":false},"featured_media":0,"template":"","meta":{"_monsterinsights_skip_tracking":false,"_monsterinsights_sitenote_active":false,"_monsterinsights_sitenote_note":"","_monsterinsights_sitenote_category":0},"product_brand":[],"product_cat":[13043,14144],"product_tag":[],"class_list":{"0":"post-699421","1":"product","2":"type-product","3":"status-publish","5":"product_cat-ekonomi","6":"product_cat-turkiye-ekonomisi","7":"pa_cilt-ciltsiz","8":"pa_tur-kitap","9":"pa_yayinevi-heretik-yayincilik","10":"pa_yazar-levent-unsaldi","12":"first","13":"instock","14":"sale","15":"shipping-taxable","16":"purchasable","17":"product-type-simple"},"_links":{"self":[{"href":"https:\/\/roveyayinevi.com.tr\/index.php\/wp-json\/wp\/v2\/product\/699421","targetHints":{"allow":["GET"]}}],"collection":[{"href":"https:\/\/roveyayinevi.com.tr\/index.php\/wp-json\/wp\/v2\/product"}],"about":[{"href":"https:\/\/roveyayinevi.com.tr\/index.php\/wp-json\/wp\/v2\/types\/product"}],"wp:attachment":[{"href":"https:\/\/roveyayinevi.com.tr\/index.php\/wp-json\/wp\/v2\/media?parent=699421"}],"wp:term":[{"taxonomy":"product_brand","embeddable":true,"href":"https:\/\/roveyayinevi.com.tr\/index.php\/wp-json\/wp\/v2\/product_brand?post=699421"},{"taxonomy":"product_cat","embeddable":true,"href":"https:\/\/roveyayinevi.com.tr\/index.php\/wp-json\/wp\/v2\/product_cat?post=699421"},{"taxonomy":"product_tag","embeddable":true,"href":"https:\/\/roveyayinevi.com.tr\/index.php\/wp-json\/wp\/v2\/product_tag?post=699421"}],"curies":[{"name":"wp","href":"https:\/\/api.w.org\/{rel}","templated":true}]}}