{"id":699420,"date":"2025-08-27T14:50:53","date_gmt":"2025-08-27T11:50:53","guid":{"rendered":"https:\/\/roveyayinevi.com.tr\/index.php\/urun\/kuresellesme-ve-yaslilik\/"},"modified":"2026-01-29T02:16:06","modified_gmt":"2026-01-28T23:16:06","slug":"kuresellesme-ve-yaslilik","status":"publish","type":"product","link":"https:\/\/roveyayinevi.com.tr\/index.php\/urun\/kuresellesme-ve-yaslilik\/","title":{"rendered":"K\u00fcreselle\u015fme ve Ya\u015fl\u0131l\u0131k"},"content":{"rendered":"<p>T\u00fcm d\u00fcnyada ya\u015fanan demografik de\u011fi\u015fim, d\u00fcnya n\u00fcfusunun ya\u015flanmakta oldu\u011funu g\u00f6stermektedir. Ancak ya\u015flanmaya ba\u011fl\u0131 konular, ekonomik, sosyal ve politik a\u00e7\u0131dan de\u011ferlendirilmedik\u00e7e, demografi yaln\u0131zca say\u0131lardan ibaret kalacakt\u0131r. K\u00fcreselle\u015fme ve neoliberalizmle birlikte, d\u00fcnyada sa\u011fl\u0131k, emeklilik, bak\u0131m gibi devletin sorumlulu\u011funda olmas\u0131 gereken konulara bak\u0131\u015f a\u00e7\u0131s\u0131 de\u011fi\u015fmi\u015ftir. Ya\u015fl\u0131l\u0131k, bu bak\u0131\u015f a\u00e7\u0131s\u0131na ba\u011fl\u0131 olarak \u00fclke ekonomilerine bir y\u00fck olarak g\u00f6r\u00fclmekte ve gelecekte n\u00fcfusun ya\u015flanmas\u0131na y\u00f6nelik tedbirler, bireylerin sorumlulu\u011funa b\u0131rak\u0131lmaktad\u0131r. Bu \u00e7al\u0131\u015fmada, Bat\u0131da anaak\u0131m gerontolojik yakla\u015f\u0131mlar\u0131n d\u0131\u015f\u0131nda ortaya \u00e7\u0131kan ele\u015ftirel gerontoloji \u00e7al\u0131\u015fmalar\u0131ndan \u00f6rneklerle k\u00fcreselle\u015fme ve ya\u015fl\u0131l\u0131k konusu ele al\u0131nmaktad\u0131r. Buna ba\u011fl\u0131 olarak T\u00fcrkiye\u2019de ya\u015fl\u0131l\u0131k, g\u00fcncel geli\u015fmeler \u0131\u015f\u0131\u011f\u0131nda de\u011ferlendirilmektedir. Kitap, T\u00fcrkiye\u2019de ya\u015fl\u0131l\u0131k ve gerontoloji bilimine ilginin artt\u0131\u011f\u0131 son d\u00f6nemlerde bu konuda yaz\u0131l\u0131 T\u00fcrk\u00e7e kaynak bulmakta zorlanan \u00f6\u011frencilere ve ya\u015fl\u0131l\u0131k alan\u0131nda \u00e7al\u0131\u015fan ara\u015ft\u0131rmac\u0131lara kaynak olmas\u0131 amac\u0131yla haz\u0131rlanm\u0131\u015ft\u0131r. <\/p>\n","protected":false},"excerpt":{"rendered":"<p>T\u00fcm d\u00fcnyada ya\u015fanan demografik de\u011fi\u015fim, d\u00fcnya n\u00fcfusunun ya\u015flanmakta oldu\u011funu g\u00f6stermektedir. Ancak ya\u015flanmaya ba\u011fl\u0131 konular, ekonomik, sosyal ve politik a\u00e7\u0131dan de\u011ferlendirilmedik\u00e7e, demografi yaln\u0131zca say\u0131lardan ibaret kalacakt\u0131r. K\u00fcreselle\u015fme<span class=\"excerpt-hellip\"> [\u2026]<\/span><\/p>\n","protected":false},"featured_media":0,"template":"","meta":{"_monsterinsights_skip_tracking":false,"_monsterinsights_sitenote_active":false,"_monsterinsights_sitenote_note":"","_monsterinsights_sitenote_category":0},"product_brand":[],"product_cat":[12767,12324],"product_tag":[],"class_list":{"0":"post-699420","1":"product","2":"type-product","3":"status-publish","5":"product_cat-kentlesme-modernlesme","6":"product_cat-sosyoloji","7":"pa_cilt-ciltsiz","8":"pa_tur-kitap","9":"pa_yayinevi-utopya-yayinevi","10":"pa_yazar-nilufer-korkmaz","12":"first","13":"instock","14":"sale","15":"shipping-taxable","16":"purchasable","17":"product-type-simple"},"_links":{"self":[{"href":"https:\/\/roveyayinevi.com.tr\/index.php\/wp-json\/wp\/v2\/product\/699420","targetHints":{"allow":["GET"]}}],"collection":[{"href":"https:\/\/roveyayinevi.com.tr\/index.php\/wp-json\/wp\/v2\/product"}],"about":[{"href":"https:\/\/roveyayinevi.com.tr\/index.php\/wp-json\/wp\/v2\/types\/product"}],"wp:attachment":[{"href":"https:\/\/roveyayinevi.com.tr\/index.php\/wp-json\/wp\/v2\/media?parent=699420"}],"wp:term":[{"taxonomy":"product_brand","embeddable":true,"href":"https:\/\/roveyayinevi.com.tr\/index.php\/wp-json\/wp\/v2\/product_brand?post=699420"},{"taxonomy":"product_cat","embeddable":true,"href":"https:\/\/roveyayinevi.com.tr\/index.php\/wp-json\/wp\/v2\/product_cat?post=699420"},{"taxonomy":"product_tag","embeddable":true,"href":"https:\/\/roveyayinevi.com.tr\/index.php\/wp-json\/wp\/v2\/product_tag?post=699420"}],"curies":[{"name":"wp","href":"https:\/\/api.w.org\/{rel}","templated":true}]}}