{"id":699412,"date":"2025-08-27T14:50:51","date_gmt":"2025-08-27T11:50:51","guid":{"rendered":"https:\/\/roveyayinevi.com.tr\/index.php\/urun\/kanuni-sultan-suleyman-2\/"},"modified":"2026-04-16T02:08:47","modified_gmt":"2026-04-15T23:08:47","slug":"kanuni-sultan-suleyman-2","status":"publish","type":"product","link":"https:\/\/roveyayinevi.com.tr\/index.php\/urun\/kanuni-sultan-suleyman-2\/","title":{"rendered":"Kanuni Sultan S\u00fcleyman"},"content":{"rendered":"<p>Bat\u0131l\u0131lar\u0131n \u0131srarla \u201cMuhte\u015fem S\u00fcleyman\u201d dedi\u011fi , \u201cCihan H\u00e2kan\u0131\u201d bir devlet ba\u015fkan\u0131n\u0131n, bir imparatorlu\u011fu en az kusurla y\u00f6neti\u015finin, devlet adaml\u0131\u011f\u0131nda en parlak \u00f6rnek olu\u015funun temel s\u0131rlar\u0131 nelerdi? Y\u0131lmaz \u00d6ztuna bu eserinde, Pax Ottomana&#8217;y\u0131 kuran ve d\u00fcnyaya Osmanl\u0131 d\u00fczenini kabul ettiren Sultan S\u00fcleyman H\u00e2n&#8217;\u0131n siyasi ve asker\u00ee hayat\u0131n\u0131, benzerleriyle bile mukayese kabul etmez g\u00f6r\u00fclen h\u00fck\u00fcmranl\u0131\u011f\u0131n\u0131, onu \u201cKan\u00fbn\u00ee\u201d yapan vasf\u0131n\u0131, ba\u015far\u0131lar\u0131na y\u00f6n veren deh\u00e2s\u0131n\u0131 anlat\u0131yor. Kan\u00fbn\u00ee Sultan S\u00fcleyman, bu i\u015fi tek ba\u015f\u0131na yapmad\u0131. B\u00fct\u00fcn T\u00fcrk tarihinde tesad\u00fcf edilen en m\u00fckemmel ekibi (Fr. \u00e9quipe formidable) olu\u015fturarak yapt\u0131. Ondaki bu ekip olu\u015fturma deh\u00e2s\u0131na, ba\u015fka hi\u00e7bir devlet ba\u015fkan\u0131nda tesad\u00fcf edilmemektedir. Sultan S\u00fcleyman, her sahada, askerlikte, denizcilikte, edebiyatta, \u015fiirde, san&#8217;atta, y\u00f6neticilikte, ilimde en yetenekli ki\u015fileri temyiz ve te\u015fhis eder, y\u00fckseltir, himaye ve te\u015fvik eder, sahalar\u0131nda hizmet etmeleri i\u00e7in elinden geleni yapar, onlar\u0131 en \u00e7ok i\u015fe yarayacaklar\u0131 alanlarda kullan\u0131rd\u0131. Barbaros Hayreddin Pa\u015fa, mimar Koca Sinan, Bak\u00ee gibi eri\u015filmez deh\u00e2lar\u0131 ortaya \u00e7\u0131karan odur.<\/p>\n","protected":false},"excerpt":{"rendered":"<p>Bat\u0131l\u0131lar\u0131n \u0131srarla \u201cMuhte\u015fem S\u00fcleyman\u201d dedi\u011fi , \u201cCihan H\u00e2kan\u0131\u201d bir devlet ba\u015fkan\u0131n\u0131n, bir imparatorlu\u011fu en az kusurla y\u00f6neti\u015finin, devlet adaml\u0131\u011f\u0131nda en parlak \u00f6rnek olu\u015funun temel s\u0131rlar\u0131 nelerdi?<span class=\"excerpt-hellip\"> [\u2026]<\/span><\/p>\n","protected":false},"featured_media":0,"template":"","meta":{"_monsterinsights_skip_tracking":false,"_monsterinsights_sitenote_active":false,"_monsterinsights_sitenote_note":"","_monsterinsights_sitenote_category":0},"product_brand":[],"product_cat":[13517,12304],"product_tag":[],"class_list":{"0":"post-699412","1":"product","2":"type-product","3":"status-publish","5":"product_cat-osmanli-tarihi","6":"product_cat-tarih","7":"pa_cilt-ciltsiz","8":"pa_tur-kitap","9":"pa_yayinevi-otuken-nesriyat","10":"pa_yazar-yilmaz-oztuna","12":"first","13":"instock","14":"sale","15":"shipping-taxable","16":"purchasable","17":"product-type-simple"},"_links":{"self":[{"href":"https:\/\/roveyayinevi.com.tr\/index.php\/wp-json\/wp\/v2\/product\/699412","targetHints":{"allow":["GET"]}}],"collection":[{"href":"https:\/\/roveyayinevi.com.tr\/index.php\/wp-json\/wp\/v2\/product"}],"about":[{"href":"https:\/\/roveyayinevi.com.tr\/index.php\/wp-json\/wp\/v2\/types\/product"}],"wp:attachment":[{"href":"https:\/\/roveyayinevi.com.tr\/index.php\/wp-json\/wp\/v2\/media?parent=699412"}],"wp:term":[{"taxonomy":"product_brand","embeddable":true,"href":"https:\/\/roveyayinevi.com.tr\/index.php\/wp-json\/wp\/v2\/product_brand?post=699412"},{"taxonomy":"product_cat","embeddable":true,"href":"https:\/\/roveyayinevi.com.tr\/index.php\/wp-json\/wp\/v2\/product_cat?post=699412"},{"taxonomy":"product_tag","embeddable":true,"href":"https:\/\/roveyayinevi.com.tr\/index.php\/wp-json\/wp\/v2\/product_tag?post=699412"}],"curies":[{"name":"wp","href":"https:\/\/api.w.org\/{rel}","templated":true}]}}