{"id":699407,"date":"2025-08-27T14:50:49","date_gmt":"2025-08-27T11:50:49","guid":{"rendered":"https:\/\/roveyayinevi.com.tr\/index.php\/urun\/sosyal-hizmete-giris\/"},"modified":"2026-04-16T02:08:47","modified_gmt":"2026-04-15T23:08:47","slug":"sosyal-hizmete-giris","status":"publish","type":"product","link":"https:\/\/roveyayinevi.com.tr\/index.php\/urun\/sosyal-hizmete-giris\/","title":{"rendered":"Sosyal Hizmete Giri\u015f"},"content":{"rendered":"<p>Sosyal Hizmete Giri\u015f, \u00f6\u011frencilerin sosyal hizmet alan\u0131na olan ilgisini art\u0131rmak ve sosyal hizmetlere dair tecr\u00fcbeye dayanan temel bilgiler sunmak i\u00e7in haz\u0131rlanm\u0131\u015ft\u0131r. Kitap, toplumsal sorun yakla\u015f\u0131m\u0131n\u0131 kullanarak, yoksulluk, \u00e7ocuk istismar\u0131, duygusal ve davran\u0131\u015fsal sorunlar, cinsiyet\u00e7ilik, alkolizm, su\u00e7, madde ba\u011f\u0131ml\u0131l\u0131\u011f\u0131, aile i\u00e7i sorunlar, fiziksel ve zihinsel engellilikler, \u0131rk\u00e7\u0131l\u0131k, etnisiteye dair sorunlar, e\u011fitimdeki problemler, a\u015f\u0131r\u0131 n\u00fcfus, cinsel sald\u0131r\u0131 ve di\u011fer sorunlardan insanlar\u0131n nas\u0131l etkilendiklerini betimlemektedir. Bu t\u00fcr sorunlar\u0131n \u00f6z\u00fc, boyutlar\u0131 ve nedenleri hakk\u0131nda pek \u00e7ok bilgiye de kitap boyunca yer verilmi\u015ftir. Kitap ayr\u0131ca okuyucunun yard\u0131ma muhta\u00e7 insanlar\u0131 tan\u0131mas\u0131n\u0131 sa\u011flayacak vaka \u00f6rnekleri de i\u00e7ermektedir. Say\u0131s\u0131z vaka \u00f6rne\u011fi ve vaka sunumu, okuyucuya, sorunlar\u0131n insanlar\u0131 nas\u0131l etkiledi\u011fine dair bir fark\u0131ndal\u0131k \u201cduygusu\u201d sa\u011flamakta ve sosyal hizmet uzman\u0131 olman\u0131n nas\u0131l bir durum oldu\u011funu aktarmaktad\u0131r. <\/p>\n","protected":false},"excerpt":{"rendered":"<p>Sosyal Hizmete Giri\u015f, \u00f6\u011frencilerin sosyal hizmet alan\u0131na olan ilgisini art\u0131rmak ve sosyal hizmetlere dair tecr\u00fcbeye dayanan temel bilgiler sunmak i\u00e7in haz\u0131rlanm\u0131\u015ft\u0131r. Kitap, toplumsal sorun yakla\u015f\u0131m\u0131n\u0131 kullanarak,<span class=\"excerpt-hellip\"> [\u2026]<\/span><\/p>\n","protected":false},"featured_media":0,"template":"","meta":{"_monsterinsights_skip_tracking":false,"_monsterinsights_sitenote_active":false,"_monsterinsights_sitenote_note":"","_monsterinsights_sitenote_category":0},"product_brand":[],"product_cat":[12835,12324],"product_tag":[],"class_list":{"0":"post-699407","1":"product","2":"type-product","3":"status-publish","5":"product_cat-genel-sosyoloji","6":"product_cat-sosyoloji","7":"pa_cilt-ciltsiz","8":"pa_tur-kitap","9":"pa_yayinevi-nika-yayinevi","10":"pa_yazar-charles-zastrow","12":"first","13":"instock","14":"sale","15":"shipping-taxable","16":"purchasable","17":"product-type-simple"},"_links":{"self":[{"href":"https:\/\/roveyayinevi.com.tr\/index.php\/wp-json\/wp\/v2\/product\/699407","targetHints":{"allow":["GET"]}}],"collection":[{"href":"https:\/\/roveyayinevi.com.tr\/index.php\/wp-json\/wp\/v2\/product"}],"about":[{"href":"https:\/\/roveyayinevi.com.tr\/index.php\/wp-json\/wp\/v2\/types\/product"}],"wp:attachment":[{"href":"https:\/\/roveyayinevi.com.tr\/index.php\/wp-json\/wp\/v2\/media?parent=699407"}],"wp:term":[{"taxonomy":"product_brand","embeddable":true,"href":"https:\/\/roveyayinevi.com.tr\/index.php\/wp-json\/wp\/v2\/product_brand?post=699407"},{"taxonomy":"product_cat","embeddable":true,"href":"https:\/\/roveyayinevi.com.tr\/index.php\/wp-json\/wp\/v2\/product_cat?post=699407"},{"taxonomy":"product_tag","embeddable":true,"href":"https:\/\/roveyayinevi.com.tr\/index.php\/wp-json\/wp\/v2\/product_tag?post=699407"}],"curies":[{"name":"wp","href":"https:\/\/api.w.org\/{rel}","templated":true}]}}