{"id":699367,"date":"2025-08-27T14:50:38","date_gmt":"2025-08-27T11:50:38","guid":{"rendered":"https:\/\/roveyayinevi.com.tr\/index.php\/urun\/evrensel-esit-kuyruklu-canli\/"},"modified":"2026-04-16T02:08:46","modified_gmt":"2026-04-15T23:08:46","slug":"evrensel-esit-kuyruklu-canli","status":"publish","type":"product","link":"https:\/\/roveyayinevi.com.tr\/index.php\/urun\/evrensel-esit-kuyruklu-canli\/","title":{"rendered":"Evrensel E\u015fit Kuyruklu Canl\u0131"},"content":{"rendered":"<p>Ana rahminde beyin ve merkezi sinir sisteminin olu\u015fmas\u0131yla \u201cesas canl\u0131\u201dn\u0131n ortaya \u00e7\u0131kt\u0131\u011f\u0131n\u0131 s\u00f6yleyen ve buna \u201cEvrensel E\u015fit Kuyruklu Canl\u0131\u201d ad\u0131n\u0131 veren yazar ayn\u0131 ad\u0131 ta\u015f\u0131yan kitab\u0131n\u0131n 1.cildinde ara\u015ft\u0131rmalar\u0131n\u0131, Elmal\u0131l\u0131 Hamdi Yaz\u0131r&#8217;\u0131n Kuran tefsirinden de faydalanarak, kutsal kitaplarda ve \u00f6zellikle Kuran&#8217;da bu canl\u0131n\u0131n izlerine yo\u011funla\u015ft\u0131r\u0131yor. Kad\u0131n erkek e\u015fitli\u011finden son d\u00f6nemlerde g\u00fcndemimize giren demokratik a\u00e7\u0131l\u0131m tart\u0131\u015fmalar\u0131na kadar farkl\u0131 konulara yeni vurgular yap\u0131yor. Her t\u00fcrl\u00fc e\u015fitsizlik ve \u015fiddetin sona erdirilebilmesi i\u00e7in \u201cEvrensel Kuyruklu Canl\u0131\u201dn\u0131n e\u015fitli\u011fini temel almam\u0131z gerekti\u011fini g\u00f6steriyor. Karma\u015f\u0131k bir varl\u0131k olan insan\u0131, tarih, efsaneler, evrensel sembol ve r\u00fcya dili, kutsal kitaplar ve kuantum ara\u015ft\u0131rmalar\u0131 gibi de\u011fi\u015fik disiplinlerin sa\u011flad\u0131\u011f\u0131 bilgileri psikoloji biliminin verilerinden s\u00fczerek anlamaya ve anlatmaya \u00e7al\u0131\u015f\u0131yor. \ufffcTan\u0131t\u0131m Metni<\/p>\n","protected":false},"excerpt":{"rendered":"<p>Ana rahminde beyin ve merkezi sinir sisteminin olu\u015fmas\u0131yla \u201cesas canl\u0131\u201dn\u0131n ortaya \u00e7\u0131kt\u0131\u011f\u0131n\u0131 s\u00f6yleyen ve buna \u201cEvrensel E\u015fit Kuyruklu Canl\u0131\u201d ad\u0131n\u0131 veren yazar ayn\u0131 ad\u0131 ta\u015f\u0131yan kitab\u0131n\u0131n<span class=\"excerpt-hellip\"> [\u2026]<\/span><\/p>\n","protected":false},"featured_media":0,"template":"","meta":{"_monsterinsights_skip_tracking":false,"_monsterinsights_sitenote_active":false,"_monsterinsights_sitenote_note":"","_monsterinsights_sitenote_category":0},"product_brand":[],"product_cat":[13005,13006],"product_tag":[],"class_list":{"0":"post-699367","1":"product","2":"type-product","3":"status-publish","5":"product_cat-bilim-muhendislik","6":"product_cat-populer-bilim","7":"pa_tur-kitap","8":"pa_yayinevi-abis-yayincilik","9":"pa_yazar-nusret-kaya","11":"first","12":"instock","13":"sale","14":"shipping-taxable","15":"purchasable","16":"product-type-simple"},"_links":{"self":[{"href":"https:\/\/roveyayinevi.com.tr\/index.php\/wp-json\/wp\/v2\/product\/699367","targetHints":{"allow":["GET"]}}],"collection":[{"href":"https:\/\/roveyayinevi.com.tr\/index.php\/wp-json\/wp\/v2\/product"}],"about":[{"href":"https:\/\/roveyayinevi.com.tr\/index.php\/wp-json\/wp\/v2\/types\/product"}],"wp:attachment":[{"href":"https:\/\/roveyayinevi.com.tr\/index.php\/wp-json\/wp\/v2\/media?parent=699367"}],"wp:term":[{"taxonomy":"product_brand","embeddable":true,"href":"https:\/\/roveyayinevi.com.tr\/index.php\/wp-json\/wp\/v2\/product_brand?post=699367"},{"taxonomy":"product_cat","embeddable":true,"href":"https:\/\/roveyayinevi.com.tr\/index.php\/wp-json\/wp\/v2\/product_cat?post=699367"},{"taxonomy":"product_tag","embeddable":true,"href":"https:\/\/roveyayinevi.com.tr\/index.php\/wp-json\/wp\/v2\/product_tag?post=699367"}],"curies":[{"name":"wp","href":"https:\/\/api.w.org\/{rel}","templated":true}]}}