{"id":699360,"date":"2025-08-27T14:50:36","date_gmt":"2025-08-27T11:50:36","guid":{"rendered":"https:\/\/roveyayinevi.com.tr\/index.php\/urun\/altin-nine\/"},"modified":"2026-04-16T02:08:46","modified_gmt":"2026-04-15T23:08:46","slug":"altin-nine","status":"publish","type":"product","link":"https:\/\/roveyayinevi.com.tr\/index.php\/urun\/altin-nine\/","title":{"rendered":"Alt\u0131n Nine"},"content":{"rendered":"<p>Kitapta T\u00fcrk edebiyat\u0131n\u0131n Cumhuriyet \u00f6ncesi yazarlar\u0131ndan se\u00e7ilmi\u015f dokuz hik\u00e2ye yer al\u0131yor. Se\u00e7ilen hik\u00e2yelerin \u00f6zelli\u011fi: Genellikle \u00e7ocuk kahramanlar\u0131n yer almas\u0131 ve olaylara \u00e7ocuklar\u0131n g\u00f6z\u00fcyle bak\u0131lmas\u0131.<\/p>\n","protected":false},"excerpt":{"rendered":"<p>Kitapta T\u00fcrk edebiyat\u0131n\u0131n Cumhuriyet \u00f6ncesi yazarlar\u0131ndan se\u00e7ilmi\u015f dokuz hik\u00e2ye yer al\u0131yor. Se\u00e7ilen hik\u00e2yelerin \u00f6zelli\u011fi: Genellikle \u00e7ocuk kahramanlar\u0131n yer almas\u0131 ve olaylara \u00e7ocuklar\u0131n g\u00f6z\u00fcyle bak\u0131lmas\u0131.<\/p>\n","protected":false},"featured_media":0,"template":"","meta":{"_monsterinsights_skip_tracking":false,"_monsterinsights_sitenote_active":false,"_monsterinsights_sitenote_note":"","_monsterinsights_sitenote_category":0},"product_brand":[],"product_cat":[12274,12284],"product_tag":[],"class_list":{"0":"post-699360","1":"product","2":"type-product","3":"status-publish","5":"product_cat-cocuk-ve-genclik-kitaplari","6":"product_cat-hikayeler","7":"pa_cilt-ciltsiz","8":"pa_tur-kitap","9":"pa_yayinevi-erdem-cocuk","10":"pa_yazar-kollektif","12":"first","13":"instock","14":"sale","15":"shipping-taxable","16":"purchasable","17":"product-type-simple"},"_links":{"self":[{"href":"https:\/\/roveyayinevi.com.tr\/index.php\/wp-json\/wp\/v2\/product\/699360","targetHints":{"allow":["GET"]}}],"collection":[{"href":"https:\/\/roveyayinevi.com.tr\/index.php\/wp-json\/wp\/v2\/product"}],"about":[{"href":"https:\/\/roveyayinevi.com.tr\/index.php\/wp-json\/wp\/v2\/types\/product"}],"wp:attachment":[{"href":"https:\/\/roveyayinevi.com.tr\/index.php\/wp-json\/wp\/v2\/media?parent=699360"}],"wp:term":[{"taxonomy":"product_brand","embeddable":true,"href":"https:\/\/roveyayinevi.com.tr\/index.php\/wp-json\/wp\/v2\/product_brand?post=699360"},{"taxonomy":"product_cat","embeddable":true,"href":"https:\/\/roveyayinevi.com.tr\/index.php\/wp-json\/wp\/v2\/product_cat?post=699360"},{"taxonomy":"product_tag","embeddable":true,"href":"https:\/\/roveyayinevi.com.tr\/index.php\/wp-json\/wp\/v2\/product_tag?post=699360"}],"curies":[{"name":"wp","href":"https:\/\/api.w.org\/{rel}","templated":true}]}}