{"id":699347,"date":"2025-08-27T14:50:32","date_gmt":"2025-08-27T11:50:32","guid":{"rendered":"https:\/\/roveyayinevi.com.tr\/index.php\/urun\/girisimcilik-okulu\/"},"modified":"2026-04-16T02:08:45","modified_gmt":"2026-04-15T23:08:45","slug":"girisimcilik-okulu","status":"publish","type":"product","link":"https:\/\/roveyayinevi.com.tr\/index.php\/urun\/girisimcilik-okulu\/","title":{"rendered":"Giri\u015fimcilik Okulu"},"content":{"rendered":"<p>T\u00fcrkiye\u2019nin h\u0131zla zenginle\u015ferek refah toplumu haline gelmesi \u015fart. Bu nedenle giri\u015fimcilik b\u00fcy\u00fck \u00f6nem ta\u015f\u0131yor. Ama bug\u00fcn kurulan her 100 i\u015fletmenin 10 y\u0131l sonra 90\u2019\u0131 hayatta olmayacak. Yirmi birinci y\u00fczy\u0131lda d\u00fcnya ekonomisi k\u00f6kten de\u011fi\u015fiyor. \u201cGiri\u015fimci d\u00fc\u015f\u00fcnce\u201d zenginlik yaratman\u0131n itici g\u00fcc\u00fc haline gelirken giri\u015fimci de, giri\u015fimcilik de d\u00f6n\u00fc\u015f\u00fcme u\u011fruyor. Hi\u00e7bir \u015fey eski, babadan kalma y\u00f6ntemler veya geleneksel yollarla y\u00fcr\u00fcm\u00fcyor. <\/p>\n","protected":false},"excerpt":{"rendered":"<p>T\u00fcrkiye\u2019nin h\u0131zla zenginle\u015ferek refah toplumu haline gelmesi \u015fart. Bu nedenle giri\u015fimcilik b\u00fcy\u00fck \u00f6nem ta\u015f\u0131yor. Ama bug\u00fcn kurulan her 100 i\u015fletmenin 10 y\u0131l sonra 90\u2019\u0131 hayatta olmayacak.<span class=\"excerpt-hellip\"> [\u2026]<\/span><\/p>\n","protected":false},"featured_media":0,"template":"","meta":{"_monsterinsights_skip_tracking":false,"_monsterinsights_sitenote_active":false,"_monsterinsights_sitenote_note":"","_monsterinsights_sitenote_category":0},"product_brand":[],"product_cat":[13043,14144],"product_tag":[],"class_list":{"0":"post-699347","1":"product","2":"type-product","3":"status-publish","5":"product_cat-ekonomi","6":"product_cat-turkiye-ekonomisi","7":"pa_tur-kitap","8":"pa_yayinevi-kuraldisi-yayinevi","9":"pa_yazar-e-aysan-doganer","11":"first","12":"instock","13":"sale","14":"shipping-taxable","15":"purchasable","16":"product-type-simple"},"_links":{"self":[{"href":"https:\/\/roveyayinevi.com.tr\/index.php\/wp-json\/wp\/v2\/product\/699347","targetHints":{"allow":["GET"]}}],"collection":[{"href":"https:\/\/roveyayinevi.com.tr\/index.php\/wp-json\/wp\/v2\/product"}],"about":[{"href":"https:\/\/roveyayinevi.com.tr\/index.php\/wp-json\/wp\/v2\/types\/product"}],"wp:attachment":[{"href":"https:\/\/roveyayinevi.com.tr\/index.php\/wp-json\/wp\/v2\/media?parent=699347"}],"wp:term":[{"taxonomy":"product_brand","embeddable":true,"href":"https:\/\/roveyayinevi.com.tr\/index.php\/wp-json\/wp\/v2\/product_brand?post=699347"},{"taxonomy":"product_cat","embeddable":true,"href":"https:\/\/roveyayinevi.com.tr\/index.php\/wp-json\/wp\/v2\/product_cat?post=699347"},{"taxonomy":"product_tag","embeddable":true,"href":"https:\/\/roveyayinevi.com.tr\/index.php\/wp-json\/wp\/v2\/product_tag?post=699347"}],"curies":[{"name":"wp","href":"https:\/\/api.w.org\/{rel}","templated":true}]}}