{"id":699346,"date":"2025-08-27T14:50:32","date_gmt":"2025-08-27T11:50:32","guid":{"rendered":"https:\/\/roveyayinevi.com.tr\/index.php\/urun\/insan-olma-hakki\/"},"modified":"2026-04-16T02:08:45","modified_gmt":"2026-04-15T23:08:45","slug":"insan-olma-hakki","status":"publish","type":"product","link":"https:\/\/roveyayinevi.com.tr\/index.php\/urun\/insan-olma-hakki\/","title":{"rendered":"\u0130nsan Olma Hakk\u0131"},"content":{"rendered":"<p>Ger\u00e7ek kapasitenizin \u00e7ok alt\u0131nda bir ya\u015fam s\u00fcrmeye raz\u0131 olursan\u0131z ya\u015fam\u0131n\u0131z\u0131n sonuna kadar mutsuz olursunuz. B\u00f6ylesine bir yetinmeye raz\u0131 olmakla kendi kapasitenizden, kendi olas\u0131l\u0131klar\u0131n\u0131zdan ka\u00e7m\u0131\u015f olursunuz. <\/p>\n","protected":false},"excerpt":{"rendered":"<p>Ger\u00e7ek kapasitenizin \u00e7ok alt\u0131nda bir ya\u015fam s\u00fcrmeye raz\u0131 olursan\u0131z ya\u015fam\u0131n\u0131z\u0131n sonuna kadar mutsuz olursunuz. B\u00f6ylesine bir yetinmeye raz\u0131 olmakla kendi kapasitenizden, kendi olas\u0131l\u0131klar\u0131n\u0131zdan ka\u00e7m\u0131\u015f olursunuz.<\/p>\n","protected":false},"featured_media":0,"template":"","meta":{"_monsterinsights_skip_tracking":false,"_monsterinsights_sitenote_active":false,"_monsterinsights_sitenote_note":"","_monsterinsights_sitenote_category":0},"product_brand":[],"product_cat":[14009,12291],"product_tag":[],"class_list":{"0":"post-699346","1":"product","2":"type-product","3":"status-publish","5":"product_cat-biyografi-otobiyografi-edebiyat","6":"product_cat-edebiyat","7":"pa_tur-kitap","8":"pa_yayinevi-kuraldisi-yayinevi","9":"pa_yazar-edward-hoffman","11":"first","12":"instock","13":"sale","14":"shipping-taxable","15":"purchasable","16":"product-type-simple"},"_links":{"self":[{"href":"https:\/\/roveyayinevi.com.tr\/index.php\/wp-json\/wp\/v2\/product\/699346","targetHints":{"allow":["GET"]}}],"collection":[{"href":"https:\/\/roveyayinevi.com.tr\/index.php\/wp-json\/wp\/v2\/product"}],"about":[{"href":"https:\/\/roveyayinevi.com.tr\/index.php\/wp-json\/wp\/v2\/types\/product"}],"wp:attachment":[{"href":"https:\/\/roveyayinevi.com.tr\/index.php\/wp-json\/wp\/v2\/media?parent=699346"}],"wp:term":[{"taxonomy":"product_brand","embeddable":true,"href":"https:\/\/roveyayinevi.com.tr\/index.php\/wp-json\/wp\/v2\/product_brand?post=699346"},{"taxonomy":"product_cat","embeddable":true,"href":"https:\/\/roveyayinevi.com.tr\/index.php\/wp-json\/wp\/v2\/product_cat?post=699346"},{"taxonomy":"product_tag","embeddable":true,"href":"https:\/\/roveyayinevi.com.tr\/index.php\/wp-json\/wp\/v2\/product_tag?post=699346"}],"curies":[{"name":"wp","href":"https:\/\/api.w.org\/{rel}","templated":true}]}}