{"id":699337,"date":"2025-08-27T14:50:29","date_gmt":"2025-08-27T11:50:29","guid":{"rendered":"https:\/\/roveyayinevi.com.tr\/index.php\/urun\/mod-terapisi\/"},"modified":"2026-04-16T02:08:45","modified_gmt":"2026-04-15T23:08:45","slug":"mod-terapisi","status":"publish","type":"product","link":"https:\/\/roveyayinevi.com.tr\/index.php\/urun\/mod-terapisi\/","title":{"rendered":"Mod Terapisi"},"content":{"rendered":"<p>Vicdan, evham, utan\u00e7, panik, h\u00fcz\u00fcn, reddedilme ve d\u0131\u015flanm\u0131\u015fl\u0131k duygular\u0131\u2026 Bu duygular size tan\u0131d\u0131k geliyor mu? S\u0131k s\u0131k belirli duygulara kap\u0131l\u0131yor, inat\u00e7\u0131 kal\u0131plardan kolay kolay kurtulam\u0131yor musunuz? \ufffcTan\u0131t\u0131m Metni<\/p>\n","protected":false},"excerpt":{"rendered":"<p>Vicdan, evham, utan\u00e7, panik, h\u00fcz\u00fcn, reddedilme ve d\u0131\u015flanm\u0131\u015fl\u0131k duygular\u0131\u2026 Bu duygular size tan\u0131d\u0131k geliyor mu? S\u0131k s\u0131k belirli duygulara kap\u0131l\u0131yor, inat\u00e7\u0131 kal\u0131plardan kolay kolay kurtulam\u0131yor musunuz?<span class=\"excerpt-hellip\"> [\u2026]<\/span><\/p>\n","protected":false},"featured_media":0,"template":"","meta":{"_monsterinsights_skip_tracking":false,"_monsterinsights_sitenote_active":false,"_monsterinsights_sitenote_note":"","_monsterinsights_sitenote_category":0},"product_brand":[],"product_cat":[14787,13488],"product_tag":[],"class_list":{"0":"post-699337","1":"product","2":"type-product","3":"status-publish","5":"product_cat-diger-toplum-ve-insan","6":"product_cat-toplum-ve-insan","7":"pa_cilt-ciltsiz","8":"pa_tur-kitap","9":"pa_yayinevi-psikonet-yayinlari","10":"pa_yazar-laura-seebauer","12":"first","13":"instock","14":"sale","15":"shipping-taxable","16":"purchasable","17":"product-type-simple"},"_links":{"self":[{"href":"https:\/\/roveyayinevi.com.tr\/index.php\/wp-json\/wp\/v2\/product\/699337","targetHints":{"allow":["GET"]}}],"collection":[{"href":"https:\/\/roveyayinevi.com.tr\/index.php\/wp-json\/wp\/v2\/product"}],"about":[{"href":"https:\/\/roveyayinevi.com.tr\/index.php\/wp-json\/wp\/v2\/types\/product"}],"wp:attachment":[{"href":"https:\/\/roveyayinevi.com.tr\/index.php\/wp-json\/wp\/v2\/media?parent=699337"}],"wp:term":[{"taxonomy":"product_brand","embeddable":true,"href":"https:\/\/roveyayinevi.com.tr\/index.php\/wp-json\/wp\/v2\/product_brand?post=699337"},{"taxonomy":"product_cat","embeddable":true,"href":"https:\/\/roveyayinevi.com.tr\/index.php\/wp-json\/wp\/v2\/product_cat?post=699337"},{"taxonomy":"product_tag","embeddable":true,"href":"https:\/\/roveyayinevi.com.tr\/index.php\/wp-json\/wp\/v2\/product_tag?post=699337"}],"curies":[{"name":"wp","href":"https:\/\/api.w.org\/{rel}","templated":true}]}}