{"id":699335,"date":"2025-08-27T14:50:29","date_gmt":"2025-08-27T11:50:29","guid":{"rendered":"https:\/\/roveyayinevi.com.tr\/index.php\/urun\/gogu-delen-adam\/"},"modified":"2026-04-16T02:08:45","modified_gmt":"2026-04-15T23:08:45","slug":"gogu-delen-adam","status":"publish","type":"product","link":"https:\/\/roveyayinevi.com.tr\/index.php\/urun\/gogu-delen-adam\/","title":{"rendered":"G\u00f6\u011f\u00fc Delen Adam"},"content":{"rendered":"<p>D\u00fcnya edebiyat\u0131n\u0131n klasiklerinden say\u0131lan G\u00f6\u011f\u00fc Delen Adam, okurlar\u0131 fethetmeye devam ediyor.   Papalagi denince \u201cbeyazlar\u201d ya da \u201cyabanc\u0131lar\u201d anla\u015f\u0131l\u0131r, ama s\u00f6zc\u00fc\u011f\u00fc s\u00f6zc\u00fc\u011f\u00fcne \u00e7evrilirse \u201cg\u00f6\u011f\u00fc delen\u201d anlam\u0131na gelir. Samoa\u2019ya ilk misyoner, bir yelkenliyle gelmi\u015fti. Yerliler bu beyaz yelkenliyi ufukta bir delik olarak g\u00f6rd\u00fcler, beyaz adam\u0131n i\u00e7inden \u00e7\u0131k\u0131p kendilerine geldi\u011fi bir delik. O, g\u00f6\u011f\u00fc delip ge\u00e7mi\u015fti.   Y\u00fczy\u0131l\u0131m\u0131z\u0131n ba\u015flar\u0131nda yay\u0131mlanan G\u00f6\u011f\u00fc Delen Adam bug\u00fcn art\u0131k bir ye\u015fil klasi\u011fi olarak okunurken, ba\u015fl\u0131\u011f\u0131n\u0131n kaynakland\u0131\u011f\u0131 \u015fiirsel metafor, bir de d\u00fcz anlam i\u00e7ermeye ba\u015fl\u0131yor; \u00e7\u00fcnk\u00fc Papalagi sonunda g\u00f6\u011f\u00fc ger\u00e7ekten delmeyi ba\u015fard\u0131, \u201cozon deli\u011finin\u201d i\u00e7inden ne t\u00fcr bir yelkenlinin \u00e7\u0131kagelece\u011finiyse zaman g\u00f6sterecek. Ahmet G\u00fcng\u00f6ren, \u00c7er\u00e7eve   Teknolojinin g\u00fcnl\u00fck ya\u015fam\u0131m\u0131za getirdi\u011fi a\u00e7mazlar her g\u00fcn d\u00fcnyam\u0131zda yeni \u201chandikap\u201dlar\u0131n kap\u0131lar\u0131n\u0131 aralam\u0131yor mu? Birincisi bu \u201chandikap\u201dlar\u0131 yal\u0131n, s\u00fcss\u00fcz bir dille anlatt\u0131\u011f\u0131 i\u00e7in \u00f6nemli G\u00f6\u011f\u00fc Delen Adam. Uygarl\u0131\u011f\u0131m\u0131z\u0131n bu karma\u015fas\u0131nda y\u00f6neltti\u011fi ac\u0131mas\u0131z oklar\u0131n hedefini bulmas\u0131 a\u00e7\u0131s\u0131ndan \u00f6nemli. Basit de olsa ele\u015ftirisini hakl\u0131 gerek\u00e7elere dayand\u0131rmas\u0131 a\u00e7\u0131s\u0131ndan \u00f6nemli. \u0130kincisi, bize pek az bildi\u011fimiz d\u00fcnyalar\u0131n ufkunu a\u00e7mas\u0131ndan \u00f6nemli. Refik Durba\u015f, Milliyet Sanat   Sadece keyif i\u00e7in de\u011fil, \u00fcniversitede sosyoloji, antropoloji derslerinde ve hatta liselerde sosyal bilgiler derslerinde bile okutulabilir. (&#8230;) Ger\u00e7ek bir Samoal\u0131n\u0131n g\u00f6zleriyle Bat\u0131\u2019y\u0131 g\u00f6rmek, insan\u0131n ufkunu \u00e7ok geni\u015fleten, yorumlara yepyeni boyutlar kazand\u0131ran bir s\u00fcre\u00e7. Semra Somersan, Cumhuriyet <\/p>\n","protected":false},"excerpt":{"rendered":"<p>D\u00fcnya edebiyat\u0131n\u0131n klasiklerinden say\u0131lan G\u00f6\u011f\u00fc Delen Adam, okurlar\u0131 fethetmeye devam ediyor. Papalagi denince \u201cbeyazlar\u201d ya da \u201cyabanc\u0131lar\u201d anla\u015f\u0131l\u0131r, ama s\u00f6zc\u00fc\u011f\u00fc s\u00f6zc\u00fc\u011f\u00fcne \u00e7evrilirse \u201cg\u00f6\u011f\u00fc delen\u201d anlam\u0131na gelir.<span class=\"excerpt-hellip\"> [\u2026]<\/span><\/p>\n","protected":false},"featured_media":0,"template":"","meta":{"_monsterinsights_skip_tracking":false,"_monsterinsights_sitenote_active":false,"_monsterinsights_sitenote_note":"","_monsterinsights_sitenote_category":0},"product_brand":[],"product_cat":[12389,12388],"product_tag":[],"class_list":{"0":"post-699335","1":"product","2":"type-product","3":"status-publish","5":"product_cat-diger-felsefe","6":"product_cat-felsefe","7":"pa_cilt-ciltsiz","8":"pa_tur-kitap","9":"pa_yayinevi-ayrinti-yayinlari","10":"pa_yazar-erich-scheurmann","12":"first","13":"instock","14":"sale","15":"shipping-taxable","16":"purchasable","17":"product-type-simple"},"_links":{"self":[{"href":"https:\/\/roveyayinevi.com.tr\/index.php\/wp-json\/wp\/v2\/product\/699335","targetHints":{"allow":["GET"]}}],"collection":[{"href":"https:\/\/roveyayinevi.com.tr\/index.php\/wp-json\/wp\/v2\/product"}],"about":[{"href":"https:\/\/roveyayinevi.com.tr\/index.php\/wp-json\/wp\/v2\/types\/product"}],"wp:attachment":[{"href":"https:\/\/roveyayinevi.com.tr\/index.php\/wp-json\/wp\/v2\/media?parent=699335"}],"wp:term":[{"taxonomy":"product_brand","embeddable":true,"href":"https:\/\/roveyayinevi.com.tr\/index.php\/wp-json\/wp\/v2\/product_brand?post=699335"},{"taxonomy":"product_cat","embeddable":true,"href":"https:\/\/roveyayinevi.com.tr\/index.php\/wp-json\/wp\/v2\/product_cat?post=699335"},{"taxonomy":"product_tag","embeddable":true,"href":"https:\/\/roveyayinevi.com.tr\/index.php\/wp-json\/wp\/v2\/product_tag?post=699335"}],"curies":[{"name":"wp","href":"https:\/\/api.w.org\/{rel}","templated":true}]}}