{"id":699324,"date":"2025-08-27T14:50:25","date_gmt":"2025-08-27T11:50:25","guid":{"rendered":"https:\/\/roveyayinevi.com.tr\/index.php\/urun\/turkiyede-kamu-yonetiminin-donusumu\/"},"modified":"2026-04-16T02:08:45","modified_gmt":"2026-04-15T23:08:45","slug":"turkiyede-kamu-yonetiminin-donusumu","status":"publish","type":"product","link":"https:\/\/roveyayinevi.com.tr\/index.php\/urun\/turkiyede-kamu-yonetiminin-donusumu\/","title":{"rendered":"T\u00fcrkiye&#8217;de Kamu Y\u00f6netiminin D\u00f6n\u00fc\u015f\u00fcm\u00fc"},"content":{"rendered":"<p>Kamu y\u00f6netimi, planlamadan personele, denetimden, \u00f6rg\u00fctlemeden e\u015fg\u00fcd\u00fcme kadar bir \u00e7ok alanda yap\u0131sal ve i\u015flevsel a\u00e7\u0131ndan yeniden kurgulanmaktad\u0131r. Bu kurguda de\u011fi\u015fik akt\u00f6rler rol almakta ve d\u00f6n\u00fc\u015f\u00fcm s\u00fcrecini kendi g\u00fc\u00e7leri oran\u0131nda etkilemektedirler. Etkileme derecesi kolay kolay \u00f6l\u00e7\u00fclebilecek bir \u015fey de\u011fildir ama \u00e7e\u015fitli politika belgeleri \u00fczerinden yap\u0131lacak bir analizde, uluslararas\u0131 \u00f6rg\u00fctlerin bu s\u00fcre\u00e7te \u00e7ok aktif bir konumda yerald\u0131klar\u0131 g\u00f6r\u00fclmektedir.Bar\u0131\u015f \u00d6vg\u00fcn, kamu y\u00f6netiminde 1980lerden g\u00fcn\u00fcm\u00fcze, uluslararas\u0131 \u00f6rg\u00fctler etkisiyle ya\u015fanan d\u00f6n\u00fc\u015f\u00fcme odaklan\u0131rken; kamu y\u00f6netiminin, kamu eksenli olmaktan \u00e7\u0131kar\u0131lmas\u0131na, devletin bir b\u00fct\u00fcn olarak nesnele\u015ftirilmesine, uluslararas\u0131 \u00f6rg\u00fctlerin ve uluslararas\u0131 \u015firketlerin kamu y\u00f6netiminde artan rollerine dikkat \u00e7ekiyor. <\/p>\n","protected":false},"excerpt":{"rendered":"<p>Kamu y\u00f6netimi, planlamadan personele, denetimden, \u00f6rg\u00fctlemeden e\u015fg\u00fcd\u00fcme kadar bir \u00e7ok alanda yap\u0131sal ve i\u015flevsel a\u00e7\u0131ndan yeniden kurgulanmaktad\u0131r. Bu kurguda de\u011fi\u015fik akt\u00f6rler rol almakta ve d\u00f6n\u00fc\u015f\u00fcm s\u00fcrecini<span class=\"excerpt-hellip\"> [\u2026]<\/span><\/p>\n","protected":false},"featured_media":0,"template":"","meta":{"_monsterinsights_skip_tracking":false,"_monsterinsights_sitenote_active":false,"_monsterinsights_sitenote_note":"","_monsterinsights_sitenote_category":0},"product_brand":[],"product_cat":[12337,14706],"product_tag":[],"class_list":{"0":"post-699324","1":"product","2":"type-product","3":"status-publish","5":"product_cat-politika-siyaset","6":"product_cat-siyaset-bilimi","7":"pa_cilt-ciltsiz","8":"pa_tur-kitap","9":"pa_yayinevi-nika-yayinevi","10":"pa_yazar-baris-ovgun","12":"first","13":"instock","14":"sale","15":"shipping-taxable","16":"purchasable","17":"product-type-simple"},"_links":{"self":[{"href":"https:\/\/roveyayinevi.com.tr\/index.php\/wp-json\/wp\/v2\/product\/699324","targetHints":{"allow":["GET"]}}],"collection":[{"href":"https:\/\/roveyayinevi.com.tr\/index.php\/wp-json\/wp\/v2\/product"}],"about":[{"href":"https:\/\/roveyayinevi.com.tr\/index.php\/wp-json\/wp\/v2\/types\/product"}],"wp:attachment":[{"href":"https:\/\/roveyayinevi.com.tr\/index.php\/wp-json\/wp\/v2\/media?parent=699324"}],"wp:term":[{"taxonomy":"product_brand","embeddable":true,"href":"https:\/\/roveyayinevi.com.tr\/index.php\/wp-json\/wp\/v2\/product_brand?post=699324"},{"taxonomy":"product_cat","embeddable":true,"href":"https:\/\/roveyayinevi.com.tr\/index.php\/wp-json\/wp\/v2\/product_cat?post=699324"},{"taxonomy":"product_tag","embeddable":true,"href":"https:\/\/roveyayinevi.com.tr\/index.php\/wp-json\/wp\/v2\/product_tag?post=699324"}],"curies":[{"name":"wp","href":"https:\/\/api.w.org\/{rel}","templated":true}]}}