{"id":699320,"date":"2025-08-27T14:50:24","date_gmt":"2025-08-27T11:50:24","guid":{"rendered":"https:\/\/roveyayinevi.com.tr\/index.php\/urun\/vicdan-zorbaliga-karsi-ya-da-castellio-calvine\/"},"modified":"2026-04-16T02:08:45","modified_gmt":"2026-04-15T23:08:45","slug":"vicdan-zorbaliga-karsi-ya-da-castellio-calvine","status":"publish","type":"product","link":"https:\/\/roveyayinevi.com.tr\/index.php\/urun\/vicdan-zorbaliga-karsi-ya-da-castellio-calvine\/","title":{"rendered":"Vicdan Zorbal\u0131\u011fa Kar\u015f\u0131 ya da Castellio Calvin&#8217;e"},"content":{"rendered":"<p>Vicdan Zorbal\u0131\u011fa Kar\u015f\u0131 ya da Castellio Calvin&#8217;e, okuru Frans\u0131z Reformcu Jean Calvin\u2019in diktat\u00f6rl\u00fc\u011f\u00fcn\u00fcn h\u00fck\u00fcm s\u00fcrd\u00fc\u011f\u00fc XVI. y\u00fczy\u0131l Cenevre\u2019sine g\u00f6t\u00fcr\u00fcr. Calvin\u2019in farkl\u0131 g\u00f6r\u00fc\u015flere g\u00f6sterdi\u011fi tahamm\u00fcls\u00fczl\u00fck, h\u00fcmanist din adam\u0131 Miguel Serveto\u2019nun resm\u00ee \u00f6\u011fretiye ters d\u00fc\u015fen g\u00f6r\u00fc\u015fleri nedeniyle \u00f6l\u00fcm cezas\u0131na \u00e7arpt\u0131r\u0131lmas\u0131yla zirveye t\u0131rman\u0131r. Tam da bu noktada Sebastian Castellio, Calvin\u2019in kar\u015f\u0131s\u0131nda tarih sahnesindeki yerini al\u0131r.Bu kitap, Zweig&#8217;\u0131n, kendi ya\u015fam\u0131n\u0131 belirleyecek nasyonal sosyalizm de dahil olmak \u00fczere totaliter rejimlere y\u00f6neltti\u011fi bir ele\u015ftiri olarak da anla\u015f\u0131labilir. Kat\u0131 ideolojilerin beraberinde getirdi\u011fi tehlikelerin g\u00f6z \u00f6n\u00fcne serildi\u011fi, insanca ya\u015famak i\u00e7in d\u00fc\u015f\u00fcnce \u00f6zg\u00fcrl\u00fc\u011f\u00fcn\u00fcn, ho\u015fg\u00f6r\u00fcn\u00fcn alt\u0131n\u0131n \u00e7izildi\u011fi Vicdan Zorbal\u0131\u011fa Kar\u015f\u0131 ya da Castellio Calvin&#8217;e, bu \u00f6zellikleriyle evrensel nitelikte. <\/p>\n","protected":false},"excerpt":{"rendered":"<p>Vicdan Zorbal\u0131\u011fa Kar\u015f\u0131 ya da Castellio Calvin&#8217;e, okuru Frans\u0131z Reformcu Jean Calvin\u2019in diktat\u00f6rl\u00fc\u011f\u00fcn\u00fcn h\u00fck\u00fcm s\u00fcrd\u00fc\u011f\u00fc XVI. y\u00fczy\u0131l Cenevre\u2019sine g\u00f6t\u00fcr\u00fcr. Calvin\u2019in farkl\u0131 g\u00f6r\u00fc\u015flere g\u00f6sterdi\u011fi tahamm\u00fcls\u00fczl\u00fck, h\u00fcmanist din<span class=\"excerpt-hellip\"> [\u2026]<\/span><\/p>\n","protected":false},"featured_media":0,"template":"","meta":{"_monsterinsights_skip_tracking":false,"_monsterinsights_sitenote_active":false,"_monsterinsights_sitenote_note":"","_monsterinsights_sitenote_category":0},"product_brand":[],"product_cat":[13661,12291],"product_tag":[],"class_list":{"0":"post-699320","1":"product","2":"type-product","3":"status-publish","5":"product_cat-diger-ulke-edebiyatlari","6":"product_cat-edebiyat","7":"pa_cilt-ciltsiz","8":"pa_tur-kitap","9":"pa_yayinevi-can-yayinlari","10":"pa_yazar-stefan-zweig","12":"first","13":"instock","14":"sale","15":"shipping-taxable","16":"purchasable","17":"product-type-simple"},"_links":{"self":[{"href":"https:\/\/roveyayinevi.com.tr\/index.php\/wp-json\/wp\/v2\/product\/699320","targetHints":{"allow":["GET"]}}],"collection":[{"href":"https:\/\/roveyayinevi.com.tr\/index.php\/wp-json\/wp\/v2\/product"}],"about":[{"href":"https:\/\/roveyayinevi.com.tr\/index.php\/wp-json\/wp\/v2\/types\/product"}],"wp:attachment":[{"href":"https:\/\/roveyayinevi.com.tr\/index.php\/wp-json\/wp\/v2\/media?parent=699320"}],"wp:term":[{"taxonomy":"product_brand","embeddable":true,"href":"https:\/\/roveyayinevi.com.tr\/index.php\/wp-json\/wp\/v2\/product_brand?post=699320"},{"taxonomy":"product_cat","embeddable":true,"href":"https:\/\/roveyayinevi.com.tr\/index.php\/wp-json\/wp\/v2\/product_cat?post=699320"},{"taxonomy":"product_tag","embeddable":true,"href":"https:\/\/roveyayinevi.com.tr\/index.php\/wp-json\/wp\/v2\/product_tag?post=699320"}],"curies":[{"name":"wp","href":"https:\/\/api.w.org\/{rel}","templated":true}]}}