{"id":699301,"date":"2025-08-27T14:50:18","date_gmt":"2025-08-27T11:50:18","guid":{"rendered":"https:\/\/roveyayinevi.com.tr\/index.php\/urun\/dil-devrimi-ve-sonuclari\/"},"modified":"2026-04-16T02:08:44","modified_gmt":"2026-04-15T23:08:44","slug":"dil-devrimi-ve-sonuclari","status":"publish","type":"product","link":"https:\/\/roveyayinevi.com.tr\/index.php\/urun\/dil-devrimi-ve-sonuclari\/","title":{"rendered":"Dil Devrimi ve Sonu\u00e7lar\u0131"},"content":{"rendered":"<p>Ger\u00e7ekten de, dilimizin \u00f6zle\u015ftirilmesine kar\u015f\u0131 \u00e7\u0131kan ki\u015filerin g\u00f6r\u00fc\u015flerini ayr\u0131nt\u0131lar\u0131yla inceleyip dilbilimsel verilerle, tarihsel ve g\u00fcncel olgularla kar\u015f\u0131la\u015ft\u0131rd\u0131ktan sonra, genel bir yarg\u0131ya varmak gerekirse, s\u00f6yleyebilece\u011fimiz ilk \u015fey, bunlar\u0131n dilbilimsel verileri hi\u00e7 mi hi\u00e7 \u00f6nemsemedikleri, \u00f6nemsemek \u015f\u00f6yle dursun, neredeyse yok sayd\u0131klar\u0131, b\u00f6ylece tutarl\u0131 sonu\u00e7lara g\u00f6t\u00fcrecek yollar\u0131 \u00f6nceden kapatt\u0131klar\u0131d\u0131r.  Tahsin Y\u00fccel\u2019in, Dil Devrimi ad\u0131yla ilk kez yay\u0131nland\u0131\u011f\u0131 1968 y\u0131l\u0131ndan bu yana b\u00fcy\u00fck ilgi toplam\u0131\u015f, bir k\u0131lavuz kitap \u00f6zelli\u011fi kazanm\u0131\u015f yap\u0131t\u0131 Dil Devrimi ve Sonu\u00e7lar\u0131, dilimiz ve dil devrimimiz \u00fczerine yap\u0131lan tart\u0131\u015fmalara d\u00fcnya \u00e7ap\u0131nda bir dilcinin katk\u0131s\u0131. Y\u00fccel\u2019in 2000 y\u0131l\u0131nda Cumhuriyet Gazetesi taraf\u0131ndan okurlara arma\u011fan edilen k\u00fc\u00e7\u00fck kitab\u0131 T\u00fcrk\u00e7e\u2019nin Kurtulu\u015f Sava\u015f\u0131 ile birlikte. <\/p>\n","protected":false},"excerpt":{"rendered":"<p>Ger\u00e7ekten de, dilimizin \u00f6zle\u015ftirilmesine kar\u015f\u0131 \u00e7\u0131kan ki\u015filerin g\u00f6r\u00fc\u015flerini ayr\u0131nt\u0131lar\u0131yla inceleyip dilbilimsel verilerle, tarihsel ve g\u00fcncel olgularla kar\u015f\u0131la\u015ft\u0131rd\u0131ktan sonra, genel bir yarg\u0131ya varmak gerekirse, s\u00f6yleyebilece\u011fimiz ilk \u015fey,<span class=\"excerpt-hellip\"> [\u2026]<\/span><\/p>\n","protected":false},"featured_media":0,"template":"","meta":{"_monsterinsights_skip_tracking":false,"_monsterinsights_sitenote_active":false,"_monsterinsights_sitenote_note":"","_monsterinsights_sitenote_category":0},"product_brand":[],"product_cat":[12777,12291],"product_tag":[],"class_list":{"0":"post-699301","1":"product","2":"type-product","3":"status-publish","5":"product_cat-deneme","6":"product_cat-edebiyat","7":"pa_cilt-ciltsiz","8":"pa_tur-kitap","9":"pa_yayinevi-can-yayinlari","10":"pa_yazar-tahsin-yucel","12":"first","13":"instock","14":"sale","15":"shipping-taxable","16":"purchasable","17":"product-type-simple"},"_links":{"self":[{"href":"https:\/\/roveyayinevi.com.tr\/index.php\/wp-json\/wp\/v2\/product\/699301","targetHints":{"allow":["GET"]}}],"collection":[{"href":"https:\/\/roveyayinevi.com.tr\/index.php\/wp-json\/wp\/v2\/product"}],"about":[{"href":"https:\/\/roveyayinevi.com.tr\/index.php\/wp-json\/wp\/v2\/types\/product"}],"wp:attachment":[{"href":"https:\/\/roveyayinevi.com.tr\/index.php\/wp-json\/wp\/v2\/media?parent=699301"}],"wp:term":[{"taxonomy":"product_brand","embeddable":true,"href":"https:\/\/roveyayinevi.com.tr\/index.php\/wp-json\/wp\/v2\/product_brand?post=699301"},{"taxonomy":"product_cat","embeddable":true,"href":"https:\/\/roveyayinevi.com.tr\/index.php\/wp-json\/wp\/v2\/product_cat?post=699301"},{"taxonomy":"product_tag","embeddable":true,"href":"https:\/\/roveyayinevi.com.tr\/index.php\/wp-json\/wp\/v2\/product_tag?post=699301"}],"curies":[{"name":"wp","href":"https:\/\/api.w.org\/{rel}","templated":true}]}}