{"id":699283,"date":"2025-08-27T14:50:13","date_gmt":"2025-08-27T11:50:13","guid":{"rendered":"https:\/\/roveyayinevi.com.tr\/index.php\/urun\/cocuk-kalbi-8\/"},"modified":"2026-04-16T02:08:44","modified_gmt":"2026-04-15T23:08:44","slug":"cocuk-kalbi-8","status":"publish","type":"product","link":"https:\/\/roveyayinevi.com.tr\/index.php\/urun\/cocuk-kalbi-8\/","title":{"rendered":"\u00c7ocuk Kalbi"},"content":{"rendered":"<p>K\u00fc\u00e7\u00fck bir \u00e7ocuk Encico a\u011f\u0131r bir sava\u015f\u0131n yaralar\u0131n\u0131 sarmaya ve yeniden bir ulus haline gelebilmeye \u00e7el\u0131\u015fan italya&#8217;n\u0131n yokluklarla ve t\u00fcrl\u00fc ve s\u0131k\u0131nt\u0131larla ge\u00e7en bu zor g\u00fcnlerinde ilkokula gidiyor ve ya\u015fad\u0131\u011f\u0131 g\u00f6zlemledi\u011fi her\u015feyi g\u00fcnl\u00fc\u011f\u00fcne kaydediyor. D\u00fcr\u00fcstl\u00fck ahlakl\u0131 olmak dayan\u0131\u015fma \u00e7al\u0131\u015fman\u0131n erdemi dostluk vatan sevgisi iyi bir yurta\u015f olman\u0131n ko\u015fullar\u0131.. \ufffcTan\u0131t\u0131m Metni<\/p>\n","protected":false},"excerpt":{"rendered":"<p>K\u00fc\u00e7\u00fck bir \u00e7ocuk Encico a\u011f\u0131r bir sava\u015f\u0131n yaralar\u0131n\u0131 sarmaya ve yeniden bir ulus haline gelebilmeye \u00e7el\u0131\u015fan italya&#8217;n\u0131n yokluklarla ve t\u00fcrl\u00fc ve s\u0131k\u0131nt\u0131larla ge\u00e7en bu zor g\u00fcnlerinde<span class=\"excerpt-hellip\"> [\u2026]<\/span><\/p>\n","protected":false},"featured_media":0,"template":"","meta":{"_monsterinsights_skip_tracking":false,"_monsterinsights_sitenote_active":false,"_monsterinsights_sitenote_note":"","_monsterinsights_sitenote_category":0},"product_brand":[],"product_cat":[12274,12467],"product_tag":[],"class_list":{"0":"post-699283","1":"product","2":"type-product","3":"status-publish","5":"product_cat-cocuk-ve-genclik-kitaplari","6":"product_cat-dunya-klasikleri","7":"pa_cilt-ciltsiz","8":"pa_tur-kitap","9":"pa_yayinevi-arkadas-yayinlari","10":"pa_yazar-edmondo-de-amicis","12":"first","13":"instock","14":"sale","15":"shipping-taxable","16":"purchasable","17":"product-type-simple"},"_links":{"self":[{"href":"https:\/\/roveyayinevi.com.tr\/index.php\/wp-json\/wp\/v2\/product\/699283","targetHints":{"allow":["GET"]}}],"collection":[{"href":"https:\/\/roveyayinevi.com.tr\/index.php\/wp-json\/wp\/v2\/product"}],"about":[{"href":"https:\/\/roveyayinevi.com.tr\/index.php\/wp-json\/wp\/v2\/types\/product"}],"wp:attachment":[{"href":"https:\/\/roveyayinevi.com.tr\/index.php\/wp-json\/wp\/v2\/media?parent=699283"}],"wp:term":[{"taxonomy":"product_brand","embeddable":true,"href":"https:\/\/roveyayinevi.com.tr\/index.php\/wp-json\/wp\/v2\/product_brand?post=699283"},{"taxonomy":"product_cat","embeddable":true,"href":"https:\/\/roveyayinevi.com.tr\/index.php\/wp-json\/wp\/v2\/product_cat?post=699283"},{"taxonomy":"product_tag","embeddable":true,"href":"https:\/\/roveyayinevi.com.tr\/index.php\/wp-json\/wp\/v2\/product_tag?post=699283"}],"curies":[{"name":"wp","href":"https:\/\/api.w.org\/{rel}","templated":true}]}}