{"id":699274,"date":"2025-08-27T14:50:10","date_gmt":"2025-08-27T11:50:10","guid":{"rendered":"https:\/\/roveyayinevi.com.tr\/index.php\/urun\/cocugunu-dogru-besle\/"},"modified":"2026-04-16T02:08:44","modified_gmt":"2026-04-15T23:08:44","slug":"cocugunu-dogru-besle","status":"publish","type":"product","link":"https:\/\/roveyayinevi.com.tr\/index.php\/urun\/cocugunu-dogru-besle\/","title":{"rendered":"\u00c7ocu\u011funu Do\u011fru Besle"},"content":{"rendered":"<p>\u0130\u015fte \u00e7ocu\u011funun do\u011fru beslenmesine \u00f6nem veren anne babalar i\u00e7in e\u015fsiz bir ba\u015fucu kitab\u0131! Dr. M. Ender Sara\u00e7 hekimlik bilgisini ve y\u0131llar\u0131n deneyimini ortaya koydu. Uzm. Dyt. Zeynep K\u00f6se \u201c\u015fi\u015fmanlatmayan ama besleyici\u201d k\u0131sm\u0131n\u0131 \u00e7\u00f6zd\u00fc, \u015eef Ba\u015fak Sana\u00e7 Tanr\u0131verdi ise a\u015f\u00e7\u0131l\u0131\u011f\u0131n\u0131 konu\u015fturdu.Bu kitap size yeter! \u00c7\u00fcnk\u00fc i\u00e7inde hem bebek ve \u00e7ocuk b\u00fcy\u00fct\u00fcrken ihtiya\u00e7 duyaca\u011f\u0131n\u0131z hap bilgiler var, hem de birbirinden sa\u011fl\u0131kl\u0131 ve lezzetli tarifler\u2026 Yani \u00e7ocu\u011funa de\u011fer veren ebeveynler i\u00e7in hemen her \u015fey:\u2022 Bebe\u011fin sa\u011fl\u0131kl\u0131 geli\u015fimi nerede, nas\u0131l ba\u015flar? Bebeklerde ek besine ne zaman, ne \u015fekilde ba\u015flanmal\u0131? Oyun ve okul \u00e7ocuklar\u0131n\u0131n beslenmesinde nelere dikkat edilmeli? G\u0131da katk\u0131 maddeleri ve bebek\/\u00e7ocuk \u00fczerinde etkileri! \u00c7ocuklara uygun baharatlar, \u00e7aylar, meyveler, sebzeler, g\u0131da alerjisi olanlara \u00f6zel tarifler\u2026 \u0130\u015ftahs\u0131z, kab\u0131z veya ishal \u00e7ocuklar i\u00e7in \u00e7\u00f6z\u00fcmler\u2026 Boy uzatmak i\u00e7in \u00f6neriler\u2026 Evde yapabilece\u011finiz sa\u011fl\u0131kl\u0131 at\u0131\u015ft\u0131rmal\u0131klar, \u00e7ocuklar\u0131n severek yiyebilece\u011fi p\u00fcreler, \u00e7orbalar, salatalar, mezeler, zeytinya\u011fl\u0131lar\u2026Yumurtal\u0131 tarifler, k\u00f6fteler, d\u00f6ner, tavuk ve bal\u0131k yemekleri\u2026 Sa\u011fl\u0131kl\u0131 ekmekler, pide, po\u011fa\u00e7a, pizza, cips, hamburger, makarna, b\u00f6rek, tatl\u0131, kek ve kurabiyeler\u2026 S\u0131cak ve so\u011fuk i\u00e7ecekler\u2026\u00c7ocu\u011funuzla birlikte uygulayabilece\u011finiz ve afiyetle t\u00fcketebilece\u011finiz kolay ve pratik 120 tarif! <\/p>\n","protected":false},"excerpt":{"rendered":"<p>\u0130\u015fte \u00e7ocu\u011funun do\u011fru beslenmesine \u00f6nem veren anne babalar i\u00e7in e\u015fsiz bir ba\u015fucu kitab\u0131! Dr. M. Ender Sara\u00e7 hekimlik bilgisini ve y\u0131llar\u0131n deneyimini ortaya koydu. Uzm. Dyt.<span class=\"excerpt-hellip\"> [\u2026]<\/span><\/p>\n","protected":false},"featured_media":0,"template":"","meta":{"_monsterinsights_skip_tracking":false,"_monsterinsights_sitenote_active":false,"_monsterinsights_sitenote_note":"","_monsterinsights_sitenote_category":0},"product_brand":[],"product_cat":[13402,13365],"product_tag":[],"class_list":{"0":"post-699274","1":"product","2":"type-product","3":"status-publish","5":"product_cat-beslenme-ve-diyet","6":"product_cat-saglik","7":"pa_cilt-ciltsiz","8":"pa_tur-kitap","9":"pa_yayinevi-hayykitap","10":"pa_yazar-m-ender-sarac","12":"first","13":"instock","14":"sale","15":"shipping-taxable","16":"purchasable","17":"product-type-simple"},"_links":{"self":[{"href":"https:\/\/roveyayinevi.com.tr\/index.php\/wp-json\/wp\/v2\/product\/699274","targetHints":{"allow":["GET"]}}],"collection":[{"href":"https:\/\/roveyayinevi.com.tr\/index.php\/wp-json\/wp\/v2\/product"}],"about":[{"href":"https:\/\/roveyayinevi.com.tr\/index.php\/wp-json\/wp\/v2\/types\/product"}],"wp:attachment":[{"href":"https:\/\/roveyayinevi.com.tr\/index.php\/wp-json\/wp\/v2\/media?parent=699274"}],"wp:term":[{"taxonomy":"product_brand","embeddable":true,"href":"https:\/\/roveyayinevi.com.tr\/index.php\/wp-json\/wp\/v2\/product_brand?post=699274"},{"taxonomy":"product_cat","embeddable":true,"href":"https:\/\/roveyayinevi.com.tr\/index.php\/wp-json\/wp\/v2\/product_cat?post=699274"},{"taxonomy":"product_tag","embeddable":true,"href":"https:\/\/roveyayinevi.com.tr\/index.php\/wp-json\/wp\/v2\/product_tag?post=699274"}],"curies":[{"name":"wp","href":"https:\/\/api.w.org\/{rel}","templated":true}]}}