{"id":699245,"date":"2025-08-27T14:50:01","date_gmt":"2025-08-27T11:50:01","guid":{"rendered":"https:\/\/roveyayinevi.com.tr\/index.php\/urun\/beyaz-benekli-at\/"},"modified":"2026-04-16T02:08:43","modified_gmt":"2026-04-15T23:08:43","slug":"beyaz-benekli-at","status":"publish","type":"product","link":"https:\/\/roveyayinevi.com.tr\/index.php\/urun\/beyaz-benekli-at\/","title":{"rendered":"Beyaz Benekli At"},"content":{"rendered":"<p>Demek ki bu k\u00fc\u00e7\u00fcc\u00fck renkli sevimli insanc\u0131klar, t\u0131pk\u0131 \u015feker gibi, akide \u015fekeri gibi eriyip yok olacaklard\u0131.\u00c7ok duygulanm\u0131\u015ft\u0131m. Onlar\u0131n b\u00f6yle, k\u00fc\u00e7\u00fck bebekler gibi a\u011fla\u015fmalar\u0131na dayanam\u0131yordum.- Hay\u0131r, diye ba\u011f\u0131rd\u0131m, erimeyin ne olur, bir \u015feyler yapal\u0131m, bir \u015feyler yapal\u0131m!&#8230;<\/p>\n","protected":false},"excerpt":{"rendered":"<p>Demek ki bu k\u00fc\u00e7\u00fcc\u00fck renkli sevimli insanc\u0131klar, t\u0131pk\u0131 \u015feker gibi, akide \u015fekeri gibi eriyip yok olacaklard\u0131.\u00c7ok duygulanm\u0131\u015ft\u0131m. Onlar\u0131n b\u00f6yle, k\u00fc\u00e7\u00fck bebekler gibi a\u011fla\u015fmalar\u0131na dayanam\u0131yordum.- Hay\u0131r, diye<span class=\"excerpt-hellip\"> [\u2026]<\/span><\/p>\n","protected":false},"featured_media":0,"template":"","meta":{"_monsterinsights_skip_tracking":false,"_monsterinsights_sitenote_active":false,"_monsterinsights_sitenote_note":"","_monsterinsights_sitenote_category":0},"product_brand":[],"product_cat":[12274,12284],"product_tag":[],"class_list":{"0":"post-699245","1":"product","2":"type-product","3":"status-publish","5":"product_cat-cocuk-ve-genclik-kitaplari","6":"product_cat-hikayeler","7":"pa_cilt-ciltsiz","8":"pa_tur-kitap","9":"pa_yayinevi-tudem-yayinlari","10":"pa_yazar-ayla-cinaroglu","12":"first","13":"instock","14":"sale","15":"shipping-taxable","16":"purchasable","17":"product-type-simple"},"_links":{"self":[{"href":"https:\/\/roveyayinevi.com.tr\/index.php\/wp-json\/wp\/v2\/product\/699245","targetHints":{"allow":["GET"]}}],"collection":[{"href":"https:\/\/roveyayinevi.com.tr\/index.php\/wp-json\/wp\/v2\/product"}],"about":[{"href":"https:\/\/roveyayinevi.com.tr\/index.php\/wp-json\/wp\/v2\/types\/product"}],"wp:attachment":[{"href":"https:\/\/roveyayinevi.com.tr\/index.php\/wp-json\/wp\/v2\/media?parent=699245"}],"wp:term":[{"taxonomy":"product_brand","embeddable":true,"href":"https:\/\/roveyayinevi.com.tr\/index.php\/wp-json\/wp\/v2\/product_brand?post=699245"},{"taxonomy":"product_cat","embeddable":true,"href":"https:\/\/roveyayinevi.com.tr\/index.php\/wp-json\/wp\/v2\/product_cat?post=699245"},{"taxonomy":"product_tag","embeddable":true,"href":"https:\/\/roveyayinevi.com.tr\/index.php\/wp-json\/wp\/v2\/product_tag?post=699245"}],"curies":[{"name":"wp","href":"https:\/\/api.w.org\/{rel}","templated":true}]}}