{"id":699223,"date":"2025-08-27T14:49:47","date_gmt":"2025-08-27T11:49:47","guid":{"rendered":"https:\/\/roveyayinevi.com.tr\/index.php\/urun\/uzak-tepeler\/"},"modified":"2026-04-16T02:08:27","modified_gmt":"2026-04-15T23:08:27","slug":"uzak-tepeler","status":"publish","type":"product","link":"https:\/\/roveyayinevi.com.tr\/index.php\/urun\/uzak-tepeler\/","title":{"rendered":"Uzak Tepeler"},"content":{"rendered":"<p>\u0130ngiltere&#8217;de yaln\u0131z ba\u015f\u0131na ya\u015fayan Japon kad\u0131n\u0131 Etsuko&#8217;nun b\u00fcy\u00fck k\u0131z\u0131 Keiko intihar eder. K\u0131sa s\u00fcre sonra Etsuko&#8217;nun k\u00fc\u00e7\u00fck k\u0131z\u0131 Niki annesini ziyarete gelir ama anne k\u0131z aras\u0131ndaki duygusal mesafe, Etsuko&#8217;nun an\u0131lar\u0131na g\u00f6m\u00fclmesiyle daha da artar. \u0130kinci D\u00fcnya Sava\u015f\u0131&#8217;n\u0131n biti\u015finden sonra ilk kocas\u0131yla birlikte Nagazaki&#8217;de ya\u015fayan Etsuko, o y\u0131llarda kom\u015fusu Sachiko ve onun k\u00fc\u00e7\u00fck k\u0131z\u0131 Mariko&#8217;yla kurdu\u011fu arkada\u015fl\u0131\u011f\u0131 hat\u0131rlar. Bug\u00fcnle ilgili baz\u0131 ger\u00e7ekleri a\u00e7\u0131klayabilmek i\u00e7in, ge\u00e7mi\u015fin bu d\u00f6nemini g\u00f6zden ge\u00e7irmeye ihtiyac\u0131 vard\u0131r. Japon as\u0131ll\u0131 \u0130ngiliz yazar Ishiguro, ilk roman\u0131 Uzak Tepeler&#8217;de b\u00fcy\u00fck toplumsal d\u00f6n\u00fc\u015f\u00fcmlerin bireyler \u00fczerindeki y\u0131k\u0131c\u0131 etkisini, g\u00f6rev duygusu ile \u00f6zg\u00fcrl\u00fck arzusu aras\u0131ndaki \u00e7at\u0131\u015fmay\u0131 ve modern \u00e7a\u011fda kimlik aray\u0131\u015f\u0131n\u0131 ustal\u0131kla anlat\u0131yor.<\/p>\n","protected":false},"excerpt":{"rendered":"<p>\u0130ngiltere&#8217;de yaln\u0131z ba\u015f\u0131na ya\u015fayan Japon kad\u0131n\u0131 Etsuko&#8217;nun b\u00fcy\u00fck k\u0131z\u0131 Keiko intihar eder. K\u0131sa s\u00fcre sonra Etsuko&#8217;nun k\u00fc\u00e7\u00fck k\u0131z\u0131 Niki annesini ziyarete gelir ama anne k\u0131z aras\u0131ndaki<span class=\"excerpt-hellip\"> [\u2026]<\/span><\/p>\n","protected":false},"featured_media":0,"template":"","meta":{"_monsterinsights_skip_tracking":false,"_monsterinsights_sitenote_active":false,"_monsterinsights_sitenote_note":"","_monsterinsights_sitenote_category":0},"product_brand":[],"product_cat":[12291,12866],"product_tag":[],"class_list":{"0":"post-699223","1":"product","2":"type-product","3":"status-publish","5":"product_cat-edebiyat","6":"product_cat-ingiliz-edebiyati","7":"pa_cilt-ciltsiz","8":"pa_tur-kitap","9":"pa_yayinevi-yapi-kredi-yayinlari","10":"pa_yazar-kazuo-ishiguro","12":"first","13":"instock","14":"sale","15":"shipping-taxable","16":"purchasable","17":"product-type-simple"},"_links":{"self":[{"href":"https:\/\/roveyayinevi.com.tr\/index.php\/wp-json\/wp\/v2\/product\/699223","targetHints":{"allow":["GET"]}}],"collection":[{"href":"https:\/\/roveyayinevi.com.tr\/index.php\/wp-json\/wp\/v2\/product"}],"about":[{"href":"https:\/\/roveyayinevi.com.tr\/index.php\/wp-json\/wp\/v2\/types\/product"}],"wp:attachment":[{"href":"https:\/\/roveyayinevi.com.tr\/index.php\/wp-json\/wp\/v2\/media?parent=699223"}],"wp:term":[{"taxonomy":"product_brand","embeddable":true,"href":"https:\/\/roveyayinevi.com.tr\/index.php\/wp-json\/wp\/v2\/product_brand?post=699223"},{"taxonomy":"product_cat","embeddable":true,"href":"https:\/\/roveyayinevi.com.tr\/index.php\/wp-json\/wp\/v2\/product_cat?post=699223"},{"taxonomy":"product_tag","embeddable":true,"href":"https:\/\/roveyayinevi.com.tr\/index.php\/wp-json\/wp\/v2\/product_tag?post=699223"}],"curies":[{"name":"wp","href":"https:\/\/api.w.org\/{rel}","templated":true}]}}