{"id":699218,"date":"2025-08-27T14:49:46","date_gmt":"2025-08-27T11:49:46","guid":{"rendered":"https:\/\/roveyayinevi.com.tr\/index.php\/urun\/10-asirda-islam-cografyasi\/"},"modified":"2026-04-16T02:08:27","modified_gmt":"2026-04-15T23:08:27","slug":"10-asirda-islam-cografyasi","status":"publish","type":"product","link":"https:\/\/roveyayinevi.com.tr\/index.php\/urun\/10-asirda-islam-cografyasi\/","title":{"rendered":"10. As\u0131rda \u0130slam Co\u011frafyas\u0131"},"content":{"rendered":"<p>Bu kitap \u0130sl\u00e2m co\u011frafyac\u0131l\u0131\u011f\u0131n\u0131n alt\u0131n \u00e7a\u011f\u0131 olan X. y\u00fczy\u0131l co\u011frafyac\u0131lar\u0131ndan Nusaybinli Ebu\u2019l Kas\u0131m \u0130bn Havkal\u2019in S\u00fbrat el-Arz (Yer\u2019in Haritas\u0131) adl\u0131 eserinin terc\u00fcmesidir.    Eseri \u0130sl\u00e2m d\u00fcnyas\u0131n\u0131n tam bir ayr\u0131nt\u0131l\u0131 co\u011frafyas\u0131d\u0131r. Ancak teknik bir co\u011frafyadan ziyade bir seyahat kitab\u0131d\u0131r. Anlatt\u0131\u011f\u0131 b\u00f6lgelerin hudutlar\u0131ndan, \u015fehirlerinden, yollar\u0131ndan, limanlar\u0131ndan, da\u011flar\u0131ndan, nehirlerinden, g\u00f6llerinden \u015fehirleraras\u0131 mesafelerden, ticaretten, yeti\u015ftirilen, imal edilen \u00fcr\u00fcnlerden, vergilerden bahseder. Fiyatlar\u0131 verir. \u0130nsanlar\u0131n ahlaklar\u0131ndan, din ve mezheplerinden bahseder. \u015eehirleri anlat\u0131rken, halk\u0131ndan, \u00f6nemli binalar\u0131ndan, cami, kale, h\u00fck\u00fcmet binas\u0131, hapishane gibi kurumlardan, \u00e7ar\u015f\u0131lar\u0131ndan bahseder.    \u201cBu kitab\u0131 telif etmeye, haritalar\u0131n\u0131 \u00e7izmeye sevk eden husus \u015fudur: Ben k\u00fc\u00e7\u00fck ya\u015ftan beri co\u011frafya kitaplar\u0131n\u0131 okumaya, \u00fclkeler aras\u0131ndaki mesafeleri, bu \u00fclkelerdeki mezhepleri-dinleri, yollar\u0131 \u00f6\u011frenmeye, bu konulardaki bilgileri kavramaya merakl\u0131yd\u0131m. Gen\u00e7li\u011fimin ba\u015f\u0131nda bu konularda yaz\u0131lm\u0131\u015f kitaplar\u0131, me\u015fhur eserleri okudum. Co\u011frafyaya dair insan\u0131 tatmin eden bir kitap, otorite kabul edilen bir harita g\u00f6rmedim. \u0130\u015fte bu husus beni bu kitab\u0131 yazmaya co\u011frafya konusunda s\u00f6zler s\u00f6ylemeye sevk etti\u2026.\u201d    \u201c7 Ramazan 331\/15 May\u0131s 943 Per\u015fembe g\u00fcn\u00fc Medinet el-Selam (Ba\u011fdad)\u2019dan yolculu\u011fum ba\u015flad\u0131\u2026 O derece de yolculuk yapt\u0131m ki, ba\u015ftanba\u015fa yery\u00fcz\u00fcn\u00fc dola\u015ft\u0131m. Yery\u00fcz\u00fcnde g\u00fcne\u015fin kiri\u015fini kestim. (Her yere gittim.)\u2026 \u0130sl\u00e2m \u00fclkelerini iklim iklim (\u00fclke \u00fclke) b\u00f6lge b\u00f6lge, k\u00fbre k\u00fbre (sancak, sancak), amillik amillik (vergi b\u00f6lgesi)  anlatt\u0131m.\u201d <\/p>\n","protected":false},"excerpt":{"rendered":"<p>Bu kitap \u0130sl\u00e2m co\u011frafyac\u0131l\u0131\u011f\u0131n\u0131n alt\u0131n \u00e7a\u011f\u0131 olan X. y\u00fczy\u0131l co\u011frafyac\u0131lar\u0131ndan Nusaybinli Ebu\u2019l Kas\u0131m \u0130bn Havkal\u2019in S\u00fbrat el-Arz (Yer\u2019in Haritas\u0131) adl\u0131 eserinin terc\u00fcmesidir. Eseri \u0130sl\u00e2m d\u00fcnyas\u0131n\u0131n tam<span class=\"excerpt-hellip\"> [\u2026]<\/span><\/p>\n","protected":false},"featured_media":0,"template":"","meta":{"_monsterinsights_skip_tracking":false,"_monsterinsights_sitenote_active":false,"_monsterinsights_sitenote_note":"","_monsterinsights_sitenote_category":0},"product_brand":[],"product_cat":[13036,12718,12719],"product_tag":[],"class_list":{"0":"post-699218","1":"product","2":"type-product","3":"status-publish","5":"product_cat-arastirma-inceleme-islam","6":"product_cat-din","7":"product_cat-islam","8":"pa_cilt-ciltsiz","9":"pa_tur-kitap","10":"pa_yayinevi-yeditepe-yayinevi","11":"pa_yazar-ibn-havkal","13":"first","14":"instock","15":"sale","16":"shipping-taxable","17":"purchasable","18":"product-type-simple"},"_links":{"self":[{"href":"https:\/\/roveyayinevi.com.tr\/index.php\/wp-json\/wp\/v2\/product\/699218","targetHints":{"allow":["GET"]}}],"collection":[{"href":"https:\/\/roveyayinevi.com.tr\/index.php\/wp-json\/wp\/v2\/product"}],"about":[{"href":"https:\/\/roveyayinevi.com.tr\/index.php\/wp-json\/wp\/v2\/types\/product"}],"wp:attachment":[{"href":"https:\/\/roveyayinevi.com.tr\/index.php\/wp-json\/wp\/v2\/media?parent=699218"}],"wp:term":[{"taxonomy":"product_brand","embeddable":true,"href":"https:\/\/roveyayinevi.com.tr\/index.php\/wp-json\/wp\/v2\/product_brand?post=699218"},{"taxonomy":"product_cat","embeddable":true,"href":"https:\/\/roveyayinevi.com.tr\/index.php\/wp-json\/wp\/v2\/product_cat?post=699218"},{"taxonomy":"product_tag","embeddable":true,"href":"https:\/\/roveyayinevi.com.tr\/index.php\/wp-json\/wp\/v2\/product_tag?post=699218"}],"curies":[{"name":"wp","href":"https:\/\/api.w.org\/{rel}","templated":true}]}}