{"id":699201,"date":"2025-08-27T14:49:40","date_gmt":"2025-08-27T11:49:40","guid":{"rendered":"https:\/\/roveyayinevi.com.tr\/index.php\/urun\/benden-sonra-mutluluk\/"},"modified":"2026-04-13T02:10:42","modified_gmt":"2026-04-12T23:10:42","slug":"benden-sonra-mutluluk","status":"publish","type":"product","link":"https:\/\/roveyayinevi.com.tr\/index.php\/urun\/benden-sonra-mutluluk\/","title":{"rendered":"Benden Sonra Mutluluk"},"content":{"rendered":"<p>\u00d6zdemir Asaf yo\u011fun d\u00fc\u015f\u00fcn ve duyarl\u0131klar\u0131, \u00e7arp\u0131c\u0131 s\u00f6zc\u00fckler se\u00e7ti\u011fini sezdirmeden, k\u00fc\u00e7\u00fck dizeler halinde i\u015fledi\u011fi k\u0131sa \u015fiirlerle verdi. Daha sonra, kimi bir kitaptan, kimi ya\u015famdan kopard\u0131\u011f\u0131 izlenimlerden esinlenerek bilgece d\u00f6rtl\u00fckler yazd\u0131. Kendisiyle birlikte \u00e7a\u011f\u0131yla ve toplumuyla hesaplamalarda buruk \u00f6fkesini i\u00e7inde saklayan yeni ta\u015flama bi\u00e7imleri getirdi. \u015e\u00fckran Kurdakul \u0130\u015fimiz zordu. Binlerce \u015fiir aras\u0131ndan bir se\u00e7im yapmak gerekiyordu. \u00d6zdemir Asaf bir\u00e7ok \u015fiirinin defterlerde ve dergi yapraklar\u0131nda sararmas\u0131n\u0131 istemi\u015f. Kitaplar\u0131na almam\u0131\u015f. Kitaplar\u0131na almad\u0131\u011f\u0131 eski \u015fiirlerini biz de d\u0131\u015farda b\u0131rakt\u0131k. \u015eiir ay\u0131klama i\u015fi, se\u00e7me i\u015finin b\u00fcy\u00fck b\u00f6l\u00fcm\u00fcn\u00fc old\u0131. Bir\u00e7ok \u015fiiri \u00d6zdemir Asaf tamamlam\u0131\u015ft\u0131. G\u00f6nl\u00fcm\u00fcz rahat, onlar\u0131 kitaba ald\u0131k. Baz\u0131 \u015fiirler ise birka\u00e7 kez yaz\u0131lm\u0131\u015flard\u0131, bunlar\u0131 da \u00f6zenli bir ele\u015ftirel se\u00e7me i\u015fleminden sonra kitaba koyduk. Do\u011fan H\u0131zlan \ufffc<\/p>\n","protected":false},"excerpt":{"rendered":"<p>\u00d6zdemir Asaf yo\u011fun d\u00fc\u015f\u00fcn ve duyarl\u0131klar\u0131, \u00e7arp\u0131c\u0131 s\u00f6zc\u00fckler se\u00e7ti\u011fini sezdirmeden, k\u00fc\u00e7\u00fck dizeler halinde i\u015fledi\u011fi k\u0131sa \u015fiirlerle verdi. Daha sonra, kimi bir kitaptan, kimi ya\u015famdan kopard\u0131\u011f\u0131 izlenimlerden<span class=\"excerpt-hellip\"> [\u2026]<\/span><\/p>\n","protected":false},"featured_media":0,"template":"","meta":{"_monsterinsights_skip_tracking":false,"_monsterinsights_sitenote_active":false,"_monsterinsights_sitenote_note":"","_monsterinsights_sitenote_category":0},"product_brand":[],"product_cat":[12291,12509],"product_tag":[],"class_list":{"0":"post-699201","1":"product","2":"type-product","3":"status-publish","5":"product_cat-edebiyat","6":"product_cat-siir","7":"pa_cilt-ciltsiz","8":"pa_tur-kitap","9":"pa_yayinevi-yapi-kredi-yayinlari","10":"pa_yazar-ozdemir-asaf","12":"first","13":"instock","14":"sale","15":"shipping-taxable","16":"purchasable","17":"product-type-simple"},"_links":{"self":[{"href":"https:\/\/roveyayinevi.com.tr\/index.php\/wp-json\/wp\/v2\/product\/699201","targetHints":{"allow":["GET"]}}],"collection":[{"href":"https:\/\/roveyayinevi.com.tr\/index.php\/wp-json\/wp\/v2\/product"}],"about":[{"href":"https:\/\/roveyayinevi.com.tr\/index.php\/wp-json\/wp\/v2\/types\/product"}],"wp:attachment":[{"href":"https:\/\/roveyayinevi.com.tr\/index.php\/wp-json\/wp\/v2\/media?parent=699201"}],"wp:term":[{"taxonomy":"product_brand","embeddable":true,"href":"https:\/\/roveyayinevi.com.tr\/index.php\/wp-json\/wp\/v2\/product_brand?post=699201"},{"taxonomy":"product_cat","embeddable":true,"href":"https:\/\/roveyayinevi.com.tr\/index.php\/wp-json\/wp\/v2\/product_cat?post=699201"},{"taxonomy":"product_tag","embeddable":true,"href":"https:\/\/roveyayinevi.com.tr\/index.php\/wp-json\/wp\/v2\/product_tag?post=699201"}],"curies":[{"name":"wp","href":"https:\/\/api.w.org\/{rel}","templated":true}]}}