{"id":699175,"date":"2025-08-27T14:49:33","date_gmt":"2025-08-27T11:49:33","guid":{"rendered":"https:\/\/roveyayinevi.com.tr\/index.php\/urun\/agrisiz-eklemler-butunsel-kireclenme-tedavisi\/"},"modified":"2026-04-16T02:08:26","modified_gmt":"2026-04-15T23:08:26","slug":"agrisiz-eklemler-butunsel-kireclenme-tedavisi","status":"publish","type":"product","link":"https:\/\/roveyayinevi.com.tr\/index.php\/urun\/agrisiz-eklemler-butunsel-kireclenme-tedavisi\/","title":{"rendered":"A\u011fr\u0131s\u0131z Eklemler &#8211; B\u00fct\u00fcnsel Kire\u00e7lenme Tedavisi"},"content":{"rendered":"<p>Her t\u00fcrl\u00fc hareketimizi bor\u00e7lu oldu\u011fumuz eklemlerimiz ger\u00e7ekten mucize yap\u0131lard\u0131r. Onlar olmadan k\u0131l\u0131m\u0131z\u0131 k\u0131p\u0131rdatamaz, parma\u011f\u0131m\u0131z\u0131 oynatamay\u0131z. Peki, de\u011ferini yeterince biliyor muyuz? \u00d6zen g\u00f6steriyor muyuz? \u00d6zellikle ya\u015f biraz ilerleyince \u00e7e\u015fitli a\u011fr\u0131lardan, kire\u00e7lenmeden \u015fik\u00e2yet etmeyen var m\u0131? Kemik erimesi yayg\u0131n bir sorun de\u011fil mi? Dr. Barbara Hendel tam da bu sorunlar\u0131 ele al\u0131yor ve ileri ya\u015flara kadar nas\u0131l a\u011fr\u0131s\u0131z kalabilece\u011fimizi, nas\u0131l hareketli ve aktif bir ya\u015fam s\u00fcrebilece\u011fimizi anlat\u0131yor. \ufffcTan\u0131t\u0131m Metni<\/p>\n","protected":false},"excerpt":{"rendered":"<p>Her t\u00fcrl\u00fc hareketimizi bor\u00e7lu oldu\u011fumuz eklemlerimiz ger\u00e7ekten mucize yap\u0131lard\u0131r. Onlar olmadan k\u0131l\u0131m\u0131z\u0131 k\u0131p\u0131rdatamaz, parma\u011f\u0131m\u0131z\u0131 oynatamay\u0131z. Peki, de\u011ferini yeterince biliyor muyuz? \u00d6zen g\u00f6steriyor muyuz? \u00d6zellikle ya\u015f biraz<span class=\"excerpt-hellip\"> [\u2026]<\/span><\/p>\n","protected":false},"featured_media":0,"template":"","meta":{"_monsterinsights_skip_tracking":false,"_monsterinsights_sitenote_active":false,"_monsterinsights_sitenote_note":"","_monsterinsights_sitenote_category":0},"product_brand":[],"product_cat":[12573,12566],"product_tag":[],"class_list":{"0":"post-699175","1":"product","2":"type-product","3":"status-publish","5":"product_cat-akademik-kitaplar","6":"product_cat-egitim","7":"pa_tur-kitap","8":"pa_yayinevi-kuraldisi-yayinevi","9":"pa_yazar-barbara-hendel","11":"first","12":"instock","13":"sale","14":"shipping-taxable","15":"purchasable","16":"product-type-simple"},"_links":{"self":[{"href":"https:\/\/roveyayinevi.com.tr\/index.php\/wp-json\/wp\/v2\/product\/699175","targetHints":{"allow":["GET"]}}],"collection":[{"href":"https:\/\/roveyayinevi.com.tr\/index.php\/wp-json\/wp\/v2\/product"}],"about":[{"href":"https:\/\/roveyayinevi.com.tr\/index.php\/wp-json\/wp\/v2\/types\/product"}],"wp:attachment":[{"href":"https:\/\/roveyayinevi.com.tr\/index.php\/wp-json\/wp\/v2\/media?parent=699175"}],"wp:term":[{"taxonomy":"product_brand","embeddable":true,"href":"https:\/\/roveyayinevi.com.tr\/index.php\/wp-json\/wp\/v2\/product_brand?post=699175"},{"taxonomy":"product_cat","embeddable":true,"href":"https:\/\/roveyayinevi.com.tr\/index.php\/wp-json\/wp\/v2\/product_cat?post=699175"},{"taxonomy":"product_tag","embeddable":true,"href":"https:\/\/roveyayinevi.com.tr\/index.php\/wp-json\/wp\/v2\/product_tag?post=699175"}],"curies":[{"name":"wp","href":"https:\/\/api.w.org\/{rel}","templated":true}]}}