{"id":699167,"date":"2025-08-27T14:49:31","date_gmt":"2025-08-27T11:49:31","guid":{"rendered":"https:\/\/roveyayinevi.com.tr\/index.php\/urun\/katil-olmayan-adam\/"},"modified":"2026-04-16T02:08:26","modified_gmt":"2026-04-15T23:08:26","slug":"katil-olmayan-adam","status":"publish","type":"product","link":"https:\/\/roveyayinevi.com.tr\/index.php\/urun\/katil-olmayan-adam\/","title":{"rendered":"Katil Olmayan Adam"},"content":{"rendered":"<p>Karanl\u0131k s\u0131rlar\u0131m\u0131z asla sakl\u0131 kalmaz.En karanl\u0131k korkular\u0131m\u0131z onlar\u0131 g\u00fcn y\u00fcz\u00fcne \u00e7\u0131kar\u0131r.Her \u015fey polis merkezine gelen bir telefonla ba\u015flar. On alt\u0131 ya\u015f\u0131ndaki Roger Eriksson kay\u0131pt\u0131r. Arama ba\u015flat\u0131l\u0131r ve bir grup gen\u00e7 izci V\u00e4ster\u00e5s\u2019taki bir batakl\u0131kta Roger\u2019i \u00f6l\u00fc bulur.  Bu s\u0131rada \u0130sve\u00e7\u2019in en iyi kriminal profil uzmanlar\u0131ndan biri olan psikolog Sebastian Bergman da annesinin \u00f6l\u00fcm\u00fcn\u00fcn ard\u0131ndan resmi i\u015flemleri y\u00fcr\u00fctmek i\u00e7in V\u00e4ster\u00e5s\u2019a gelmi\u015ftir. 2004\u2019teki tsunamide kar\u0131s\u0131n\u0131 ve k\u0131z\u0131n\u0131 kaybetmesinin ard\u0131ndan polislerle \u00e7al\u0131\u015fmalar\u0131n\u0131 sonland\u0131ran Sebastian, Cinayet Masas\u0131 ondan yard\u0131m istedi\u011finde bunu ki\u015fisel hedeflerine ula\u015fmak i\u00e7in bulunmaz bir f\u0131rsat olarak g\u00f6r\u00fcr. Aralar\u0131na kat\u0131lan Sebastian\u2019\u0131n kibirli tavr\u0131 ba\u015fta ekibin di\u011fer \u00fcyelerini rahats\u0131z eder. Ancak soru\u015fturma ilerledik\u00e7e, Roger\u2019in \u00f6l\u00fcm\u00fcyle birlikte ba\u015fka gizemler de Sebastian\u2019\u0131n \u00f6nderli\u011finde \u00e7\u00f6z\u00fclmeye ba\u015flar. Sebastian \u00e7\u00f6zd\u00fc\u011f\u00fc vakalara bir yenisini eklerken kendi sorunlar\u0131yla ba\u015fa \u00e7\u0131kabilecek midir? \u201cLarsson\u2019dan bu yana, ilk gerilim romanlar\u0131n\u0131 yazan yazarlar aras\u0131nda muhtemelen en iyisi.\u201d-Kristianstadsbladet\u201cOlay yaratacak kadar iyi bir polisiye.\u201d Hallands Nyheter\u201c\u0130nan\u0131lmaz bir kitap!\u201d-Leser-Welt\u201cOla\u011fan\u00fcst\u00fc bir gerilim. Bergman ve ekibini unutamayacaks\u0131n\u0131z.\u201d-Krimi-Couch.de <\/p>\n","protected":false},"excerpt":{"rendered":"<p>Karanl\u0131k s\u0131rlar\u0131m\u0131z asla sakl\u0131 kalmaz.En karanl\u0131k korkular\u0131m\u0131z onlar\u0131 g\u00fcn y\u00fcz\u00fcne \u00e7\u0131kar\u0131r.Her \u015fey polis merkezine gelen bir telefonla ba\u015flar. On alt\u0131 ya\u015f\u0131ndaki Roger Eriksson kay\u0131pt\u0131r. Arama ba\u015flat\u0131l\u0131r<span class=\"excerpt-hellip\"> [\u2026]<\/span><\/p>\n","protected":false},"featured_media":0,"template":"","meta":{"_monsterinsights_skip_tracking":false,"_monsterinsights_sitenote_active":false,"_monsterinsights_sitenote_note":"","_monsterinsights_sitenote_category":0},"product_brand":[],"product_cat":[12291,12711],"product_tag":[],"class_list":{"0":"post-699167","1":"product","2":"type-product","3":"status-publish","5":"product_cat-edebiyat","6":"product_cat-roman-oyku","7":"pa_cilt-ciltsiz","8":"pa_tur-kitap","9":"pa_yayinevi-pegasus-yayinlari","10":"pa_yazar-michael-hjorth","12":"first","13":"instock","14":"sale","15":"shipping-taxable","16":"purchasable","17":"product-type-simple"},"_links":{"self":[{"href":"https:\/\/roveyayinevi.com.tr\/index.php\/wp-json\/wp\/v2\/product\/699167","targetHints":{"allow":["GET"]}}],"collection":[{"href":"https:\/\/roveyayinevi.com.tr\/index.php\/wp-json\/wp\/v2\/product"}],"about":[{"href":"https:\/\/roveyayinevi.com.tr\/index.php\/wp-json\/wp\/v2\/types\/product"}],"wp:attachment":[{"href":"https:\/\/roveyayinevi.com.tr\/index.php\/wp-json\/wp\/v2\/media?parent=699167"}],"wp:term":[{"taxonomy":"product_brand","embeddable":true,"href":"https:\/\/roveyayinevi.com.tr\/index.php\/wp-json\/wp\/v2\/product_brand?post=699167"},{"taxonomy":"product_cat","embeddable":true,"href":"https:\/\/roveyayinevi.com.tr\/index.php\/wp-json\/wp\/v2\/product_cat?post=699167"},{"taxonomy":"product_tag","embeddable":true,"href":"https:\/\/roveyayinevi.com.tr\/index.php\/wp-json\/wp\/v2\/product_tag?post=699167"}],"curies":[{"name":"wp","href":"https:\/\/api.w.org\/{rel}","templated":true}]}}