{"id":699161,"date":"2025-08-27T14:49:29","date_gmt":"2025-08-27T11:49:29","guid":{"rendered":"https:\/\/roveyayinevi.com.tr\/index.php\/urun\/einstein-bulmacasi-2\/"},"modified":"2026-04-16T02:08:26","modified_gmt":"2026-04-15T23:08:26","slug":"einstein-bulmacasi-2","status":"publish","type":"product","link":"https:\/\/roveyayinevi.com.tr\/index.php\/urun\/einstein-bulmacasi-2\/","title":{"rendered":"Einstein Bulmacas\u0131 2"},"content":{"rendered":"<p>\u00dcnl\u00fc Einstein Bulmacas\u0131 i\u00e7in bu sadece ba\u015flang\u0131\u00e7 demi\u015ftik. Art\u0131k bu ak\u0131l oyununu bir \u00fcst seviyeye ta\u015f\u0131man\u0131n vakti geldi. \u015eu ana kadar 15 bask\u0131 yapan EINSTEIN BULMACASI&#8217;n\u0131n devam\u0131 olan bu kitaptaki mant\u0131k bulmacalar\u0131 ve felsefi zek\u00e2 oyunlar\u0131 sizi fena halde \u015fa\u015f\u0131rtmak, alg\u0131lar\u0131n\u0131za meydan okumak ve d\u00fcnyaya ba\u015fka t\u00fcrl\u00fc bakmaya zorlamak \u00fczere tasarland\u0131. Alttaki uyar\u0131y\u0131 Einstein Bulmacas\u0131 1 i\u00e7in de yapm\u0131\u015ft\u0131k. Kitap altm\u0131\u015f bin adedin \u00fcst\u00fcnde satt\u0131 ve \u015fu ana kadar bildirilen bir zayiat yok. Ama biz yine de uyar\u0131m\u0131z\u0131 yineleyelim: L\u00fctfen sorumlu okurlu\u011fu elden b\u0131rakmay\u0131n; \u00e7\u00f6zememenin verdi\u011fi sinirle f\u0131rlat\u0131lan kitap yaralay\u0131c\u0131 olabilir. <\/p>\n","protected":false},"excerpt":{"rendered":"<p>\u00dcnl\u00fc Einstein Bulmacas\u0131 i\u00e7in bu sadece ba\u015flang\u0131\u00e7 demi\u015ftik. Art\u0131k bu ak\u0131l oyununu bir \u00fcst seviyeye ta\u015f\u0131man\u0131n vakti geldi. \u015eu ana kadar 15 bask\u0131 yapan EINSTEIN BULMACASI&#8217;n\u0131n<span class=\"excerpt-hellip\"> [\u2026]<\/span><\/p>\n","protected":false},"featured_media":0,"template":"","meta":{"_monsterinsights_skip_tracking":false,"_monsterinsights_sitenote_active":false,"_monsterinsights_sitenote_note":"","_monsterinsights_sitenote_category":0},"product_brand":[],"product_cat":[13005,13006],"product_tag":[],"class_list":{"0":"post-699161","1":"product","2":"type-product","3":"status-publish","5":"product_cat-bilim-muhendislik","6":"product_cat-populer-bilim","7":"pa_cilt-ciltsiz","8":"pa_tur-kitap","9":"pa_yayinevi-domingo-yayinevi","10":"pa_yazar-jeremy-stangroom","12":"first","13":"instock","14":"sale","15":"shipping-taxable","16":"purchasable","17":"product-type-simple"},"_links":{"self":[{"href":"https:\/\/roveyayinevi.com.tr\/index.php\/wp-json\/wp\/v2\/product\/699161","targetHints":{"allow":["GET"]}}],"collection":[{"href":"https:\/\/roveyayinevi.com.tr\/index.php\/wp-json\/wp\/v2\/product"}],"about":[{"href":"https:\/\/roveyayinevi.com.tr\/index.php\/wp-json\/wp\/v2\/types\/product"}],"wp:attachment":[{"href":"https:\/\/roveyayinevi.com.tr\/index.php\/wp-json\/wp\/v2\/media?parent=699161"}],"wp:term":[{"taxonomy":"product_brand","embeddable":true,"href":"https:\/\/roveyayinevi.com.tr\/index.php\/wp-json\/wp\/v2\/product_brand?post=699161"},{"taxonomy":"product_cat","embeddable":true,"href":"https:\/\/roveyayinevi.com.tr\/index.php\/wp-json\/wp\/v2\/product_cat?post=699161"},{"taxonomy":"product_tag","embeddable":true,"href":"https:\/\/roveyayinevi.com.tr\/index.php\/wp-json\/wp\/v2\/product_tag?post=699161"}],"curies":[{"name":"wp","href":"https:\/\/api.w.org\/{rel}","templated":true}]}}