{"id":699160,"date":"2025-08-27T14:49:28","date_gmt":"2025-08-27T11:49:28","guid":{"rendered":"https:\/\/roveyayinevi.com.tr\/index.php\/urun\/kafir\/"},"modified":"2026-04-16T02:08:26","modified_gmt":"2026-04-15T23:08:26","slug":"kafir","status":"publish","type":"product","link":"https:\/\/roveyayinevi.com.tr\/index.php\/urun\/kafir\/","title":{"rendered":"Kafir"},"content":{"rendered":"<p>1497 Tibet\u2019te peygamberin izinde iki ke\u015fi\u015f Papa ve Medici ailesinin amans\u0131z sava\u015f\u0131 H\u0131ristiyanlara kar\u015f\u0131 bir koz ele ge\u00e7iren Osmanl\u0131 Sultan\u0131 Leonardo da Vinci\u2019nin \u0130stanbul maceras\u0131 Kimsenin \u00e7\u00f6zmeye cesaret edemedi\u011fi bir s\u0131rPapa Alexander ve ailesi, papal\u0131\u011f\u0131 bir hanedana d\u00f6n\u00fc\u015ft\u00fcrmek ve sonsuza dek H\u0131ristiyanlara egemen olmak isterler. Onlar\u0131n bu planlar\u0131n\u0131n kar\u015f\u0131s\u0131nda ise R\u00f6nesans \u0130talyas\u0131&#8217;n\u0131n en \u00f6nemli ailesi Mediciler bulunmaktad\u0131r.Bu z\u0131tla\u015fman\u0131n merkezinde kalan, Medicilerin eski hizmetk\u00e2r\u0131 Ferruccio de Mola, \u00f6l\u00fcm\u00fc g\u00f6ze alacak kadar sevdi\u011fi kar\u0131s\u0131 Leonora&#8217;y\u0131 kurtarmak i\u00e7in bir kez daha m\u00fccadele etmeye mecbur kal\u0131r.Uzak Do\u011fu&#8217;dan gelen ya\u015fl\u0131 bir ke\u015fi\u015f ve gen\u00e7 bir kad\u0131n, Osmanl\u0131 Sultan\u0131 II. Bayezid&#8217;in himayesine s\u0131\u011f\u0131n\u0131r. Bayezid&#8217;in talimatlar\u0131 ve yanlar\u0131ndaki \u00e7ok gizli bir kitapla \u0130talya&#8217;ya g\u00f6nderilirler. \u0130talya&#8217;ya giderlerken onlara rehberlik eden \u00e7ok tan\u0131d\u0131k bir isim vard\u0131r: Hali\u00e7&#8217;e bir k\u00f6pr\u00fc yapmak i\u00e7in \u0130stanbul&#8217;a gelmi\u015f olan gen\u00e7, yetenekli ressam ve mimar Leonardo da Vinci.  Ancak yanlar\u0131nda sadece unutulmu\u015f bir felsefeyi, zorla gizlenmi\u015f bir hakikati ve b\u00fct\u00fcn insanlara umut \u0131\u015f\u0131\u011f\u0131 olabilecek bir kitab\u0131 de\u011fil, \u00f6l\u00fcm\u00fc de ta\u015f\u0131rlar.\u201cMartigli, okuyucusunu yakalay\u0131p cad\u0131 avlar\u0131, suikastlar ve entrikalarla dolu bir \u00e7a\u011f\u0131n karanl\u0131k y\u00fcz\u00fcnde bir yolculu\u011fa \u00e7\u0131kar\u0131yor.\u201d &#8211; Il Venerd\u00ec di Repubblica\u201cDan Brown\u2019la k\u0131yasland\u0131\u011f\u0131nda Martigli \u00e7ok daha iyi.\u201d &#8211; Carlo Faricciotti, Famiglia Cristiana<\/p>\n","protected":false},"excerpt":{"rendered":"<p>1497 Tibet\u2019te peygamberin izinde iki ke\u015fi\u015f Papa ve Medici ailesinin amans\u0131z sava\u015f\u0131 H\u0131ristiyanlara kar\u015f\u0131 bir koz ele ge\u00e7iren Osmanl\u0131 Sultan\u0131 Leonardo da Vinci\u2019nin \u0130stanbul maceras\u0131 Kimsenin<span class=\"excerpt-hellip\"> [\u2026]<\/span><\/p>\n","protected":false},"featured_media":0,"template":"","meta":{"_monsterinsights_skip_tracking":false,"_monsterinsights_sitenote_active":false,"_monsterinsights_sitenote_note":"","_monsterinsights_sitenote_category":0},"product_brand":[],"product_cat":[12291,12711],"product_tag":[],"class_list":{"0":"post-699160","1":"product","2":"type-product","3":"status-publish","5":"product_cat-edebiyat","6":"product_cat-roman-oyku","7":"pa_cilt-ciltsiz","8":"pa_tur-kitap","9":"pa_yayinevi-pegasus-yayinlari","10":"pa_yazar-carlo-a-martigli","12":"first","13":"instock","14":"sale","15":"shipping-taxable","16":"purchasable","17":"product-type-simple"},"_links":{"self":[{"href":"https:\/\/roveyayinevi.com.tr\/index.php\/wp-json\/wp\/v2\/product\/699160","targetHints":{"allow":["GET"]}}],"collection":[{"href":"https:\/\/roveyayinevi.com.tr\/index.php\/wp-json\/wp\/v2\/product"}],"about":[{"href":"https:\/\/roveyayinevi.com.tr\/index.php\/wp-json\/wp\/v2\/types\/product"}],"wp:attachment":[{"href":"https:\/\/roveyayinevi.com.tr\/index.php\/wp-json\/wp\/v2\/media?parent=699160"}],"wp:term":[{"taxonomy":"product_brand","embeddable":true,"href":"https:\/\/roveyayinevi.com.tr\/index.php\/wp-json\/wp\/v2\/product_brand?post=699160"},{"taxonomy":"product_cat","embeddable":true,"href":"https:\/\/roveyayinevi.com.tr\/index.php\/wp-json\/wp\/v2\/product_cat?post=699160"},{"taxonomy":"product_tag","embeddable":true,"href":"https:\/\/roveyayinevi.com.tr\/index.php\/wp-json\/wp\/v2\/product_tag?post=699160"}],"curies":[{"name":"wp","href":"https:\/\/api.w.org\/{rel}","templated":true}]}}