{"id":699158,"date":"2025-08-27T14:49:28","date_gmt":"2025-08-27T11:49:28","guid":{"rendered":"https:\/\/roveyayinevi.com.tr\/index.php\/urun\/babam-catli\/"},"modified":"2026-02-03T02:13:50","modified_gmt":"2026-02-02T23:13:50","slug":"babam-catli","status":"publish","type":"product","link":"https:\/\/roveyayinevi.com.tr\/index.php\/urun\/babam-catli\/","title":{"rendered":"Babam \u00c7atl\u0131"},"content":{"rendered":"<p>3 Kas\u0131m habercisi olan son telefon konu\u015fmam\u0131z: \u201cK\u0131z\u0131m, sana b\u0131rakabilece\u011fim en b\u00fcy\u00fck miras\u0131m ya\u015fad\u0131klar\u0131md\u0131r. Ba\u015f\u0131n\u0131 hi\u00e7bir zaman e\u011fmeyeceksin.\u201d Onun i\u00e7inde mor da\u011flara t\u00fcrk\u00fc s\u00f6ylemek, uzaktan ge\u00e7en turnalara el sallamak vard\u0131. O, bir devre damgas\u0131n\u0131 vurdu ama i\u00e7indeki t\u00fcrk\u00fcy\u00fc hi\u00e7 duymad\u0131lar, dinlemediler\u2026 Y\u00fckselen canh\u0131ra\u015f \u00e7\u0131\u011fl\u0131klar\u0131n ortas\u0131nda hep bir \u201csebep\u201d olarak g\u00f6r\u00fcld\u00fc, g\u00f6sterildi. Oysa bir insan\u0131n tek ba\u015f\u0131na bu kadar \u201c\u00e7ok sebep\u201d olmas\u0131 m\u00fcmk\u00fcn de\u011fildi. \u201cUtan\u00e7 Duvarlar\u0131\u201d gibi y\u00fckselen tek yanl\u0131 sese verilen bir cevab\u0131 \u00f6zleyenlere ve \u201cUtan\u00e7 Duvarlar\u0131\u201dn\u0131n ac\u0131mas\u0131z mimarlar\u0131nad\u0131r s\u00f6z\u00fcm\u00fcz\u2026 Sadece ve sadece dile getirilmemi\u015f ger\u00e7eklerin hikayesini okumak hakk\u0131, bu hakk\u0131 isteyen herkesindir\u2026 G\u00f6k\u00e7en \u00c7ATLI <\/p>\n","protected":false},"excerpt":{"rendered":"<p>3 Kas\u0131m habercisi olan son telefon konu\u015fmam\u0131z: \u201cK\u0131z\u0131m, sana b\u0131rakabilece\u011fim en b\u00fcy\u00fck miras\u0131m ya\u015fad\u0131klar\u0131md\u0131r. Ba\u015f\u0131n\u0131 hi\u00e7bir zaman e\u011fmeyeceksin.\u201d Onun i\u00e7inde mor da\u011flara t\u00fcrk\u00fc s\u00f6ylemek, uzaktan ge\u00e7en<span class=\"excerpt-hellip\"> [\u2026]<\/span><\/p>\n","protected":false},"featured_media":0,"template":"","meta":{"_monsterinsights_skip_tracking":false,"_monsterinsights_sitenote_active":false,"_monsterinsights_sitenote_note":"","_monsterinsights_sitenote_category":0},"product_brand":[],"product_cat":[12346,12337],"product_tag":[],"class_list":{"0":"post-699158","1":"product","2":"type-product","3":"status-publish","5":"product_cat-derin-siyaset-komplo-teorileri","6":"product_cat-politika-siyaset","7":"pa_cilt-ciltsiz","8":"pa_tur-kitap","9":"pa_yayinevi-panama-yayincilik","10":"pa_yazar-gokcen-catli","12":"first","13":"instock","14":"sale","15":"shipping-taxable","16":"purchasable","17":"product-type-simple"},"_links":{"self":[{"href":"https:\/\/roveyayinevi.com.tr\/index.php\/wp-json\/wp\/v2\/product\/699158","targetHints":{"allow":["GET"]}}],"collection":[{"href":"https:\/\/roveyayinevi.com.tr\/index.php\/wp-json\/wp\/v2\/product"}],"about":[{"href":"https:\/\/roveyayinevi.com.tr\/index.php\/wp-json\/wp\/v2\/types\/product"}],"wp:attachment":[{"href":"https:\/\/roveyayinevi.com.tr\/index.php\/wp-json\/wp\/v2\/media?parent=699158"}],"wp:term":[{"taxonomy":"product_brand","embeddable":true,"href":"https:\/\/roveyayinevi.com.tr\/index.php\/wp-json\/wp\/v2\/product_brand?post=699158"},{"taxonomy":"product_cat","embeddable":true,"href":"https:\/\/roveyayinevi.com.tr\/index.php\/wp-json\/wp\/v2\/product_cat?post=699158"},{"taxonomy":"product_tag","embeddable":true,"href":"https:\/\/roveyayinevi.com.tr\/index.php\/wp-json\/wp\/v2\/product_tag?post=699158"}],"curies":[{"name":"wp","href":"https:\/\/api.w.org\/{rel}","templated":true}]}}