{"id":699135,"date":"2025-08-27T14:49:21","date_gmt":"2025-08-27T11:49:21","guid":{"rendered":"https:\/\/roveyayinevi.com.tr\/index.php\/urun\/raki-ansiklopedisi-meyhane-baskisi\/"},"modified":"2025-12-30T09:49:26","modified_gmt":"2025-12-30T06:49:26","slug":"raki-ansiklopedisi-meyhane-baskisi","status":"publish","type":"product","link":"https:\/\/roveyayinevi.com.tr\/index.php\/urun\/raki-ansiklopedisi-meyhane-baskisi\/","title":{"rendered":"Rak\u0131 Ansiklopedisi (Meyhane Bask\u0131s\u0131)"},"content":{"rendered":"<p>500 y\u0131l\u0131 a\u015fk\u0131n tarihsel kesitin izini s\u00fcren, alan\u0131n\u0131n en \u00e7ok satan kitab\u0131 olan, binlerce maddeden olu\u015fan \u00f6d\u00fcll\u00fc \u201cRak\u0131 Ansiklopedisi\u201dne dair getirilen en b\u00fcy\u00fck ele\u015ftiri pahal\u0131 olu\u015fuydu. Meyhane Bask\u0131s\u0131 ile bu sorunu \u00e7\u00f6z\u00fcl\u00fcyor nihayet.Eskiden gazeteler ak\u015fam bask\u0131s\u0131 yapar, buna halk aras\u0131nda meyhane bask\u0131s\u0131 denirdi. \u00c7\u00fcnk\u00fc ertesi g\u00fcn\u00fcn Haberleri ilk olarak meyhane masalar\u0131nda okunurdu. Meyhaneler g\u00fcndemin s\u0131ca\u011f\u0131 s\u0131ca\u011f\u0131na konu\u015fuldu\u011fu yerlerdi. Bili\u015fim toplumunda kula\u011fa masal gibi gelen bu gelenek belki ge\u00e7mi\u015fte kald\u0131, ama meyhane bask\u0131s\u0131 s\u00f6z\u00fcne yeni bir i\u00e7erik kazand\u0131rmak m\u00fcmk\u00fcn. Rak\u0131 Ansiklopedisi\u2019nin bu yeni edisyonu her yerde, \u00f6zellikle de meyhanede rahat\u00e7a okunabilsin istedik, \u00e7ilingir sofras\u0131n\u0131n yan\u0131 ba\u015f\u0131nda dursun dedik.Bug\u00fcne kadar haz\u0131rlanan ilk Rak\u0131 Ansiklopedisi, ya\u015fayan rak\u0131 k\u00fclt\u00fcr\u00fcn\u00fcn b\u00fct\u00fcn y\u00f6nleriyle kavranmas\u0131na hizmet edecek bilgileri derleyen sistematik ba\u015fvuru kayna\u011f\u0131 olarak k\u00fct\u00fcphane raflar\u0131ndaki yerini ald\u0131, alan\u0131n\u0131n en \u00e7ok satan kitab\u0131 oldu, \u00f6d\u00fcller ald\u0131, \u00e7ok \u00f6vg\u00fc toplad\u0131.Her sayfas\u0131 anason kokan bir keyif ansiklopedisi&#8230; <\/p>\n","protected":false},"excerpt":{"rendered":"<p>500 y\u0131l\u0131 a\u015fk\u0131n tarihsel kesitin izini s\u00fcren, alan\u0131n\u0131n en \u00e7ok satan kitab\u0131 olan, binlerce maddeden olu\u015fan \u00f6d\u00fcll\u00fc \u201cRak\u0131 Ansiklopedisi\u201dne dair getirilen en b\u00fcy\u00fck ele\u015ftiri pahal\u0131 olu\u015fuydu.<span class=\"excerpt-hellip\"> [\u2026]<\/span><\/p>\n","protected":false},"featured_media":0,"template":"","meta":{"_monsterinsights_skip_tracking":false,"_monsterinsights_sitenote_active":false,"_monsterinsights_sitenote_note":"","_monsterinsights_sitenote_category":0},"product_brand":[],"product_cat":[20039,13488],"product_tag":[],"class_list":{"0":"post-699135","1":"product","2":"type-product","3":"status-publish","5":"product_cat-kultur-tarihi","6":"product_cat-toplum-ve-insan","7":"pa_cilt-ciltsiz","8":"pa_tur-kitap","9":"pa_yayinevi-overteam-yayinlari","10":"pa_yazar-erdir-zat-haz","12":"first","13":"instock","14":"sale","15":"shipping-taxable","16":"purchasable","17":"product-type-simple"},"_links":{"self":[{"href":"https:\/\/roveyayinevi.com.tr\/index.php\/wp-json\/wp\/v2\/product\/699135","targetHints":{"allow":["GET"]}}],"collection":[{"href":"https:\/\/roveyayinevi.com.tr\/index.php\/wp-json\/wp\/v2\/product"}],"about":[{"href":"https:\/\/roveyayinevi.com.tr\/index.php\/wp-json\/wp\/v2\/types\/product"}],"wp:attachment":[{"href":"https:\/\/roveyayinevi.com.tr\/index.php\/wp-json\/wp\/v2\/media?parent=699135"}],"wp:term":[{"taxonomy":"product_brand","embeddable":true,"href":"https:\/\/roveyayinevi.com.tr\/index.php\/wp-json\/wp\/v2\/product_brand?post=699135"},{"taxonomy":"product_cat","embeddable":true,"href":"https:\/\/roveyayinevi.com.tr\/index.php\/wp-json\/wp\/v2\/product_cat?post=699135"},{"taxonomy":"product_tag","embeddable":true,"href":"https:\/\/roveyayinevi.com.tr\/index.php\/wp-json\/wp\/v2\/product_tag?post=699135"}],"curies":[{"name":"wp","href":"https:\/\/api.w.org\/{rel}","templated":true}]}}