{"id":699133,"date":"2025-08-27T14:49:20","date_gmt":"2025-08-27T11:49:20","guid":{"rendered":"https:\/\/roveyayinevi.com.tr\/index.php\/urun\/gunumuzde-sosyal-teori\/"},"modified":"2026-04-16T02:08:25","modified_gmt":"2026-04-15T23:08:25","slug":"gunumuzde-sosyal-teori","status":"publish","type":"product","link":"https:\/\/roveyayinevi.com.tr\/index.php\/urun\/gunumuzde-sosyal-teori\/","title":{"rendered":"G\u00fcn\u00fcm\u00fczde Sosyal Teori"},"content":{"rendered":"<p>Sosyal teori \u00e7ok y\u00f6nl\u00fc bir giri\u015fimdir. Onun baz\u0131 en temel ilgileri, \u00f6rne\u011fin inceleme konusunun ne olmas\u0131 ve hangi prosed\u00fcrlerin benimsenmesi gerekti\u011fi hakk\u0131nda bir fikir birli\u011fi yoktur. Hem sosyal teorideki \u00f6nde gelen d\u00fc\u015f\u00fcnce gelenekleri hem de son yirmi y\u0131ld\u0131r ortaya \u00e7\u0131kan de\u011fi\u015fimler hakk\u0131nda sistematik bir k\u0131lavuz sunmak i\u00e7in sosyal bilimciler ve g\u00f6r\u00fc\u015fleri dikkatlice se\u00e7tik. <\/p>\n","protected":false},"excerpt":{"rendered":"<p>Sosyal teori \u00e7ok y\u00f6nl\u00fc bir giri\u015fimdir. Onun baz\u0131 en temel ilgileri, \u00f6rne\u011fin inceleme konusunun ne olmas\u0131 ve hangi prosed\u00fcrlerin benimsenmesi gerekti\u011fi hakk\u0131nda bir fikir birli\u011fi yoktur.<span class=\"excerpt-hellip\"> [\u2026]<\/span><\/p>\n","protected":false},"featured_media":0,"template":"","meta":{"_monsterinsights_skip_tracking":false,"_monsterinsights_sitenote_active":false,"_monsterinsights_sitenote_note":"","_monsterinsights_sitenote_category":0},"product_brand":[],"product_cat":[12573,12566],"product_tag":[],"class_list":{"0":"post-699133","1":"product","2":"type-product","3":"status-publish","5":"product_cat-akademik-kitaplar","6":"product_cat-egitim","7":"pa_cilt-ciltsiz","8":"pa_tur-kitap","9":"pa_yayinevi-say-yayinlari","10":"pa_yazar-kolektif","12":"first","13":"instock","14":"sale","15":"shipping-taxable","16":"purchasable","17":"product-type-simple"},"_links":{"self":[{"href":"https:\/\/roveyayinevi.com.tr\/index.php\/wp-json\/wp\/v2\/product\/699133","targetHints":{"allow":["GET"]}}],"collection":[{"href":"https:\/\/roveyayinevi.com.tr\/index.php\/wp-json\/wp\/v2\/product"}],"about":[{"href":"https:\/\/roveyayinevi.com.tr\/index.php\/wp-json\/wp\/v2\/types\/product"}],"wp:attachment":[{"href":"https:\/\/roveyayinevi.com.tr\/index.php\/wp-json\/wp\/v2\/media?parent=699133"}],"wp:term":[{"taxonomy":"product_brand","embeddable":true,"href":"https:\/\/roveyayinevi.com.tr\/index.php\/wp-json\/wp\/v2\/product_brand?post=699133"},{"taxonomy":"product_cat","embeddable":true,"href":"https:\/\/roveyayinevi.com.tr\/index.php\/wp-json\/wp\/v2\/product_cat?post=699133"},{"taxonomy":"product_tag","embeddable":true,"href":"https:\/\/roveyayinevi.com.tr\/index.php\/wp-json\/wp\/v2\/product_tag?post=699133"}],"curies":[{"name":"wp","href":"https:\/\/api.w.org\/{rel}","templated":true}]}}