{"id":699100,"date":"2025-08-27T14:49:10","date_gmt":"2025-08-27T11:49:10","guid":{"rendered":"https:\/\/roveyayinevi.com.tr\/index.php\/urun\/istanbul-mahallelerinde-bir-gezinti\/"},"modified":"2026-04-16T02:08:25","modified_gmt":"2026-04-15T23:08:25","slug":"istanbul-mahallelerinde-bir-gezinti","status":"publish","type":"product","link":"https:\/\/roveyayinevi.com.tr\/index.php\/urun\/istanbul-mahallelerinde-bir-gezinti\/","title":{"rendered":"\u0130stanbul Mahallelerinde Bir Gezinti"},"content":{"rendered":"<p>Hicvi ve dolay\u0131s\u0131yla mizah\u0131; toplumsal yozla\u015fmay\u0131, kurumlar\u0131n bozulmas\u0131n\u0131, insanlar aras\u0131ndaki bitmek bilmeyen \u00e7eki\u015fmeyi ve adaletsizli\u011fi anlatmak i\u00e7in bir silah olarak gayet iyi kullanan Hagop Baronyan, ya\u015fad\u0131\u011f\u0131 d\u00f6nemde sans\u00fcr bask\u0131s\u0131na u\u011fram\u0131\u015f ve elinden geldi\u011fince buna direnebilmi\u015ftir. \u0130stanbul Mahallelerinde Bir Gezinti\u2019de XIX. y\u00fczy\u0131l\u0131n ikinci yar\u0131s\u0131n\u0131n \u0130stanbul\u2019unda 34 mahallenin toplum ya\u015fant\u0131s\u0131, mahalle hayat\u0131 olduk\u00e7a kuvvetli bir mizahi dille anlat\u0131l\u0131yor. Ermeni ileri gelenlerinin Ermeni toplumunun sorunlar\u0131na ilgisizli\u011fi, zengin fakir ayr\u0131m\u0131n\u0131n yaratt\u0131\u011f\u0131 \u00e7eli\u015fkiler, kad\u0131n erkek ili\u015fkileri, kilisenin mahalle hayat\u0131 \u00fczerindeki hegemonyas\u0131, ince ve keskin g\u00f6zlemlerle aktar\u0131l\u0131yor.Baronyan, rengini, \u201csiluetini\u201d ve hatta halklar\u0131n\u0131 b\u00fcy\u00fck \u00f6l\u00e7\u00fcde kaybetmi\u015f bir \u015fehrin mazisine ba\u015fka bir g\u00f6zle bakmam\u0131z\u0131 sa\u011fl\u0131yor. \ufffcTan\u0131t\u0131m Metni<\/p>\n","protected":false},"excerpt":{"rendered":"<p>Hicvi ve dolay\u0131s\u0131yla mizah\u0131; toplumsal yozla\u015fmay\u0131, kurumlar\u0131n bozulmas\u0131n\u0131, insanlar aras\u0131ndaki bitmek bilmeyen \u00e7eki\u015fmeyi ve adaletsizli\u011fi anlatmak i\u00e7in bir silah olarak gayet iyi kullanan Hagop Baronyan, ya\u015fad\u0131\u011f\u0131<span class=\"excerpt-hellip\"> [\u2026]<\/span><\/p>\n","protected":false},"featured_media":0,"template":"","meta":{"_monsterinsights_skip_tracking":false,"_monsterinsights_sitenote_active":false,"_monsterinsights_sitenote_note":"","_monsterinsights_sitenote_category":0},"product_brand":[],"product_cat":[13054,20153],"product_tag":[],"class_list":{"0":"post-699100","1":"product","2":"type-product","3":"status-publish","5":"product_cat-gezi-ve-rehber-kitaplari","6":"product_cat-istanbul-rehberi","7":"pa_cilt-ciltsiz","8":"pa_tur-kitap","9":"pa_yayinevi-can-yayinlari","10":"pa_yazar-hagop-baronyan","12":"first","13":"instock","14":"sale","15":"shipping-taxable","16":"purchasable","17":"product-type-simple"},"_links":{"self":[{"href":"https:\/\/roveyayinevi.com.tr\/index.php\/wp-json\/wp\/v2\/product\/699100","targetHints":{"allow":["GET"]}}],"collection":[{"href":"https:\/\/roveyayinevi.com.tr\/index.php\/wp-json\/wp\/v2\/product"}],"about":[{"href":"https:\/\/roveyayinevi.com.tr\/index.php\/wp-json\/wp\/v2\/types\/product"}],"wp:attachment":[{"href":"https:\/\/roveyayinevi.com.tr\/index.php\/wp-json\/wp\/v2\/media?parent=699100"}],"wp:term":[{"taxonomy":"product_brand","embeddable":true,"href":"https:\/\/roveyayinevi.com.tr\/index.php\/wp-json\/wp\/v2\/product_brand?post=699100"},{"taxonomy":"product_cat","embeddable":true,"href":"https:\/\/roveyayinevi.com.tr\/index.php\/wp-json\/wp\/v2\/product_cat?post=699100"},{"taxonomy":"product_tag","embeddable":true,"href":"https:\/\/roveyayinevi.com.tr\/index.php\/wp-json\/wp\/v2\/product_tag?post=699100"}],"curies":[{"name":"wp","href":"https:\/\/api.w.org\/{rel}","templated":true}]}}