{"id":699073,"date":"2025-08-27T14:49:03","date_gmt":"2025-08-27T11:49:03","guid":{"rendered":"https:\/\/roveyayinevi.com.tr\/index.php\/urun\/fakat-filmin-sonu-boyle-bitmedi\/"},"modified":"2026-04-16T02:08:24","modified_gmt":"2026-04-15T23:08:24","slug":"fakat-filmin-sonu-boyle-bitmedi","status":"publish","type":"product","link":"https:\/\/roveyayinevi.com.tr\/index.php\/urun\/fakat-filmin-sonu-boyle-bitmedi\/","title":{"rendered":"Fakat Filmin Sonu B\u00f6yle Bitmedi"},"content":{"rendered":"<p>\u201cKitab\u0131n ad\u0131 \u201cA\u015fk\u0131n Romans\u0131\u201d; ama okudu\u011fumuz kitap sadece bir romans de\u011fil&#8230; Ciddi bir roman. \u00c7\u00fcnk\u00fc bildi\u011fimiz \u2018romans\u2019lar gibi yaln\u0131zca a\u015fk hik\u00e2yeleri anlatm\u0131yor, d\u00fcnya kadar imgeyi, d\u00fcnya kadar duyguyu, heyecan\u0131, yaln\u0131zl\u0131\u011f\u0131, \u00e7oklu\u011fu, hi\u00e7li\u011fi, varl\u0131\u011f\u0131, a\u015fk\u0131, sevi\u015fmeyi, \u015fuursuzca arzulamay\u0131, sitemi ve daha bir s\u00fcr\u00fc \u201cromans\u201d\u0131 karmakar\u0131\u015f\u0131k sa\u00e7 \u00f6rg\u00fcleri halinde i\u015fleyip okuyucunun \u00f6n\u00fcne bir \u201cEnigma Makinesi\u201d gibi oturtuyor. Haydi \u00e7\u00f6z bakal\u0131m s\u0131k\u0131ysa, a\u015fk\u0131n ve \u201c\u00f6l\u00fcm\u00fcne seven kad\u0131n a\u015fk\u0131n\u0131n\u201d \u015fifresini ey okuyucu, kim \u00e7\u00f6zebilmi\u015f ki!\u201d <\/p>\n","protected":false},"excerpt":{"rendered":"<p>\u201cKitab\u0131n ad\u0131 \u201cA\u015fk\u0131n Romans\u0131\u201d; ama okudu\u011fumuz kitap sadece bir romans de\u011fil&#8230; Ciddi bir roman. \u00c7\u00fcnk\u00fc bildi\u011fimiz \u2018romans\u2019lar gibi yaln\u0131zca a\u015fk hik\u00e2yeleri anlatm\u0131yor, d\u00fcnya kadar imgeyi, d\u00fcnya<span class=\"excerpt-hellip\"> [\u2026]<\/span><\/p>\n","protected":false},"featured_media":0,"template":"","meta":{"_monsterinsights_skip_tracking":false,"_monsterinsights_sitenote_active":false,"_monsterinsights_sitenote_note":"","_monsterinsights_sitenote_category":0},"product_brand":[],"product_cat":[12291,12711],"product_tag":[],"class_list":{"0":"post-699073","1":"product","2":"type-product","3":"status-publish","5":"product_cat-edebiyat","6":"product_cat-roman-oyku","7":"pa_cilt-ciltsiz","8":"pa_tur-kitap","9":"pa_yayinevi-bencekitap","10":"pa_yazar-tulay-bilginer","12":"first","13":"instock","14":"sale","15":"shipping-taxable","16":"purchasable","17":"product-type-simple"},"_links":{"self":[{"href":"https:\/\/roveyayinevi.com.tr\/index.php\/wp-json\/wp\/v2\/product\/699073","targetHints":{"allow":["GET"]}}],"collection":[{"href":"https:\/\/roveyayinevi.com.tr\/index.php\/wp-json\/wp\/v2\/product"}],"about":[{"href":"https:\/\/roveyayinevi.com.tr\/index.php\/wp-json\/wp\/v2\/types\/product"}],"wp:attachment":[{"href":"https:\/\/roveyayinevi.com.tr\/index.php\/wp-json\/wp\/v2\/media?parent=699073"}],"wp:term":[{"taxonomy":"product_brand","embeddable":true,"href":"https:\/\/roveyayinevi.com.tr\/index.php\/wp-json\/wp\/v2\/product_brand?post=699073"},{"taxonomy":"product_cat","embeddable":true,"href":"https:\/\/roveyayinevi.com.tr\/index.php\/wp-json\/wp\/v2\/product_cat?post=699073"},{"taxonomy":"product_tag","embeddable":true,"href":"https:\/\/roveyayinevi.com.tr\/index.php\/wp-json\/wp\/v2\/product_tag?post=699073"}],"curies":[{"name":"wp","href":"https:\/\/api.w.org\/{rel}","templated":true}]}}