{"id":699066,"date":"2025-08-27T14:49:01","date_gmt":"2025-08-27T11:49:01","guid":{"rendered":"https:\/\/roveyayinevi.com.tr\/index.php\/urun\/hastaliklar-ogretmendir\/"},"modified":"2026-04-16T02:08:24","modified_gmt":"2026-04-15T23:08:24","slug":"hastaliklar-ogretmendir","status":"publish","type":"product","link":"https:\/\/roveyayinevi.com.tr\/index.php\/urun\/hastaliklar-ogretmendir\/","title":{"rendered":"Hastal\u0131klar \u00d6\u011fretmendir"},"content":{"rendered":"<p>Sebepsiz \u00e7almaz kap\u0131n\u0131z\u0131 hastal\u0131k\u2026 Bedeninizin size mutlaka s\u00f6ylemek istedi\u011fi \u015feyler vard\u0131r\u2026 Dilinizin s\u00f6yleyemediklerini bedeniniz s\u00f6yler \u00e7o\u011fu zaman!Siz de \u2018bu ya\u015fta ne romatizmas\u0131 bu\u2019 veya \u2018damla alkol almam, sar\u0131l\u0131k da ge\u00e7irmedim ne sirozu \u015fimdi\u2019, \u2018MS mi? Benim daha \u00e7ok i\u015fim vard\u0131 yapacak!\u2019 ya da \u2018beslenmeme o kadar da dikkat ediyordum, nas\u0131l ba\u011f\u0131rsak kanseri oldum\u2019 der durursunuz.Oysa s\u00f6ylemek istedikleri vard\u0131r eklemlerinizin, karaci\u011ferinizin, yoldan \u00e7\u0131km\u0131\u015f kontrols\u00fcz \u2018isyan eden\u2019 h\u00fccrelerinizin size! Ve bedeninizin diline kulak verip ruhunuzdaki sesi duyabilirseniz, hastal\u0131k gider, g\u00f6revi bitmi\u015ftir \u00e7\u00fcnk\u00fc art\u0131k&#8230;Dr. Elif G\u00fcvelo\u011flu, insanlar\u0131n birbirlerine sokulamad\u0131\u011f\u0131, a\u00e7\u0131lamad\u0131\u011f\u0131 bu garip so\u011fuk \u00e7a\u011fda biraz da ruhumuza bakmaya \u00e7a\u011f\u0131r\u0131yor bizi. Havu\u00e7taki beta karoten, domatesteki likopen oran\u0131na, kimyasal katk\u0131 maddelerine odaklanm\u0131\u015f olanlar\u0131m\u0131za bamba\u015fka yerlere bakmay\u0131 \u00f6neriyor. \u00c7\u00fcnk\u00fc kin, nefret, h\u0131rs, \u00f6fke, affedememe duygular\u0131 her t\u00fcrl\u00fc katk\u0131 maddesinden daha beter; ba\u011f\u0131\u015flama, sevgi, \u015fefkat, merhamet duygular\u0131 b\u00fct\u00fcn vitaminlerden daha kuvvetli.G\u00fcvelo\u011flu, kitab\u0131n\u0131n ismini bir \u00c7in atas\u00f6z\u00fcnden se\u00e7mi\u015f: Hastal\u0131klar \u00d6\u011fretmendir. Nas\u0131l m\u0131? Kendinize bile itiraf edemedi\u011finiz en derinlerdeki yaralar\u0131 g\u00f6sterir size. \u0130\u00e7inize ayna tutar. Kininizin, \u00f6fkenizin, sevgisizli\u011finizin, i\u00e7inize att\u0131klar\u0131n\u0131z\u0131n ne kadar y\u0131k\u0131c\u0131 olabilece\u011fini g\u00f6sterir.S\u00f6ylediklerini anlar da d\u00fc\u015f\u00fcncelerinizi, duygular\u0131n\u0131z\u0131, hayat\u0131n\u0131z\u0131 de\u011fi\u015ftirebilirseniz hastal\u0131k da \u00e7eker gider; i\u015fi bitmi\u015ftir art\u0131k!Kanser \u0130yile\u015fir kitab\u0131n\u0131n da yazar\u0131 olan Dr. Elif G\u00fcvelo\u011flu tam da en ihtiya\u00e7 duydu\u011fumuz zamanda iyile\u015fmenin, ruhumuzu ok\u015faman\u0131n yollar\u0131n\u0131 g\u00f6steriyor. Asl\u0131nda her t\u00fcrl\u00fc hastal\u0131\u011f\u0131n en \u00f6nemli ilac\u0131 i\u00e7imizde, kalbimizdeki sevgide\u2026Ba\u011f\u0131\u015f\u0131kl\u0131k sistemini g\u00fc\u00e7lendirmek i\u00e7in neler yapabilece\u011fimiz Kanser \u0130yile\u015fir kitab\u0131nda yaz\u0131ld\u0131. Bu kitapta da ruhumuza, d\u00fc\u015f\u00fcncelerimize neler yapabileceklerimiz var. <\/p>\n","protected":false},"excerpt":{"rendered":"<p>Sebepsiz \u00e7almaz kap\u0131n\u0131z\u0131 hastal\u0131k\u2026 Bedeninizin size mutlaka s\u00f6ylemek istedi\u011fi \u015feyler vard\u0131r\u2026 Dilinizin s\u00f6yleyemediklerini bedeniniz s\u00f6yler \u00e7o\u011fu zaman!Siz de \u2018bu ya\u015fta ne romatizmas\u0131 bu\u2019 veya \u2018damla alkol<span class=\"excerpt-hellip\"> [\u2026]<\/span><\/p>\n","protected":false},"featured_media":0,"template":"","meta":{"_monsterinsights_skip_tracking":false,"_monsterinsights_sitenote_active":false,"_monsterinsights_sitenote_note":"","_monsterinsights_sitenote_category":0},"product_brand":[],"product_cat":[16965,13365],"product_tag":[],"class_list":{"0":"post-699066","1":"product","2":"type-product","3":"status-publish","5":"product_cat-genel-saglik-kitaplari","6":"product_cat-saglik","7":"pa_cilt-ciltsiz","8":"pa_tur-kitap","9":"pa_yayinevi-hayykitap","10":"pa_yazar-elif-guveloglu","12":"first","13":"instock","14":"sale","15":"shipping-taxable","16":"purchasable","17":"product-type-simple"},"_links":{"self":[{"href":"https:\/\/roveyayinevi.com.tr\/index.php\/wp-json\/wp\/v2\/product\/699066","targetHints":{"allow":["GET"]}}],"collection":[{"href":"https:\/\/roveyayinevi.com.tr\/index.php\/wp-json\/wp\/v2\/product"}],"about":[{"href":"https:\/\/roveyayinevi.com.tr\/index.php\/wp-json\/wp\/v2\/types\/product"}],"wp:attachment":[{"href":"https:\/\/roveyayinevi.com.tr\/index.php\/wp-json\/wp\/v2\/media?parent=699066"}],"wp:term":[{"taxonomy":"product_brand","embeddable":true,"href":"https:\/\/roveyayinevi.com.tr\/index.php\/wp-json\/wp\/v2\/product_brand?post=699066"},{"taxonomy":"product_cat","embeddable":true,"href":"https:\/\/roveyayinevi.com.tr\/index.php\/wp-json\/wp\/v2\/product_cat?post=699066"},{"taxonomy":"product_tag","embeddable":true,"href":"https:\/\/roveyayinevi.com.tr\/index.php\/wp-json\/wp\/v2\/product_tag?post=699066"}],"curies":[{"name":"wp","href":"https:\/\/api.w.org\/{rel}","templated":true}]}}