{"id":699057,"date":"2025-08-27T14:48:58","date_gmt":"2025-08-27T11:48:58","guid":{"rendered":"https:\/\/roveyayinevi.com.tr\/index.php\/urun\/turk-inkilabina-bakislar\/"},"modified":"2026-04-16T02:08:24","modified_gmt":"2026-04-15T23:08:24","slug":"turk-inkilabina-bakislar","status":"publish","type":"product","link":"https:\/\/roveyayinevi.com.tr\/index.php\/urun\/turk-inkilabina-bakislar\/","title":{"rendered":"T\u00fcrk \u0130nk\u0131lab\u0131na Bak\u0131\u015flar"},"content":{"rendered":"<p>T\u00fcrk \u0130nk\u0131l\u00e2b\u0131na Bak\u0131\u015flar \u0131n iki \u00f6zelli\u011fi vard\u0131r. Birincisi ink\u0131l\u00e2p \u00f6ncesi fikir cereyanlar\u0131n\u0131 en ger\u00e7ek kaynaklar\u0131yla ortaya koymaya \u00e7al\u0131\u015fm\u0131\u015f olmas\u0131d\u0131r. Kitaptaki vesikalardan, Atat\u00fcrk ink\u0131l\u00e2b\u0131n\u0131n \u0130kinci Me\u015frutiyette ortaya \u00e7\u0131kan ve m\u00fcdafaas\u0131 yap\u0131lan Avrupal\u0131la\u015fma hareketinden aynen ilham ald\u0131\u011f\u0131 g\u00f6r\u00fcl\u00fcr. Eserin ikinci \u00f6zelli\u011fi, T\u00fcrk \u0130nk\u0131l\u00e2b\u0131n\u0131n tarih felsefesi, medeniyetlerin mukayesesi, \u015eark (Do\u011fu) ve Garp (Bat\u0131) mefhumlar\u0131n\u0131n tahlili, \u0130sl\u00e2m T\u00fcrk ve Bat\u0131 d\u00fc\u015f\u00fcnceleri aras\u0131ndaki kaynaklar\u0131n m\u00fc\u015fterek olu\u015funu izah bak\u0131m\u0131ndan ilk deneme olu\u015fudur&#8230; <\/p>\n","protected":false},"excerpt":{"rendered":"<p>T\u00fcrk \u0130nk\u0131l\u00e2b\u0131na Bak\u0131\u015flar \u0131n iki \u00f6zelli\u011fi vard\u0131r. Birincisi ink\u0131l\u00e2p \u00f6ncesi fikir cereyanlar\u0131n\u0131 en ger\u00e7ek kaynaklar\u0131yla ortaya koymaya \u00e7al\u0131\u015fm\u0131\u015f olmas\u0131d\u0131r. Kitaptaki vesikalardan, Atat\u00fcrk ink\u0131l\u00e2b\u0131n\u0131n \u0130kinci Me\u015frutiyette ortaya<span class=\"excerpt-hellip\"> [\u2026]<\/span><\/p>\n","protected":false},"featured_media":0,"template":"","meta":{"_monsterinsights_skip_tracking":false,"_monsterinsights_sitenote_active":false,"_monsterinsights_sitenote_note":"","_monsterinsights_sitenote_category":0},"product_brand":[],"product_cat":[12835,12324],"product_tag":[],"class_list":{"0":"post-699057","1":"product","2":"type-product","3":"status-publish","5":"product_cat-genel-sosyoloji","6":"product_cat-sosyoloji","7":"pa_cilt-ciltsiz","8":"pa_tur-kitap","9":"pa_yayinevi-otuken-nesriyat","10":"pa_yazar-peyami-safa","12":"first","13":"instock","14":"sale","15":"shipping-taxable","16":"purchasable","17":"product-type-simple"},"_links":{"self":[{"href":"https:\/\/roveyayinevi.com.tr\/index.php\/wp-json\/wp\/v2\/product\/699057","targetHints":{"allow":["GET"]}}],"collection":[{"href":"https:\/\/roveyayinevi.com.tr\/index.php\/wp-json\/wp\/v2\/product"}],"about":[{"href":"https:\/\/roveyayinevi.com.tr\/index.php\/wp-json\/wp\/v2\/types\/product"}],"wp:attachment":[{"href":"https:\/\/roveyayinevi.com.tr\/index.php\/wp-json\/wp\/v2\/media?parent=699057"}],"wp:term":[{"taxonomy":"product_brand","embeddable":true,"href":"https:\/\/roveyayinevi.com.tr\/index.php\/wp-json\/wp\/v2\/product_brand?post=699057"},{"taxonomy":"product_cat","embeddable":true,"href":"https:\/\/roveyayinevi.com.tr\/index.php\/wp-json\/wp\/v2\/product_cat?post=699057"},{"taxonomy":"product_tag","embeddable":true,"href":"https:\/\/roveyayinevi.com.tr\/index.php\/wp-json\/wp\/v2\/product_tag?post=699057"}],"curies":[{"name":"wp","href":"https:\/\/api.w.org\/{rel}","templated":true}]}}