{"id":699040,"date":"2025-08-27T14:48:52","date_gmt":"2025-08-27T11:48:52","guid":{"rendered":"https:\/\/roveyayinevi.com.tr\/index.php\/urun\/kucuk-kara-balik-2\/"},"modified":"2026-04-16T02:08:23","modified_gmt":"2026-04-15T23:08:23","slug":"kucuk-kara-balik-2","status":"publish","type":"product","link":"https:\/\/roveyayinevi.com.tr\/index.php\/urun\/kucuk-kara-balik-2\/","title":{"rendered":"K\u00fc\u00e7\u00fck Kara Bal\u0131k"},"content":{"rendered":"<p>Bal\u0131k Nine, \u00e7evresini saran on bin mini minnac\u0131k bal\u0131\u011fa masal anlat\u0131yordu: Sevgili yavrular\u0131m, bu masal\u0131 can kula\u011f\u0131yla dinleyin. Kula\u011f\u0131n\u0131za k\u00fcpe edin. Evvel zaman i\u00e7inde kalbur saman i\u00e7inde sizler gibi k\u00fc\u00e7\u00fck bir bal\u0131k vard\u0131. Bu bal\u0131\u011f\u0131n ad\u0131 K\u00fc\u00e7\u00fck Kara Bal\u0131k\u2019t\u0131. Annesiyle birlikte bir derede ya\u015f\u0131yordu. K\u00fc\u00e7\u00fck Kara Bal\u0131k bir g\u00fcn annesine \u201cBu k\u00fc\u00e7\u00fck derede s\u0131k\u0131ld\u0131m. B\u00fcy\u00fck sularda y\u00fczmek, oralarda ya\u015famak istiyorum. Buradan gidece\u011fim. Uzaklarda neler olup bitti\u011fini \u00f6\u011frenmek istiyorum. Anlad\u0131m ki d\u00fcnya, bu kara kayan\u0131n \u00e7evresindeki dereden \u00e7ok b\u00fcy\u00fck. Burada s\u00fcrekli dola\u015f\u0131p durarak \u00f6m\u00fcr ge\u00e7er mi? \u00d6\u011frenmek istiyorum, g\u00f6rmek istiyorum.\u201d dedi.<\/p>\n","protected":false},"excerpt":{"rendered":"<p>Bal\u0131k Nine, \u00e7evresini saran on bin mini minnac\u0131k bal\u0131\u011fa masal anlat\u0131yordu: Sevgili yavrular\u0131m, bu masal\u0131 can kula\u011f\u0131yla dinleyin. Kula\u011f\u0131n\u0131za k\u00fcpe edin. Evvel zaman i\u00e7inde kalbur saman<span class=\"excerpt-hellip\"> [\u2026]<\/span><\/p>\n","protected":false},"featured_media":0,"template":"","meta":{"_monsterinsights_skip_tracking":false,"_monsterinsights_sitenote_active":false,"_monsterinsights_sitenote_note":"","_monsterinsights_sitenote_category":0},"product_brand":[],"product_cat":[12274,12467],"product_tag":[],"class_list":{"0":"post-699040","1":"product","2":"type-product","3":"status-publish","5":"product_cat-cocuk-ve-genclik-kitaplari","6":"product_cat-dunya-klasikleri","7":"pa_cilt-ciltsiz","8":"pa_tur-kitap","9":"pa_yayinevi-arkadas-yayinlari","10":"pa_yazar-samed-behrengi","12":"first","13":"instock","14":"sale","15":"shipping-taxable","16":"purchasable","17":"product-type-simple"},"_links":{"self":[{"href":"https:\/\/roveyayinevi.com.tr\/index.php\/wp-json\/wp\/v2\/product\/699040","targetHints":{"allow":["GET"]}}],"collection":[{"href":"https:\/\/roveyayinevi.com.tr\/index.php\/wp-json\/wp\/v2\/product"}],"about":[{"href":"https:\/\/roveyayinevi.com.tr\/index.php\/wp-json\/wp\/v2\/types\/product"}],"wp:attachment":[{"href":"https:\/\/roveyayinevi.com.tr\/index.php\/wp-json\/wp\/v2\/media?parent=699040"}],"wp:term":[{"taxonomy":"product_brand","embeddable":true,"href":"https:\/\/roveyayinevi.com.tr\/index.php\/wp-json\/wp\/v2\/product_brand?post=699040"},{"taxonomy":"product_cat","embeddable":true,"href":"https:\/\/roveyayinevi.com.tr\/index.php\/wp-json\/wp\/v2\/product_cat?post=699040"},{"taxonomy":"product_tag","embeddable":true,"href":"https:\/\/roveyayinevi.com.tr\/index.php\/wp-json\/wp\/v2\/product_tag?post=699040"}],"curies":[{"name":"wp","href":"https:\/\/api.w.org\/{rel}","templated":true}]}}