{"id":698981,"date":"2025-08-27T14:48:23","date_gmt":"2025-08-27T11:48:23","guid":{"rendered":"https:\/\/roveyayinevi.com.tr\/index.php\/urun\/guzel-ve-etkili-susma-sanati\/"},"modified":"2026-04-07T02:14:08","modified_gmt":"2026-04-06T23:14:08","slug":"guzel-ve-etkili-susma-sanati","status":"publish","type":"product","link":"https:\/\/roveyayinevi.com.tr\/index.php\/urun\/guzel-ve-etkili-susma-sanati\/","title":{"rendered":"G\u00fczel ve Etkili Susma Sanat\u0131"},"content":{"rendered":"<p>B\u00fclent AKY\u00dcREK\u2019i y\u0131llard\u0131r \u00e7ok satan ve \u00e7ok okunan \u0130\u00c7\u0130N\u0130ZDEK\u0130 \u00d6K\u00dcZE OHA DEY\u0130N, YILGIN T\u00dcRKLER, \u00d6\u011eLEN NAMAZINA NASIL KALKILIR, MAV\u0130 MARMARA R\u0130SALES\u0130 gibi kitaplar\u0131ndan tan\u0131yorsunuz. Son kitab\u0131 da C4K\u0130TAP YAYINLARI\u2019ndan \u00e7\u0131kan yazar, bu kitab\u0131nda y\u00fczy\u0131l\u0131n g\u00fcr\u00fclt\u00fc \u00e7a\u011f\u0131, bo\u015f laf \u00fcretme y\u00fczy\u0131l\u0131 oldu\u011fundan yak\u0131n\u0131p, sosyal medya, sokak filozoflar\u0131n\u0131 topa tutup, edep a\u00e7\u0131s\u0131ndan susman\u0131n hikmetlerinden yine her zamanki sert diliyle bahsediyor. Yine \u00e7ok orijinal, yine ufuk a\u00e7\u0131c\u0131, benzersiz bir B\u00fclent Aky\u00fcrek kitab\u0131yla kar\u015f\u0131 kar\u015f\u0131yas\u0131n\u0131z. <\/p>\n","protected":false},"excerpt":{"rendered":"<p>B\u00fclent AKY\u00dcREK\u2019i y\u0131llard\u0131r \u00e7ok satan ve \u00e7ok okunan \u0130\u00c7\u0130N\u0130ZDEK\u0130 \u00d6K\u00dcZE OHA DEY\u0130N, YILGIN T\u00dcRKLER, \u00d6\u011eLEN NAMAZINA NASIL KALKILIR, MAV\u0130 MARMARA R\u0130SALES\u0130 gibi kitaplar\u0131ndan tan\u0131yorsunuz. Son kitab\u0131<span class=\"excerpt-hellip\"> [\u2026]<\/span><\/p>\n","protected":false},"featured_media":0,"template":"","meta":{"_monsterinsights_skip_tracking":false,"_monsterinsights_sitenote_active":false,"_monsterinsights_sitenote_note":"","_monsterinsights_sitenote_category":0},"product_brand":[],"product_cat":[12364,12376],"product_tag":[],"class_list":{"0":"post-698981","1":"product","2":"type-product","3":"status-publish","5":"product_cat-genel-konular","6":"product_cat-kisisel-gelisim","7":"pa_cilt-ciltsiz","8":"pa_tur-kitap","9":"pa_yayinevi-c4-kitap","10":"pa_yazar-bulent-akyurek","12":"first","13":"instock","14":"sale","15":"shipping-taxable","16":"purchasable","17":"product-type-simple"},"_links":{"self":[{"href":"https:\/\/roveyayinevi.com.tr\/index.php\/wp-json\/wp\/v2\/product\/698981","targetHints":{"allow":["GET"]}}],"collection":[{"href":"https:\/\/roveyayinevi.com.tr\/index.php\/wp-json\/wp\/v2\/product"}],"about":[{"href":"https:\/\/roveyayinevi.com.tr\/index.php\/wp-json\/wp\/v2\/types\/product"}],"wp:attachment":[{"href":"https:\/\/roveyayinevi.com.tr\/index.php\/wp-json\/wp\/v2\/media?parent=698981"}],"wp:term":[{"taxonomy":"product_brand","embeddable":true,"href":"https:\/\/roveyayinevi.com.tr\/index.php\/wp-json\/wp\/v2\/product_brand?post=698981"},{"taxonomy":"product_cat","embeddable":true,"href":"https:\/\/roveyayinevi.com.tr\/index.php\/wp-json\/wp\/v2\/product_cat?post=698981"},{"taxonomy":"product_tag","embeddable":true,"href":"https:\/\/roveyayinevi.com.tr\/index.php\/wp-json\/wp\/v2\/product_tag?post=698981"}],"curies":[{"name":"wp","href":"https:\/\/api.w.org\/{rel}","templated":true}]}}