{"id":698978,"date":"2025-08-27T14:48:23","date_gmt":"2025-08-27T11:48:23","guid":{"rendered":"https:\/\/roveyayinevi.com.tr\/index.php\/urun\/delikli-kitaplar-serisi-donen-tekerlekler\/"},"modified":"2026-04-16T02:08:22","modified_gmt":"2026-04-15T23:08:22","slug":"delikli-kitaplar-serisi-donen-tekerlekler","status":"publish","type":"product","link":"https:\/\/roveyayinevi.com.tr\/index.php\/urun\/delikli-kitaplar-serisi-donen-tekerlekler\/","title":{"rendered":"Delikli Kitaplar Serisi &#8211; D\u00f6nen Tekerlekler"},"content":{"rendered":"<p>Tekerlekler \u00fczerinde giden ta\u015f\u0131tlar\u0131 tan\u0131man\u0131n en e\u011flenceli yolu bu kitab\u0131n sayfalar\u0131n\u0131 \u00e7evirmekten ge\u00e7iyor. Bisikletten tramvaya, buldozerden cipe pek \u00e7ok tekerlekli ta\u015f\u0131t\u0131 keyifle ke\u015ffedin! \ufffc<\/p>\n","protected":false},"excerpt":{"rendered":"<p>Tekerlekler \u00fczerinde giden ta\u015f\u0131tlar\u0131 tan\u0131man\u0131n en e\u011flenceli yolu bu kitab\u0131n sayfalar\u0131n\u0131 \u00e7evirmekten ge\u00e7iyor. Bisikletten tramvaya, buldozerden cipe pek \u00e7ok tekerlekli ta\u015f\u0131t\u0131 keyifle ke\u015ffedin! \ufffc<\/p>\n","protected":false},"featured_media":0,"template":"","meta":{"_monsterinsights_skip_tracking":false,"_monsterinsights_sitenote_active":false,"_monsterinsights_sitenote_note":"","_monsterinsights_sitenote_category":0},"product_brand":[],"product_cat":[12913,12274],"product_tag":[],"class_list":{"0":"post-698978","1":"product","2":"type-product","3":"status-publish","5":"product_cat-3-6-yas-kitaplari","6":"product_cat-cocuk-ve-genclik-kitaplari","7":"pa_cilt-ciltsiz","8":"pa_tur-kitap","9":"pa_yayinevi-potikare-yayincilik","10":"pa_yazar-kolektif","12":"first","13":"instock","14":"sale","15":"shipping-taxable","16":"purchasable","17":"product-type-simple"},"_links":{"self":[{"href":"https:\/\/roveyayinevi.com.tr\/index.php\/wp-json\/wp\/v2\/product\/698978","targetHints":{"allow":["GET"]}}],"collection":[{"href":"https:\/\/roveyayinevi.com.tr\/index.php\/wp-json\/wp\/v2\/product"}],"about":[{"href":"https:\/\/roveyayinevi.com.tr\/index.php\/wp-json\/wp\/v2\/types\/product"}],"wp:attachment":[{"href":"https:\/\/roveyayinevi.com.tr\/index.php\/wp-json\/wp\/v2\/media?parent=698978"}],"wp:term":[{"taxonomy":"product_brand","embeddable":true,"href":"https:\/\/roveyayinevi.com.tr\/index.php\/wp-json\/wp\/v2\/product_brand?post=698978"},{"taxonomy":"product_cat","embeddable":true,"href":"https:\/\/roveyayinevi.com.tr\/index.php\/wp-json\/wp\/v2\/product_cat?post=698978"},{"taxonomy":"product_tag","embeddable":true,"href":"https:\/\/roveyayinevi.com.tr\/index.php\/wp-json\/wp\/v2\/product_tag?post=698978"}],"curies":[{"name":"wp","href":"https:\/\/api.w.org\/{rel}","templated":true}]}}