{"id":698976,"date":"2025-08-27T14:48:22","date_gmt":"2025-08-27T11:48:22","guid":{"rendered":"https:\/\/roveyayinevi.com.tr\/index.php\/urun\/komsular\/"},"modified":"2026-04-16T02:08:22","modified_gmt":"2026-04-15T23:08:22","slug":"komsular","status":"publish","type":"product","link":"https:\/\/roveyayinevi.com.tr\/index.php\/urun\/komsular\/","title":{"rendered":"Kom\u015fular"},"content":{"rendered":"<p>T\u00fcrk edebiyat\u0131n\u0131n unutulmaz \u00f6yk\u00fclerinin yazar\u0131 Tahsin Y\u00fccel bir kez daha birbirinden farkl\u0131 ve ger\u00e7ek karakterlerle \u00e7\u0131k\u0131yor kar\u015f\u0131m\u0131za: Kavgadan uzak durmak istemesine ra\u011fmen her g\u00fcn kom\u015fular\u0131n\u0131n kavgas\u0131n\u0131 dinlemeyi bekleyen, hatta kendini taraf olmaktan alamayan Albay Atmaca, idam edilece\u011fini \u00f6\u011frenen bir mahk\u00fbm, kendine ikinci bir e\u015f arayan bir posta memuru ve yap\u0131tlar\u0131 anla\u015f\u0131lmayan bir yazar.   Tahsin Y\u00fccel bu \u00f6yk\u00fclerinde s\u0131radan insanlar\u0131n hayatlar\u0131ndan sundu\u011fu kesitlerle, bir yandan insanlar\u0131n toplumla kurduklar\u0131 ili\u015fkileri irdelerken di\u011fer yandan da \u00e7at\u0131\u015fma, estetik g\u00fczellik, \u00f6l\u00fcm ve politika gibi kavramlar\u0131n s\u0131radan insanlar\u0131n hayatlar\u0131nda nas\u0131l bir rol oynad\u0131\u011f\u0131n\u0131 b\u00fcy\u00fck bir ustal\u0131kla i\u015fliyor. Kom\u015fular, Tahsin Y\u00fccel\u2019in olgunla\u015fm\u0131\u015f \u00f6yk\u00fcc\u00fcl\u00fc\u011f\u00fcnden nefis \u00f6rnekler sunuyor.   Tahsin Y\u00fccel\u2019in \u201cKom\u015fular\u201d adl\u0131 bir hik\u00e2yesi var. On alt\u0131 sayfal\u0131k bu hik\u00e2yeyi okurken y\u0131llar\u0131n al\u0131\u015fkanl\u0131\u011f\u0131yla, sevdi\u011fim, ilgin\u00e7 buldu\u011fum, usta i\u015fi c\u00fcmlelerin alt\u0131n\u0131 \u00e7iziyordum. Hik\u00e2yeyi bitirip ba\u015ftan sona yeniden bir g\u00f6zden ge\u00e7irince \u015fa\u015f\u0131r\u0131verdim: On alt\u0131 sayfan\u0131n b\u00fct\u00fcn sat\u0131rlar\u0131n\u0131n alt\u0131n\u0131 \u00e7izmi\u015fim. Tahsin Y\u00fccel, g\u00fczel \u015fiirlerin de\u011fi\u015ftirilemez, s\u00f6zc\u00fc\u011f\u00fc yerinden oynat\u0131lamaz bi\u00e7imlerine benzer bir bi\u00e7im yaratm\u0131\u015f. Fethi Naci <\/p>\n","protected":false},"excerpt":{"rendered":"<p>T\u00fcrk edebiyat\u0131n\u0131n unutulmaz \u00f6yk\u00fclerinin yazar\u0131 Tahsin Y\u00fccel bir kez daha birbirinden farkl\u0131 ve ger\u00e7ek karakterlerle \u00e7\u0131k\u0131yor kar\u015f\u0131m\u0131za: Kavgadan uzak durmak istemesine ra\u011fmen her g\u00fcn kom\u015fular\u0131n\u0131n kavgas\u0131n\u0131<span class=\"excerpt-hellip\"> [\u2026]<\/span><\/p>\n","protected":false},"featured_media":0,"template":"","meta":{"_monsterinsights_skip_tracking":false,"_monsterinsights_sitenote_active":false,"_monsterinsights_sitenote_note":"","_monsterinsights_sitenote_category":0},"product_brand":[],"product_cat":[12291,12711],"product_tag":[],"class_list":{"0":"post-698976","1":"product","2":"type-product","3":"status-publish","5":"product_cat-edebiyat","6":"product_cat-roman-oyku","7":"pa_cilt-ciltsiz","8":"pa_tur-kitap","9":"pa_yayinevi-can-yayinlari","10":"pa_yazar-tahsin-yucel","12":"first","13":"instock","14":"sale","15":"shipping-taxable","16":"purchasable","17":"product-type-simple"},"_links":{"self":[{"href":"https:\/\/roveyayinevi.com.tr\/index.php\/wp-json\/wp\/v2\/product\/698976","targetHints":{"allow":["GET"]}}],"collection":[{"href":"https:\/\/roveyayinevi.com.tr\/index.php\/wp-json\/wp\/v2\/product"}],"about":[{"href":"https:\/\/roveyayinevi.com.tr\/index.php\/wp-json\/wp\/v2\/types\/product"}],"wp:attachment":[{"href":"https:\/\/roveyayinevi.com.tr\/index.php\/wp-json\/wp\/v2\/media?parent=698976"}],"wp:term":[{"taxonomy":"product_brand","embeddable":true,"href":"https:\/\/roveyayinevi.com.tr\/index.php\/wp-json\/wp\/v2\/product_brand?post=698976"},{"taxonomy":"product_cat","embeddable":true,"href":"https:\/\/roveyayinevi.com.tr\/index.php\/wp-json\/wp\/v2\/product_cat?post=698976"},{"taxonomy":"product_tag","embeddable":true,"href":"https:\/\/roveyayinevi.com.tr\/index.php\/wp-json\/wp\/v2\/product_tag?post=698976"}],"curies":[{"name":"wp","href":"https:\/\/api.w.org\/{rel}","templated":true}]}}